{"id":8082,"date":"2016-12-14T13:15:43","date_gmt":"2016-12-14T19:15:43","guid":{"rendered":"http:\/\/tonala.gob.mx\/portal\/?page_id=8082"},"modified":"2016-12-14T13:15:43","modified_gmt":"2016-12-14T19:15:43","slug":"delegacion-del-rosario","status":"publish","type":"page","link":"https:\/\/tonala.gob.mx\/portal\/delegacion-del-rosario\/","title":{"rendered":"Delegaci\u00f3n del Rosario"},"content":{"rendered":"<p class=\"p1\" style=\"text-align: justify;\"><span class=\"s1\"><img fetchpriority=\"high\" decoding=\"async\" class=\"size-full wp-image-7816 alignleft\" src=\"https:\/\/tonala.gob.mx\/portal\/wp-content\/uploads\/2015\/10\/Rosario-1.jpg\" alt=\"rosario\" width=\"324\" height=\"216\" srcset=\"https:\/\/tonala.gob.mx\/portal\/wp-content\/uploads\/2015\/10\/Rosario-1.jpg 324w, https:\/\/tonala.gob.mx\/portal\/wp-content\/uploads\/2015\/10\/Rosario-1-300x200.jpg 300w\" sizes=\"(max-width: 324px) 100vw, 324px\" \/>Pueblo lleno de tradici\u00f3n, costumbres y artesan\u00eda, en donde alberga un legado que a pasado de generaci\u00f3n en generaci\u00f3n, a trav\u00e9s de sus manos que transforman hermosas obras de arte en la t\u00e9cnica de BARRO CANELO, tambi\u00e9n conocida como loza de olor. Su nombre viene por sus colores que semejan a la canela al momento de su cocimiento. La delegaci\u00f3n del Rosario es una de las m\u00e1s antiguas de Tonal\u00e1.<\/span><\/p>\n<p class=\"p2\" style=\"text-align: justify;\"><span class=\"s1\">La llamada loza amarilla o Barro Canelo de acuerdo con algunas investigaciones tiene un poco m\u00e1s de 2 siglos de estar realiz\u00e1ndose, sin embargo ha cobrado carta de origen en El Rosario, delegaci\u00f3n de Tonal\u00e1, de igual manera contribuye a una de las t\u00e9cnicas alfareras que ha dado a Tonal\u00e1. <\/span><\/p>\n<p class=\"p2\" style=\"text-align: justify;\"><span class=\"s1\">Recibi\u00f3 su nombre en honor a la Virgen del Rosario, el cual se conoce hasta hoy en d\u00eda con este nombre. Cada a\u00f1o se festeja a nuestra Se\u00f1ora del Rosario, iniciando el 07 de Octubre y culminando el \u00faltimo domingo del mes, donde participa la poblaci\u00f3n en<span class=\"Apple-converted-space\">\u00a0 <\/span>las peregrinaciones durante el novenario.\u00a0<\/span><\/p>\n<p class=\"p2\" style=\"text-align: justify;\"><span class=\"s1\">La construcci\u00f3n de la parroquia de nuestra Se\u00f1ora del Rosario data de 1790, a un costado de la parroquia podemos encontrar una capilla con nichos para instalar cenizas de alg\u00fan fallecido, los cuales son atractivos y patrimonio cultural del rosario y del municipio, ya que podemos encontrar varios murales ubicados en nichos de algunos de los principales artesanos de Tonal\u00e1 con diferentes t\u00e9cnicas artesanales tales como:<\/span><\/p>\n<ul>\n<li class=\"li2\" style=\"text-align: justify;\"><span class=\"s1\">Fernando Jim\u00f3n en Barro Bandera <\/span><\/li>\n<li class=\"li2\" style=\"text-align: justify;\"><span class=\"s1\">Jos\u00e9 Bernabe en Barro Petatillo <\/span><\/li>\n<li class=\"li2\" style=\"text-align: justify;\"><span class=\"s1\">Teresa Dur\u00e1n en Cer\u00e1mica Alta Temperatura<\/span><\/li>\n<li class=\"li2\" style=\"text-align: justify;\"><span class=\"s1\">Juan Antonio Mateos en Barro Bru\u00f1ido<\/span><\/li>\n<li class=\"li2\" style=\"text-align: justify;\"><span class=\"s1\">Jes\u00fas Guerrero Santos en Cer\u00e1mica de Estilo Religioso<\/span><\/li>\n<li class=\"li2\" style=\"text-align: justify;\"><span class=\"s1\">Adri\u00e1n Guerrero<span class=\"Apple-converted-space\">\u00a0 <\/span>en Cer\u00e1mica Contempor\u00e1nea <\/span><\/li>\n<li class=\"li2\" style=\"text-align: justify;\"><span class=\"s1\">Pablo Pajarito en Barro Canelo <\/span><\/li>\n<\/ul>\n","protected":false},"excerpt":{"rendered":"<p>Pueblo lleno de tradici\u00f3n, costumbres y artesan\u00eda, en donde alberga un legado que a pasado de generaci\u00f3n en generaci\u00f3n, a<\/p>\n","protected":false},"author":1,"featured_media":0,"parent":0,"menu_order":0,"comment_status":"closed","ping_status":"closed","template":"","meta":{"colormag_page_container_layout":"default_layout","colormag_page_sidebar_layout":"default_layout","footnotes":""},"class_list":["post-8082","page","type-page","status-publish","hentry"],"_links":{"self":[{"href":"https:\/\/tonala.gob.mx\/portal\/wp-json\/wp\/v2\/pages\/8082","targetHints":{"allow":["GET"]}}],"collection":[{"href":"https:\/\/tonala.gob.mx\/portal\/wp-json\/wp\/v2\/pages"}],"about":[{"href":"https:\/\/tonala.gob.mx\/portal\/wp-json\/wp\/v2\/types\/page"}],"author":[{"embeddable":true,"href":"https:\/\/tonala.gob.mx\/portal\/wp-json\/wp\/v2\/users\/1"}],"replies":[{"embeddable":true,"href":"https:\/\/tonala.gob.mx\/portal\/wp-json\/wp\/v2\/comments?post=8082"}],"version-history":[{"count":1,"href":"https:\/\/tonala.gob.mx\/portal\/wp-json\/wp\/v2\/pages\/8082\/revisions"}],"predecessor-version":[{"id":8084,"href":"https:\/\/tonala.gob.mx\/portal\/wp-json\/wp\/v2\/pages\/8082\/revisions\/8084"}],"wp:attachment":[{"href":"https:\/\/tonala.gob.mx\/portal\/wp-json\/wp\/v2\/media?parent=8082"}],"curies":[{"name":"wp","href":"https:\/\/api.w.org\/{rel}","templated":true}]}}

Delegación del Rosario

<p class="p1" style="text-align: justify;"><span class="s1"><img fetchpriority="high" decoding="async" class="size-full wp-image-7816 alignleft" src="https://tonala.gob.mx/portal/wp-content/uploads/2015/10/Rosario-1.jpg" alt="rosario" width="324" height="216" srcset="https://tonala.gob.mx/portal/wp-content/uploads/2015/10/Rosario-1.jpg 324w, https://tonala.gob.mx/portal/wp-content/uploads/2015/10/Rosario-1-300x200.jpg 300w" sizes="(max-width: 324px) 100vw, 324px" />Pueblo lleno de tradición, costumbres y artesanía, en donde alberga un legado que a pasado de generación en generación, a través de sus manos que transforman hermosas obras de arte en la técnica de BARRO CANELO, también conocida como loza de olor. Su nombre viene por sus colores que semejan a la canela al momento de su cocimiento. La delegación del Rosario es una de las más antiguas de Tonalá.</span></p>
<p class="p2" style="text-align: justify;"><span class="s1">La llamada loza amarilla o Barro Canelo de acuerdo con algunas investigaciones tiene un poco más de 2 siglos de estar realizándose, sin embargo ha cobrado carta de origen en El Rosario, delegación de Tonalá, de igual manera contribuye a una de las técnicas alfareras que ha dado a Tonalá. </span></p>
<p class="p2" style="text-align: justify;"><span class="s1">Recibió su nombre en honor a la Virgen del Rosario, el cual se conoce hasta hoy en día con este nombre. Cada año se festeja a nuestra Señora del Rosario, iniciando el 07 de Octubre y culminando el último domingo del mes, donde participa la población en<span class="Apple-converted-space">  </span>las peregrinaciones durante el novenario. </span></p>
<p class="p2" style="text-align: justify;"><span class="s1">La construcción de la parroquia de nuestra Señora del Rosario data de 1790, a un costado de la parroquia podemos encontrar una capilla con nichos para instalar cenizas de algún fallecido, los cuales son atractivos y patrimonio cultural del rosario y del municipio, ya que podemos encontrar varios murales ubicados en nichos de algunos de los principales artesanos de Tonalá con diferentes técnicas artesanales tales como:</span></p>
<ul>
<li class="li2" style="text-align: justify;"><span class="s1">Fernando Jimón en Barro Bandera </span></li>
<li class="li2" style="text-align: justify;"><span class="s1">José Bernabe en Barro Petatillo </span></li>
<li class="li2" style="text-align: justify;"><span class="s1">Teresa Durán en Cerámica Alta Temperatura</span></li>
<li class="li2" style="text-align: justify;"><span class="s1">Juan Antonio Mateos en Barro Bruñido</span></li>
<li class="li2" style="text-align: justify;"><span class="s1">Jesús Guerrero Santos en Cerámica de Estilo Religioso</span></li>
<li class="li2" style="text-align: justify;"><span class="s1">Adrián Guerrero<span class="Apple-converted-space">  </span>en Cerámica Contemporánea </span></li>
<li class="li2" style="text-align: justify;"><span class="s1">Pablo Pajarito en Barro Canelo </span></li>
</ul>

<p>Pueblo lleno de tradición, costumbres y artesanía, en donde alberga un legado que a pasado de generación en generación, a</p>
