{"id":8060,"date":"2016-12-14T11:58:31","date_gmt":"2016-12-14T17:58:31","guid":{"rendered":"http:\/\/tonala.gob.mx\/portal\/?page_id=8060"},"modified":"2016-12-14T11:58:31","modified_gmt":"2016-12-14T17:58:31","slug":"capilla-de-la-cruz-blanca","status":"publish","type":"page","link":"https:\/\/tonala.gob.mx\/portal\/capilla-de-la-cruz-blanca\/","title":{"rendered":"Capilla de la Cruz Blanca"},"content":{"rendered":"<p style=\"text-align: justify;\"><img fetchpriority=\"high\" decoding=\"async\" class=\"size-full wp-image-2469 alignleft\" src=\"https:\/\/tonala.gob.mx\/portal\/wp-content\/uploads\/2015\/10\/Capilla_Cruz_Blanca.jpg\" alt=\"Capilla_Cruz_Blanca\" width=\"353\" height=\"242\" srcset=\"https:\/\/tonala.gob.mx\/portal\/wp-content\/uploads\/2015\/10\/Capilla_Cruz_Blanca.jpg 353w, https:\/\/tonala.gob.mx\/portal\/wp-content\/uploads\/2015\/10\/Capilla_Cruz_Blanca-300x206.jpg 300w, https:\/\/tonala.gob.mx\/portal\/wp-content\/uploads\/2015\/10\/Capilla_Cruz_Blanca-130x90.jpg 130w\" sizes=\"(max-width: 353px) 100vw, 353px\" \/>Monumento edificado para conmemorar seg\u00fan la tradici\u00f3n hist\u00f3rica, el inicio de la evangelizaci\u00f3n del Valle de Atemajac el 25 de Marzo de 1530 y la celebraci\u00f3n de la primera misa en el Occidente de M\u00e9xico, llamado la Nueva Galicia.<\/p>\n<p style=\"text-align: justify;\">El acontecimiento de esta ceremonia fue tambi\u00e9n para agradecer la intervenci\u00f3n divina en el\u00a0 triunfo de las tropas espa\u00f1olas suscitado entre Nu\u00f1o de Guzm\u00e1n y los ind\u00edgenas naturales. El rito religioso fue oficiado por Fray Miguel de Padilla, Fray Ignacio de la Vega y Fray Francisco de Zamora, esta capilla est\u00e1 ubicada en la calle de Santos Degollado y Cruz Blanca en la parte suroeste de la poblaci\u00f3n.<\/p>\n","protected":false},"excerpt":{"rendered":"<p>Monumento edificado para conmemorar seg\u00fan la tradici\u00f3n hist\u00f3rica, el inicio de la evangelizaci\u00f3n del Valle de Atemajac el 25 de<\/p>\n","protected":false},"author":1,"featured_media":0,"parent":0,"menu_order":0,"comment_status":"closed","ping_status":"closed","template":"","meta":{"colormag_page_container_layout":"default_layout","colormag_page_sidebar_layout":"default_layout","footnotes":""},"class_list":["post-8060","page","type-page","status-publish","hentry"],"_links":{"self":[{"href":"https:\/\/tonala.gob.mx\/portal\/wp-json\/wp\/v2\/pages\/8060","targetHints":{"allow":["GET"]}}],"collection":[{"href":"https:\/\/tonala.gob.mx\/portal\/wp-json\/wp\/v2\/pages"}],"about":[{"href":"https:\/\/tonala.gob.mx\/portal\/wp-json\/wp\/v2\/types\/page"}],"author":[{"embeddable":true,"href":"https:\/\/tonala.gob.mx\/portal\/wp-json\/wp\/v2\/users\/1"}],"replies":[{"embeddable":true,"href":"https:\/\/tonala.gob.mx\/portal\/wp-json\/wp\/v2\/comments?post=8060"}],"version-history":[{"count":1,"href":"https:\/\/tonala.gob.mx\/portal\/wp-json\/wp\/v2\/pages\/8060\/revisions"}],"predecessor-version":[{"id":8061,"href":"https:\/\/tonala.gob.mx\/portal\/wp-json\/wp\/v2\/pages\/8060\/revisions\/8061"}],"wp:attachment":[{"href":"https:\/\/tonala.gob.mx\/portal\/wp-json\/wp\/v2\/media?parent=8060"}],"curies":[{"name":"wp","href":"https:\/\/api.w.org\/{rel}","templated":true}]}}

<p style="text-align: justify;"><img fetchpriority="high" decoding="async" class="size-full wp-image-2469 alignleft" src="https://tonala.gob.mx/portal/wp-content/uploads/2015/10/Capilla_Cruz_Blanca.jpg" alt="Capilla_Cruz_Blanca" width="353" height="242" srcset="https://tonala.gob.mx/portal/wp-content/uploads/2015/10/Capilla_Cruz_Blanca.jpg 353w, https://tonala.gob.mx/portal/wp-content/uploads/2015/10/Capilla_Cruz_Blanca-300x206.jpg 300w, https://tonala.gob.mx/portal/wp-content/uploads/2015/10/Capilla_Cruz_Blanca-130x90.jpg 130w" sizes="(max-width: 353px) 100vw, 353px" />Monumento edificado para conmemorar según la tradición histórica, el inicio de la evangelización del Valle de Atemajac el 25 de Marzo de 1530 y la celebración de la primera misa en el Occidente de México, llamado la Nueva Galicia.</p>
<p style="text-align: justify;">El acontecimiento de esta ceremonia fue también para agradecer la intervención divina en el  triunfo de las tropas españolas suscitado entre Nuño de Guzmán y los indígenas naturales. El rito religioso fue oficiado por Fray Miguel de Padilla, Fray Ignacio de la Vega y Fray Francisco de Zamora, esta capilla está ubicada en la calle de Santos Degollado y Cruz Blanca en la parte suroeste de la población.</p>

<p>Monumento edificado para conmemorar según la tradición histórica, el inicio de la evangelización del Valle de Atemajac el 25 de</p>
