{"id":7860,"date":"2016-12-06T14:29:48","date_gmt":"2016-12-06T20:29:48","guid":{"rendered":"http:\/\/tonala.gob.mx\/portal\/?page_id=7860"},"modified":"2016-12-14T11:55:44","modified_gmt":"2016-12-14T17:55:44","slug":"palacio-municipal","status":"publish","type":"page","link":"https:\/\/tonala.gob.mx\/portal\/palacio-municipal\/","title":{"rendered":"Palacio Municipal"},"content":{"rendered":"<p style=\"text-align: justify;\"><img fetchpriority=\"high\" decoding=\"async\" class=\"wp-image-7812 size-medium alignleft\" src=\"https:\/\/tonala.gob.mx\/portal\/wp-content\/uploads\/2015\/10\/Presidencia-300x200.jpg\" alt=\"presidencia\" width=\"300\" height=\"200\" srcset=\"https:\/\/tonala.gob.mx\/portal\/wp-content\/uploads\/2015\/10\/Presidencia-300x200.jpg 300w, https:\/\/tonala.gob.mx\/portal\/wp-content\/uploads\/2015\/10\/Presidencia.jpg 324w\" sizes=\"(max-width: 300px) 100vw, 300px\" \/>Palacio Municipal data del siglo XIX; a trav\u00e9s del tiempo ha tenido 4 remodelaciones, siendo la \u00faltima durante la administraci\u00f3n 1992- 1995, con la construcci\u00f3n de los portales de la entrada a Palacio.<\/p>\n<p style=\"text-align: justify;\">Cuenta con\u00a0 murales realizados por diferentes artesanos de Tonal\u00e1:<\/p>\n<p style=\"text-align: justify;\"><img decoding=\"async\" class=\"wp-image-7861 size-medium alignright\" src=\"https:\/\/tonala.gob.mx\/portal\/wp-content\/uploads\/2016\/12\/Palacio-300x200.jpg\" alt=\"palacio\" width=\"300\" height=\"200\" srcset=\"https:\/\/tonala.gob.mx\/portal\/wp-content\/uploads\/2016\/12\/Palacio-300x200.jpg 300w, https:\/\/tonala.gob.mx\/portal\/wp-content\/uploads\/2016\/12\/Palacio.jpg 324w\" sizes=\"(max-width: 300px) 100vw, 300px\" \/>Escaleras:<\/p>\n<ul style=\"text-align: justify;\">\n<li>Don\u00a0 Salvador V\u00e1zquez Carmona en la t\u00e9cnica de barro bru\u00f1ido.<\/li>\n<li>Teresa Duran con la t\u00e9cnica de Cer\u00e1mica Alta Temperatura, donde muestra la bienvenida de la Reina Cihualpilli hacia los espa\u00f1oles.<\/li>\n<li>Maestro Luis Cortez, donde muestra la fiesta de Santiago Ap\u00f3stol con la Danza de Tastoanes.<\/li>\n<li>Maestro Alejandro Luna pintado en acr\u00edlico, donde nos muestra la lucha de los ind\u00edgenas Tonaltecas y los espa\u00f1oles comandados por Pedro Nu\u00f1o de Guzm\u00e1n<\/li>\n<li>Maestro Ger\u00f3nimo Ramos, en la t\u00e9cnica de Barro Petatillo, en este mural muestra el \u00e1guila devorando una serpiente s\u00edmbolo de nuestro escudo nacional, as\u00ed como la fiesta de los Tastoanes.<\/li>\n<li>Maestro Fernando Jim\u00f3n Melchor, en la t\u00e9cnica de barro Bandera, en donde nos muestra el s\u00edmbolo de la Santa Cruz y la evangelizaci\u00f3n del pueblo de Tonallan por los franciscanos.<\/li>\n<\/ul>\n<p style=\"text-align: justify;\">Pasillo Superior:<\/p>\n<ul style=\"text-align: justify;\">\n<li style=\"text-align: justify;\">Maestro Pablo Pajarito en la t\u00e9cnica de Barro Canelo, donde nos muestra la riqueza cultural y natural del pueblo del Rosario delegaci\u00f3n de Tonal\u00e1.<\/li>\n<li style=\"text-align: justify;\">Maestro Gerardo Ortega L\u00f3pez, en la t\u00e9cnica de Barro Betus,\u00a0 donde plasma las principales tradiciones culturales, religiosas y gastron\u00f3micas del pueblo de Santa Cruz de las Huertas.<\/li>\n<li style=\"text-align: justify;\">Don Felipe Torres y Francisco Basulto contribuyeron en el \u00e1rea de las oficinas del Presidente municipal donde encontramos 2 murales.\n<ul>\n<li style=\"text-align: justify;\">El primero nos muestra la llegada de los espa\u00f1oles y el recibimiento que les dio la Reina Cihualpilli en 1530 con obsequios y comida, por un lado, y por el otro la lucha\u00a0 de los ind\u00edgenas al sometimiento de los espa\u00f1oles en el Cerro del Ombligo, conocido hoy en d\u00eda como Cerro de la Reina.<\/li>\n<li style=\"text-align: justify;\">El segundo mural nos muestra el florecimiento de la artesan\u00eda y como ha pasado de\u00a0 generaci\u00f3n en generaci\u00f3n.<\/li>\n<\/ul>\n<\/li>\n<\/ul>\n<p style=\"text-align: justify;\">Mural del Patio Miguel Hidalgo:<\/p>\n<p style=\"text-align: justify;\"><img decoding=\"async\" class=\"alignleft wp-image-7862 size-medium\" src=\"https:\/\/tonala.gob.mx\/portal\/wp-content\/uploads\/2016\/12\/Mural_2-300x200.jpg\" alt=\"mural_2\" width=\"300\" height=\"200\" srcset=\"https:\/\/tonala.gob.mx\/portal\/wp-content\/uploads\/2016\/12\/Mural_2-300x200.jpg 300w, https:\/\/tonala.gob.mx\/portal\/wp-content\/uploads\/2016\/12\/Mural_2.jpg 324w\" sizes=\"(max-width: 300px) 100vw, 300px\" \/>Ubicado en la parte superior del patio, en sus cuatro paredes donde cada pared representa un elemento: el agua, tierra, fuego, aire. Cada pared expresa parte de la historia y lugares distintivos de Tonal\u00e1 a trav\u00e9s del tiempo.<\/p>\n<p>&nbsp;<\/p>\n","protected":false},"excerpt":{"rendered":"<p>Palacio Municipal data del siglo XIX; a trav\u00e9s del tiempo ha tenido 4 remodelaciones, siendo la \u00faltima durante la administraci\u00f3n<\/p>\n","protected":false},"author":1,"featured_media":0,"parent":0,"menu_order":0,"comment_status":"closed","ping_status":"closed","template":"","meta":{"colormag_page_container_layout":"default_layout","colormag_page_sidebar_layout":"default_layout","footnotes":""},"class_list":["post-7860","page","type-page","status-publish","hentry"],"_links":{"self":[{"href":"https:\/\/tonala.gob.mx\/portal\/wp-json\/wp\/v2\/pages\/7860","targetHints":{"allow":["GET"]}}],"collection":[{"href":"https:\/\/tonala.gob.mx\/portal\/wp-json\/wp\/v2\/pages"}],"about":[{"href":"https:\/\/tonala.gob.mx\/portal\/wp-json\/wp\/v2\/types\/page"}],"author":[{"embeddable":true,"href":"https:\/\/tonala.gob.mx\/portal\/wp-json\/wp\/v2\/users\/1"}],"replies":[{"embeddable":true,"href":"https:\/\/tonala.gob.mx\/portal\/wp-json\/wp\/v2\/comments?post=7860"}],"version-history":[{"count":2,"href":"https:\/\/tonala.gob.mx\/portal\/wp-json\/wp\/v2\/pages\/7860\/revisions"}],"predecessor-version":[{"id":8058,"href":"https:\/\/tonala.gob.mx\/portal\/wp-json\/wp\/v2\/pages\/7860\/revisions\/8058"}],"wp:attachment":[{"href":"https:\/\/tonala.gob.mx\/portal\/wp-json\/wp\/v2\/media?parent=7860"}],"curies":[{"name":"wp","href":"https:\/\/api.w.org\/{rel}","templated":true}]}}

<p style="text-align: justify;"><img fetchpriority="high" decoding="async" class="wp-image-7812 size-medium alignleft" src="https://tonala.gob.mx/portal/wp-content/uploads/2015/10/Presidencia-300x200.jpg" alt="presidencia" width="300" height="200" srcset="https://tonala.gob.mx/portal/wp-content/uploads/2015/10/Presidencia-300x200.jpg 300w, https://tonala.gob.mx/portal/wp-content/uploads/2015/10/Presidencia.jpg 324w" sizes="(max-width: 300px) 100vw, 300px" />Palacio Municipal data del siglo XIX; a través del tiempo ha tenido 4 remodelaciones, siendo la última durante la administración 1992- 1995, con la construcción de los portales de la entrada a Palacio.</p>
<p style="text-align: justify;">Cuenta con  murales realizados por diferentes artesanos de Tonalá:</p>
<p style="text-align: justify;"><img decoding="async" class="wp-image-7861 size-medium alignright" src="https://tonala.gob.mx/portal/wp-content/uploads/2016/12/Palacio-300x200.jpg" alt="palacio" width="300" height="200" srcset="https://tonala.gob.mx/portal/wp-content/uploads/2016/12/Palacio-300x200.jpg 300w, https://tonala.gob.mx/portal/wp-content/uploads/2016/12/Palacio.jpg 324w" sizes="(max-width: 300px) 100vw, 300px" />Escaleras:</p>
<ul style="text-align: justify;">
<li>Don  Salvador Vázquez Carmona en la técnica de barro bruñido.</li>
<li>Teresa Duran con la técnica de Cerámica Alta Temperatura, donde muestra la bienvenida de la Reina Cihualpilli hacia los españoles.</li>
<li>Maestro Luis Cortez, donde muestra la fiesta de Santiago Apóstol con la Danza de Tastoanes.</li>
<li>Maestro Alejandro Luna pintado en acrílico, donde nos muestra la lucha de los indígenas Tonaltecas y los españoles comandados por Pedro Nuño de Guzmán</li>
<li>Maestro Gerónimo Ramos, en la técnica de Barro Petatillo, en este mural muestra el águila devorando una serpiente símbolo de nuestro escudo nacional, así como la fiesta de los Tastoanes.</li>
<li>Maestro Fernando Jimón Melchor, en la técnica de barro Bandera, en donde nos muestra el símbolo de la Santa Cruz y la evangelización del pueblo de Tonallan por los franciscanos.</li>
</ul>
<p style="text-align: justify;">Pasillo Superior:</p>
<ul style="text-align: justify;">
<li style="text-align: justify;">Maestro Pablo Pajarito en la técnica de Barro Canelo, donde nos muestra la riqueza cultural y natural del pueblo del Rosario delegación de Tonalá.</li>
<li style="text-align: justify;">Maestro Gerardo Ortega López, en la técnica de Barro Betus,  donde plasma las principales tradiciones culturales, religiosas y gastronómicas del pueblo de Santa Cruz de las Huertas.</li>
<li style="text-align: justify;">Don Felipe Torres y Francisco Basulto contribuyeron en el área de las oficinas del Presidente municipal donde encontramos 2 murales.
<ul>
<li style="text-align: justify;">El primero nos muestra la llegada de los españoles y el recibimiento que les dio la Reina Cihualpilli en 1530 con obsequios y comida, por un lado, y por el otro la lucha  de los indígenas al sometimiento de los españoles en el Cerro del Ombligo, conocido hoy en día como Cerro de la Reina.</li>
<li style="text-align: justify;">El segundo mural nos muestra el florecimiento de la artesanía y como ha pasado de  generación en generación.</li>
</ul>
</li>
</ul>
<p style="text-align: justify;">Mural del Patio Miguel Hidalgo:</p>
<p style="text-align: justify;"><img decoding="async" class="alignleft wp-image-7862 size-medium" src="https://tonala.gob.mx/portal/wp-content/uploads/2016/12/Mural_2-300x200.jpg" alt="mural_2" width="300" height="200" srcset="https://tonala.gob.mx/portal/wp-content/uploads/2016/12/Mural_2-300x200.jpg 300w, https://tonala.gob.mx/portal/wp-content/uploads/2016/12/Mural_2.jpg 324w" sizes="(max-width: 300px) 100vw, 300px" />Ubicado en la parte superior del patio, en sus cuatro paredes donde cada pared representa un elemento: el agua, tierra, fuego, aire. Cada pared expresa parte de la historia y lugares distintivos de Tonalá a través del tiempo.</p>
<p>&nbsp;</p>

<p>Palacio Municipal data del siglo XIX; a través del tiempo ha tenido 4 remodelaciones, siendo la última durante la administración</p>
