{"id":5887,"date":"2016-10-09T02:39:13","date_gmt":"2016-10-09T02:39:13","guid":{"rendered":"http:\/\/tonala.gob.mx\/portal\/?page_id=5887"},"modified":"2018-06-25T10:57:15","modified_gmt":"2018-06-25T16:57:15","slug":"asuntos-de-la-ninez","status":"publish","type":"page","link":"https:\/\/tonala.gob.mx\/portal\/asuntos-de-la-ninez\/","title":{"rendered":"Asuntos de la Ni\u00f1ez"},"content":{"rendered":"<p><strong><a href=\"https:\/\/tonala.gob.mx\/portal\/wp-content\/uploads\/2016\/10\/Comision-Asuntos-de-la-ni\u00f1ez.pdf\">Plan de Trabajo Asuntos de la Ni\u00f1ez<\/a>\u00a02016-2018<\/strong><\/p>\n<p><strong>[expand title=\u00bbComisi\u00f3n Asuntos de la Ni\u00f1ez 13 Octubre 2015&#8243;]<\/strong><\/p>\n<p><a href=\"https:\/\/tonala.gob.mx\/portal\/wp-content\/uploads\/2017\/03\/COMISION-EDILICIA-ASUNTOS-DE-LA-NI\u00d1EZ-13-DE-OCTUBRE-2015.pdf\">Minuta Comisi\u00f3n Asuntos de la Ni\u00f1ez 13 Octubre 2015<\/a><\/p>\n<p>[\/expand]<\/p>\n<p><strong>[expand title=\u00bbComisi\u00f3n Asuntos de la Ni\u00f1ez\u00a0Noviembre 2015&#8243;]<\/strong><\/p>\n<p><a href=\"https:\/\/tonala.gob.mx\/portal\/wp-content\/uploads\/2016\/10\/No-se-realizaron-sesiones-este-mes.pdf\">Comisi\u00f3n Asuntos de la Ni\u00f1ez Noviembre 2015<\/a><\/p>\n<p><a href=\"https:\/\/tonala.gob.mx\/portal\/wp-content\/uploads\/2017\/01\/Asuntos_Ni\u00f1ez_Noviembre_2015.pdf\">Comisi\u00f3n Asuntos de la Ni\u00f1ez Noviembre 2015a<\/a><\/p>\n<p>[\/expand]<\/p>\n<p><strong>[expand title=\u00bbComisi\u00f3n Asuntos de la Ni\u00f1ez\u00a0Diciembre 2015&#8243;]<\/strong><\/p>\n<p><a href=\"https:\/\/tonala.gob.mx\/portal\/wp-content\/uploads\/2016\/10\/No-se-realizaron-sesiones-este-mes.pdf\">Comisi\u00f3n Asuntos de la Ni\u00f1ez\u00a0Diciembre 2015<\/a><\/p>\n<p><a href=\"https:\/\/tonala.gob.mx\/portal\/wp-content\/uploads\/2017\/01\/Asuntos_Ni\u00f1ez_Diciembre_2015.pdf\">Comisi\u00f3n Asuntos de la Ni\u00f1ez Diciembre 2015a<\/a><\/p>\n<p>[\/expand]<\/p>\n<p><strong>A\u00f1o 2016<\/strong><\/p>\n<p><strong>[expand title=\u00bbComisi\u00f3n Asuntos de la Ni\u00f1ez 21 Enero 2016&#8243;]<\/strong><\/p>\n<p><a href=\"https:\/\/tonala.gob.mx\/portal\/wp-content\/uploads\/2017\/05\/Minuta-Comisi\u00f3n-Asuntos-de-la-Ni\u00f1ez-21-Enero-2016.pdf\">Minuta Comisi\u00f3n Asuntos de la Ni\u00f1ez 21 Enero 2016<\/a><\/p>\n<p><a href=\"https:\/\/tonala.gob.mx\/portal\/wp-content\/uploads\/2017\/01\/ASUNTOS-DE-LA-NI\u00d1EZ-ENERO-21-2016.docx\">Comisi\u00f3n Asuntos de la Ni\u00f1ez 21 Enero 2016 (Versi\u00f3n Estenogr\u00e1fica)<\/a><\/p>\n<p>[\/expand]<\/p>\n<p><strong>[expand title=\u00bbComisi\u00f3n Asuntos de la Ni\u00f1ez 22 Febrero 2016&#8243;]<\/strong><\/p>\n<p><a href=\"https:\/\/tonala.gob.mx\/portal\/wp-content\/uploads\/2017\/05\/Minuta-Comision-Asuntos-de-la-Ni\u00f1ez-22-de-Febrero-2016.pdf\">Minuta Comisi\u00f3n Asuntos de la Ni\u00f1ez 22 Febrero 2016<\/a><\/p>\n<p><a href=\"https:\/\/tonala.gob.mx\/portal\/wp-content\/uploads\/2017\/01\/ASUNTOS-DE-LA-NI\u00d1EZ-FEBRERO-22-2016.docx\">Comisi\u00f3n Asuntos de la Ni\u00f1ez 22 Febrero 2016 (Versi\u00f3n Estenogr\u00e1fica)<\/a><\/p>\n<p>[\/expand]<\/p>\n<p><strong>[expand title=\u00bbComisi\u00f3n Asuntos de la Ni\u00f1ez 21 Marzo 2016&#8243;]<\/strong><\/p>\n<p><a href=\"https:\/\/tonala.gob.mx\/portal\/wp-content\/uploads\/2017\/05\/Minuta-Comisi\u00f3n-Asuntos-de-la-Ni\u00f1ez-21-de-Marzo-2016.pdf\">Minuta Comisi\u00f3n Asuntos de la Ni\u00f1ez 21 Marzo 2016<\/a><\/p>\n<p><a href=\"https:\/\/tonala.gob.mx\/portal\/wp-content\/uploads\/2017\/01\/ASUNTOS-DE-LA-NI\u00d1EZ-MARZO-21-2016.docx\">Comisi\u00f3n Asuntos de la Ni\u00f1ez 21 Marzo 2016 (Versi\u00f3n Estenogr\u00e1fica)<\/a><\/p>\n<p>[\/expand]<\/p>\n<p><strong>[expand title=\u00bbComisi\u00f3n Asuntos de la Ni\u00f1ez 18 Abril 2016&#8243;]<\/strong><\/p>\n<p><a href=\"https:\/\/tonala.gob.mx\/portal\/wp-content\/uploads\/2017\/03\/COMISION-EDILICIA-ASUNTOS-DE-LA-NI\u00d1EZ-18-DE-ABRIL-2016.pdf\">Minuta Comisi\u00f3n Asuntos de la Ni\u00f1ez 18 Abril 2016<\/a><\/p>\n<p>[\/expand]<\/p>\n<p><strong>[expand title=\u00bbComisi\u00f3n Asuntos de la Ni\u00f1ez\u00a0Mayo 2016&#8243;]<\/strong><\/p>\n<p><a href=\"https:\/\/tonala.gob.mx\/portal\/wp-content\/uploads\/2016\/10\/No-se-realizaron-sesiones-este-mes.pdf\">Comisi\u00f3n Asuntos de la Ni\u00f1ez\u00a0Mayo 2016<\/a><\/p>\n<p>[\/expand]<\/p>\n<p><strong>[expand title=\u00bbComisi\u00f3n Asuntos de la Ni\u00f1ez 20 Junio 2016&#8243;]<\/strong><\/p>\n<p><a href=\"https:\/\/tonala.gob.mx\/portal\/wp-content\/uploads\/2017\/03\/COMISION-EDILICIA-ASUNTOS-DE-LA-NI\u00d1EZ-20-DE-JUNIO-2016.pdf\">Minuta Comisi\u00f3n Asuntos de la Ni\u00f1ez 20 Junio 2016<\/a><\/p>\n<p>[\/expand]<\/p>\n<p><strong>[expand title=\u00bbComisi\u00f3n Asuntos de la Ni\u00f1ez\u00a0Julio 2016&#8243;]<\/strong><\/p>\n<p><a href=\"https:\/\/tonala.gob.mx\/portal\/wp-content\/uploads\/2016\/10\/No-se-realizaron-sesiones-este-mes.pdf\">Comisi\u00f3n Asuntos de la Ni\u00f1ez\u00a0Julio 2016<\/a><\/p>\n<p>[\/expand]<\/p>\n<p><strong>[expand title=\u00bbComisi\u00f3n Asuntos de la Ni\u00f1ez 03 Agosto 2016&#8243;]<\/strong><\/p>\n<p><a href=\"https:\/\/tonala.gob.mx\/portal\/wp-content\/uploads\/2017\/03\/COMISION-EDILICIA-ASUNTOS-DE-LA-NI\u00d1EZ-03-DE-AGOSTO-2016.pdf\">Minuta Comisi\u00f3n Asuntos de la Ni\u00f1ez 03 Agosto 2016<\/a><\/p>\n<p>[\/expand]<\/p>\n<p><strong>[expand title=\u00bbComisi\u00f3n Asuntos de la Ni\u00f1ez\u00a0Septiembre 2016&#8243;]<\/strong><\/p>\n<p><a href=\"https:\/\/tonala.gob.mx\/portal\/wp-content\/uploads\/2016\/10\/No-se-realizaron-sesiones-este-mes.pdf\">Comisi\u00f3n Asuntos de la Ni\u00f1ez\u00a0Septiembre 2016<\/a><\/p>\n<p>[\/expand]<\/p>\n<p><strong>[expand title=\u00bbSesi\u00f3n Conjunta Comisi\u00f3n Reglamentos y Asuntos de la Ni\u00f1ez 30 Noviembre 2016&#8243;]<\/strong><\/p>\n<p><a href=\"https:\/\/tonala.gob.mx\/portal\/wp-content\/uploads\/2017\/02\/Minuta-Sesi\u00f3n-Conjunta-Comisi\u00f3nes-Edilicias-de-Reglamentos-y-Asuntos-de-la-Ni\u00f1ez.pdf\">Sesi\u00f3n Conjunta Comisi\u00f3n Reglamentos y Asuntos de la Ni\u00f1ez 30 Noviembre 2016<\/a><\/p>\n<p><a href=\"https:\/\/tonala.gob.mx\/portal\/wp-content\/uploads\/2017\/02\/Orden-del-D\u00eda-Sesi\u00f3n-Conjunta-de-Comisiones-Edilicia-Reglamentos-y-Asuntos-de-la-Ni\u00f1ez.pdf\">O.D. Sesi\u00f3n Conjunta Comisi\u00f3n Reglamentos y Asuntos de la Ni\u00f1ez 30 Noviembre 2016<\/a><\/p>\n<p><a href=\"https:\/\/tonala.gob.mx\/portal\/wp-content\/uploads\/2017\/02\/Lista-de-Asistencia-Sesi\u00f3n-Conjunta-Comisi\u00f3nes-Edilicias-de-Reglamentos-y-Asuntos-de-la-Ni\u00f1ez.pdf\">Asistencia Sesi\u00f3n Conjunta Comisi\u00f3n Reglamentos y Asuntos de la Ni\u00f1ez 30 Noviembre 2016<\/a><\/p>\n<p>[\/expand]<\/p>\n<p><strong>[expand title=\u00bbComisi\u00f3n Asuntos de la Ni\u00f1ez Diciembre 2016&#8243;]<\/strong><\/p>\n<p><a href=\"https:\/\/tonala.gob.mx\/portal\/wp-content\/uploads\/2017\/01\/Asuntos_Ni\u00f1ez_Diciembre_2016_opt.pdf\">Comisi\u00f3n Asuntos de la Ni\u00f1ez Diciembre 2016a<\/a><\/p>\n<p>[\/expand]<\/p>\n<p><strong>2017<\/strong><\/p>\n<p><strong>[expand title=\u00bbComisi\u00f3n Asuntos de la Ni\u00f1ez 18 Enero 2017&#8243;]<\/strong><\/p>\n<p><a href=\"https:\/\/tonala.gob.mx\/portal\/wp-content\/uploads\/2017\/03\/COMISION-EDILICIA-ASUNTOS-DE-LA-NI\u00d1EZ-13-ENERO-2017.pdf\">Minuta Comisi\u00f3n Asuntos de la Ni\u00f1ez 18 Enero \u00a02017<\/a><\/p>\n<p>[\/expand]<\/p>\n<p><strong>[expand title=\u00bbComisi\u00f3n Asuntos de la Ni\u00f1ez 21 Febrero 2017&#8243;]<\/strong><\/p>\n<p><a href=\"https:\/\/tonala.gob.mx\/portal\/wp-content\/uploads\/2017\/03\/COMISION-EDILICIA-ASUNTOS-DE-LA-NI\u00d1EZ-21-FEBRERO-2017.pdf\">Minuta Comisi\u00f3n Asuntos de la Ni\u00f1ez 21 Febrero 2017<\/a><\/p>\n<p>[\/expand]<\/p>\n<p><strong>[expand title=\u00bbComisi\u00f3n Asuntos de la Ni\u00f1ez 31 Marzo 2017&#8243;]<\/strong><\/p>\n<p><a href=\"https:\/\/tonala.gob.mx\/portal\/wp-content\/uploads\/2017\/07\/Minuta-Comisi\u00f3n-Asuntos-de-la-Ni\u00f1ez-31-Marzo-2017.pdf\">Minuta Comisi\u00f3n Asuntos de la Ni\u00f1ez 31 Marzo 2017<\/a><\/p>\n<p>[\/expand]<\/p>\n<p><strong>[expand title=\u00bbComisi\u00f3n Asuntos de la Ni\u00f1ez 28 Abril 2017&#8243;]<\/strong><\/p>\n<p><a href=\"https:\/\/tonala.gob.mx\/portal\/wp-content\/uploads\/2017\/08\/Minuta-Comisi\u00f3n-Asuntos-de-la-Ni\u00f1ez-28-Abril-2017.docx\">Minuta Comisi\u00f3n Asuntos de la Ni\u00f1ez 28 Abril 2017 (Versi\u00f3n Estenogr\u00e1fica)<\/a><\/p>\n<p>[\/expand]<\/p>\n<p><strong>[expand title=\u00bbComisi\u00f3n Asuntos de la Ni\u00f1ez 30 Mayo 2017&#8243;]<\/strong><\/p>\n<p><a href=\"https:\/\/tonala.gob.mx\/portal\/wp-content\/uploads\/2017\/07\/Minuta-Comisi\u00f3n-Asuntos-de-la-Ni\u00f1ez-30-Mayo-2017.pdf\">Minuta Comisi\u00f3n Asuntos de la Ni\u00f1ez 30 Mayo 2017<\/a><\/p>\n<p>[\/expand]<\/p>\n<p><strong>[expand title=\u00bbComisi\u00f3n Asuntos de la Ni\u00f1ez 28 Junio 2017&#8243;]<\/strong><\/p>\n<p><a href=\"https:\/\/tonala.gob.mx\/portal\/wp-content\/uploads\/2017\/09\/Minuta-Comisi\u00f3n-Fomento-Deportivo-28-Junio-2017.pdf\">Minuta Comisi\u00f3n Asuntos de la Ni\u00f1ez 28 Junio 2017\u00a0<\/a><\/p>\n<p>[\/expand]<\/p>\n<p><strong>[expand title=\u00bbComisi\u00f3n Asuntos de la Ni\u00f1ez 28 Julio 2017&#8243;]<\/strong><\/p>\n<p><a href=\"https:\/\/tonala.gob.mx\/portal\/wp-content\/uploads\/2017\/10\/Minuta-Comisi\u00f3n-Asuntos-de-la-Ni\u00f1ez-28-Julio-2017.pdf\">Minuta Comisi\u00f3n Asuntos de la Ni\u00f1ez 28 Julio 2017<\/a><\/p>\n<p>[\/expand]<\/p>\n<p><strong>[expand title=\u00bbComisi\u00f3n Asuntos de la Ni\u00f1ez 28 Agosto 2017&#8243;]<\/strong><\/p>\n<p><a href=\"https:\/\/tonala.gob.mx\/portal\/wp-content\/uploads\/2017\/10\/Minuta-Comisi\u00f3n-Asuntos-de-la-Ni\u00f1ez-28-Agosto-2017.pdf\">Minuta Comisi\u00f3n Asuntos de la Ni\u00f1ez 28 Agosto 2017<\/a><\/p>\n<p>[\/expand]<\/p>\n<p><strong>[expand title=\u00bbComisi\u00f3n Asuntos de la Ni\u00f1ez 28 Septiembre 2017&#8243;]<\/strong><\/p>\n<p><a href=\"https:\/\/tonala.gob.mx\/portal\/wp-content\/uploads\/2017\/10\/Minuta-Comisi\u00f3n-Asuntos-de-la-Ni\u00f1ez-28-Septiembre-2017.pdf\">Minuta Comisi\u00f3n Asuntos de la Ni\u00f1ez 28 Septiembre 2017<\/a><\/p>\n<p>[\/expand]<\/p>\n<p><strong>[expand title=\u00bbComisi\u00f3n Asuntos de la Ni\u00f1ez Octubre 2017&#8243;]<\/strong><\/p>\n<p>[\/expand]<\/p>\n<p><strong>[expand title=\u00bbComisi\u00f3n Asuntos de la Ni\u00f1ez Noviembre 2017&#8243;]<\/strong><\/p>\n<p>[\/expand]<\/p>\n<p><strong>[expand title=\u00bbComisi\u00f3n Asuntos de la Ni\u00f1ez 20 Diciembre 2017&#8243;]<\/strong><\/p>\n<p><a href=\"https:\/\/tonala.gob.mx\/portal\/wp-content\/uploads\/2018\/02\/Minuta-Comisi\u00f3n-Asuntos-de-la-Ni\u00f1ez-20-Diciembre-2017.pdf\">Minuta Comisi\u00f3n Asuntos de la Ni\u00f1ez 20 Diciembre 2017<\/a><\/p>\n<p>[\/expand]<\/p>\n<p><strong>2018<\/strong><\/p>\n<p><strong>[expand title=\u00bbComisi\u00f3n Asuntos de la Ni\u00f1ez 29 Enero 2018&#8243;]<\/strong><\/p>\n<p><a href=\"https:\/\/tonala.gob.mx\/portal\/wp-content\/uploads\/2018\/06\/Minuta-Comisi\u00f3n-Asuntos-de-la-Ni\u00f1ez-29-Enero-2018.pdf\">Minuta Comisi\u00f3n Asuntos de la Ni\u00f1ez 29 Enero 2018<\/a><\/p>\n<p>[\/expand]<\/p>\n<p><strong>[expand title=\u00bbComisi\u00f3n Asuntos de la Ni\u00f1ez 28 Febrero 2018&#8243;]<\/strong><\/p>\n<p><a href=\"https:\/\/tonala.gob.mx\/portal\/wp-content\/uploads\/2018\/06\/Minuta-Comisi\u00f3n-Asuntos-de-la-Ni\u00f1ez-28-Febrero-2018.pdf\">Minuta Comisi\u00f3n Asuntos de la Ni\u00f1ez 28 Febrero 2018<\/a><\/p>\n<p>[\/expand]<\/p>\n<p><strong>[expand title=\u00bbComisi\u00f3n Asuntos de la Ni\u00f1ez 23 Marzo 2018&#8243;]<\/strong><\/p>\n<p><a href=\"https:\/\/tonala.gob.mx\/portal\/wp-content\/uploads\/2018\/06\/Minuta-Comisi\u00f3n-Asuntos-de-la-Ni\u00f1ez-23-Marzo-2018.pdf\">Minuta Comisi\u00f3n Asuntos de la Ni\u00f1ez 23 Marzo 2018<\/a><\/p>\n<p>[\/expand]<\/p>\n<p><strong>[expand title=\u00bbComisi\u00f3n Asuntos de la Ni\u00f1ez 23 Abril 2018&#8243;]<\/strong><\/p>\n<p><a href=\"https:\/\/tonala.gob.mx\/portal\/wp-content\/uploads\/2018\/06\/Minuta-Comisi\u00f3n-Asuntos-de-la-Ni\u00f1ez-23-Abril-2018-Versi\u00f3n-Estenogr\u00e1fica.pdf\">Minuta Comisi\u00f3n Asuntos de la Ni\u00f1ez 23 Abril 2018 Versi\u00f3n Estenogr\u00e1fica<\/a><\/p>\n<p>[\/expand]<\/p>\n<p><strong>[expand title=\u00bbComisi\u00f3n Asuntos de la Ni\u00f1ez 31 Mayo 2018&#8243;]<\/strong><\/p>\n<p><a href=\"https:\/\/tonala.gob.mx\/portal\/wp-content\/uploads\/2018\/06\/Minuta-Comisi\u00f3n-Asuntos-de-la-Ni\u00f1ez-31-Mayo-2018-Versi\u00f3n-Estenogr\u00e1fica.pdf\">Minuta Comisi\u00f3n Asuntos de la Ni\u00f1ez 31 Mayo 2018 Versi\u00f3n Estenogr\u00e1fica<\/a><\/p>\n<p>[\/expand]<\/p>\n<p><strong>[expand title=\u00bbComisi\u00f3n Asuntos de la Ni\u00f1ez Junio 2018&#8243;]<\/strong><\/p>\n<p>[\/expand]<\/p>\n<p><strong>[expand title=\u00bbComisi\u00f3n Asuntos de la Ni\u00f1ez Julio 2018&#8243;]<\/strong><\/p>\n<p>[\/expand]<\/p>\n<p><strong>[expand title=\u00bbComisi\u00f3n Asuntos de la Ni\u00f1ez Agosto 2018&#8243;]<\/strong><\/p>\n<p>[\/expand]<\/p>\n<p><strong>[expand title=\u00bbComisi\u00f3n Asuntos de la Ni\u00f1ez Septiembre 2018&#8243;]<\/strong><\/p>\n<p>[\/expand]<\/p>\n<p><strong>[expand title=\u00bbComisi\u00f3n Asuntos de la Ni\u00f1ez Octubre 2018&#8243;]<\/strong><\/p>\n<p>[\/expand]<\/p>\n<p><strong>[expand title=\u00bbComisi\u00f3n Asuntos de la Ni\u00f1ez Noviembre 2018&#8243;]<\/strong><\/p>\n<p>[\/expand]<\/p>\n<p><strong>[expand title=\u00bbComisi\u00f3n Asuntos de la Ni\u00f1ez Diciembre 2018&#8243;]<\/strong><\/p>\n<p>[\/expand]<\/p>\n","protected":false},"excerpt":{"rendered":"<p>Plan de Trabajo Asuntos de la Ni\u00f1ez\u00a02016-2018 [expand title=\u00bbComisi\u00f3n Asuntos de la Ni\u00f1ez 13 Octubre 2015&#8243;] Minuta Comisi\u00f3n Asuntos de<\/p>\n","protected":false},"author":1,"featured_media":0,"parent":0,"menu_order":0,"comment_status":"closed","ping_status":"closed","template":"","meta":{"colormag_page_container_layout":"default_layout","colormag_page_sidebar_layout":"default_layout","footnotes":""},"class_list":["post-5887","page","type-page","status-publish","hentry"],"_links":{"self":[{"href":"https:\/\/tonala.gob.mx\/portal\/wp-json\/wp\/v2\/pages\/5887","targetHints":{"allow":["GET"]}}],"collection":[{"href":"https:\/\/tonala.gob.mx\/portal\/wp-json\/wp\/v2\/pages"}],"about":[{"href":"https:\/\/tonala.gob.mx\/portal\/wp-json\/wp\/v2\/types\/page"}],"author":[{"embeddable":true,"href":"https:\/\/tonala.gob.mx\/portal\/wp-json\/wp\/v2\/users\/1"}],"replies":[{"embeddable":true,"href":"https:\/\/tonala.gob.mx\/portal\/wp-json\/wp\/v2\/comments?post=5887"}],"version-history":[{"count":26,"href":"https:\/\/tonala.gob.mx\/portal\/wp-json\/wp\/v2\/pages\/5887\/revisions"}],"predecessor-version":[{"id":18516,"href":"https:\/\/tonala.gob.mx\/portal\/wp-json\/wp\/v2\/pages\/5887\/revisions\/18516"}],"wp:attachment":[{"href":"https:\/\/tonala.gob.mx\/portal\/wp-json\/wp\/v2\/media?parent=5887"}],"curies":[{"name":"wp","href":"https:\/\/api.w.org\/{rel}","templated":true}]}}