{"id":528,"date":"2015-11-17T19:29:38","date_gmt":"2015-11-17T19:29:38","guid":{"rendered":"http:\/\/tonala.gob.mx\/portal\/?page_id=528"},"modified":"2026-05-06T09:48:15","modified_gmt":"2026-05-06T15:48:15","slug":"secretaria-general","status":"publish","type":"page","link":"https:\/\/tonala.gob.mx\/portal\/secretaria-general\/","title":{"rendered":"Secretar\u00eda General"},"content":{"rendered":"\n<figure class=\"wp-block-table\"><table class=\"has-fixed-layout\"><tbody><tr><td><img fetchpriority=\"high\" decoding=\"async\" width=\"400\" height=\"600\" class=\"wp-image-36722\" style=\"width: 400px;\" src=\"https:\/\/tonala.gob.mx\/portal\/wp-content\/uploads\/2024\/10\/Celia-Isabel-Gauna-Ruiz-de-Leon-scaled.jpg\" alt=\"\" srcset=\"https:\/\/tonala.gob.mx\/portal\/wp-content\/uploads\/2024\/10\/Celia-Isabel-Gauna-Ruiz-de-Leon-scaled.jpg 1707w, https:\/\/tonala.gob.mx\/portal\/wp-content\/uploads\/2024\/10\/Celia-Isabel-Gauna-Ruiz-de-Leon-200x300.jpg 200w, https:\/\/tonala.gob.mx\/portal\/wp-content\/uploads\/2024\/10\/Celia-Isabel-Gauna-Ruiz-de-Leon-683x1024.jpg 683w, https:\/\/tonala.gob.mx\/portal\/wp-content\/uploads\/2024\/10\/Celia-Isabel-Gauna-Ruiz-de-Leon-768x1152.jpg 768w, https:\/\/tonala.gob.mx\/portal\/wp-content\/uploads\/2024\/10\/Celia-Isabel-Gauna-Ruiz-de-Leon-1024x1536.jpg 1024w, https:\/\/tonala.gob.mx\/portal\/wp-content\/uploads\/2024\/10\/Celia-Isabel-Gauna-Ruiz-de-Leon-1365x2048.jpg 1365w\" sizes=\"(max-width: 400px) 100vw, 400px\" \/><\/td><td><br><strong>Celia Isabel Gauna Ruiz de Le\u00f3n<\/strong><br><br>Secretaria General<\/td><td><strong>Tel\u00e9fono: <\/strong>33 35 86 60 00 Ext.<br><strong>Domicilio: <\/strong>Hidalgo 21 colonia Centro, Tonal\u00e1 Jalisco<br><strong>Correo Electr\u00f3nico: <\/strong><br>secretariageneral@tonala.gob.mx<br><br>Curr\u00edculo<br><a href=\"https:\/\/portal-transparencia.tonala.gob.mx\/agenda-oficial-secretaria-general-mtra-celia-isabel-gauna-ruiz-de-leon\/\" data-type=\"link\" data-id=\"https:\/\/portal-transparencia.tonala.gob.mx\/agenda-oficial-secretaria-general-mtra-celia-isabel-gauna-ruiz-de-leon\/\">Agenda Oficial<\/a><\/td><\/tr><tr><td><img decoding=\"async\" width=\"400\" height=\"600\" class=\"wp-image-36443\" style=\"width: 400px;\" src=\"https:\/\/tonala.gob.mx\/portal\/wp-content\/uploads\/2024\/10\/GREGORIO-RAMOS-ACOSTA-scaled.jpg\" alt=\"\" srcset=\"https:\/\/tonala.gob.mx\/portal\/wp-content\/uploads\/2024\/10\/GREGORIO-RAMOS-ACOSTA-scaled.jpg 1707w, https:\/\/tonala.gob.mx\/portal\/wp-content\/uploads\/2024\/10\/GREGORIO-RAMOS-ACOSTA-200x300.jpg 200w, https:\/\/tonala.gob.mx\/portal\/wp-content\/uploads\/2024\/10\/GREGORIO-RAMOS-ACOSTA-683x1024.jpg 683w, https:\/\/tonala.gob.mx\/portal\/wp-content\/uploads\/2024\/10\/GREGORIO-RAMOS-ACOSTA-768x1152.jpg 768w, https:\/\/tonala.gob.mx\/portal\/wp-content\/uploads\/2024\/10\/GREGORIO-RAMOS-ACOSTA-1024x1536.jpg 1024w, https:\/\/tonala.gob.mx\/portal\/wp-content\/uploads\/2024\/10\/GREGORIO-RAMOS-ACOSTA-1365x2048.jpg 1365w\" sizes=\"(max-width: 400px) 100vw, 400px\" \/><\/td><td><strong>Gregorio Ramos Acosta<\/strong><br><br>Direcci\u00f3n del Registro Civil<\/td><td><strong>Tel\u00e9fono: <\/strong>33 35 86 60 00 <br><strong>Domicilio:<\/strong> Hidalgo 21 colonia Centro, Tonal\u00e1 Jalisco<br><strong>Correo Electr\u00f3nico: <\/strong><br>registrocivil@tonala.gob.mx<br><br>Curr\u00edculo<br><a href=\"https:\/\/portal-transparencia.tonala.gob.mx\/agenda-oficial-director-del-registro-civil-lic-gregorio-ramos-acosta\/\">Agenda Oficial<\/a><\/td><\/tr><tr><td><img decoding=\"async\" width=\"400\" height=\"600\" class=\"wp-image-36448\" style=\"width: 400px;\" src=\"https:\/\/tonala.gob.mx\/portal\/wp-content\/uploads\/2024\/10\/JORGE-HUERTA-scaled.jpg\" alt=\"\" srcset=\"https:\/\/tonala.gob.mx\/portal\/wp-content\/uploads\/2024\/10\/JORGE-HUERTA-scaled.jpg 1707w, https:\/\/tonala.gob.mx\/portal\/wp-content\/uploads\/2024\/10\/JORGE-HUERTA-200x300.jpg 200w, https:\/\/tonala.gob.mx\/portal\/wp-content\/uploads\/2024\/10\/JORGE-HUERTA-683x1024.jpg 683w, https:\/\/tonala.gob.mx\/portal\/wp-content\/uploads\/2024\/10\/JORGE-HUERTA-768x1152.jpg 768w, https:\/\/tonala.gob.mx\/portal\/wp-content\/uploads\/2024\/10\/JORGE-HUERTA-1024x1536.jpg 1024w, https:\/\/tonala.gob.mx\/portal\/wp-content\/uploads\/2024\/10\/JORGE-HUERTA-1365x2048.jpg 1365w\" sizes=\"(max-width: 400px) 100vw, 400px\" \/><\/td><td><strong>Jorge A. Huerta Enr\u00edquez<\/strong><br><br>Direcci\u00f3n de la Oficina Municipal de Enlace con la Secretaria de Relaciones Exteriores<\/td><td><strong>Tel\u00e9fono: <\/strong>33 38 37 24 70, 33 38 37 24 71, 33 38 37 24 69 Ext.<br><strong>Domicilio: <\/strong>Av. Rio Nilo 8096 colonia Loma Dorada<br><strong>Correo Electr\u00f3nico:<\/strong> dir.enlacesre@tonala.gob.mx<br><br>Curr\u00edculo<br>Agenda Oficial<\/td><\/tr><tr><td><img loading=\"lazy\" decoding=\"async\" width=\"400\" height=\"600\" class=\"wp-image-36480\" style=\"width: 400px;\" src=\"https:\/\/tonala.gob.mx\/portal\/wp-content\/uploads\/2024\/10\/Wenceslao-Victor-Munoz-Ortega-scaled.jpg\" alt=\"\" srcset=\"https:\/\/tonala.gob.mx\/portal\/wp-content\/uploads\/2024\/10\/Wenceslao-Victor-Munoz-Ortega-scaled.jpg 1707w, https:\/\/tonala.gob.mx\/portal\/wp-content\/uploads\/2024\/10\/Wenceslao-Victor-Munoz-Ortega-200x300.jpg 200w, https:\/\/tonala.gob.mx\/portal\/wp-content\/uploads\/2024\/10\/Wenceslao-Victor-Munoz-Ortega-683x1024.jpg 683w, https:\/\/tonala.gob.mx\/portal\/wp-content\/uploads\/2024\/10\/Wenceslao-Victor-Munoz-Ortega-768x1152.jpg 768w, https:\/\/tonala.gob.mx\/portal\/wp-content\/uploads\/2024\/10\/Wenceslao-Victor-Munoz-Ortega-1024x1536.jpg 1024w, https:\/\/tonala.gob.mx\/portal\/wp-content\/uploads\/2024\/10\/Wenceslao-Victor-Munoz-Ortega-1365x2048.jpg 1365w\" sizes=\"(max-width: 400px) 100vw, 400px\" \/><\/td><td><strong><strong>Wenceslao V\u00edctor Mu\u00f1oz Ortega<\/strong><br><\/strong>Jefatura de Archivo Municipal<\/td><td><strong>Tel\u00e9fono:<\/strong> 33 12 00 39 19 <br><strong>Domicilio:<\/strong> Nicol\u00e1s Bravo 78 colonia Centro, Tonal\u00e1 Jalisco<br><strong>Correo Electr\u00f3nico: <\/strong>jef.archivomunicipal@tonala.gob.mx<br><br>Curr\u00edculo<br><a href=\"https:\/\/portal-transparencia.tonala.gob.mx\/agenda-oficial-jefe-de-archivo-municipal-wenceslao-victor-munoz-ortega\/\">Agenda Oficial<\/a><\/td><\/tr><tr><td><img loading=\"lazy\" decoding=\"async\" width=\"400\" height=\"600\" class=\"wp-image-36733\" style=\"width: 400px;\" src=\"https:\/\/tonala.gob.mx\/portal\/wp-content\/uploads\/2024\/10\/Roberto-Paoli-Madrigal-Chavez-scaled.jpg\" alt=\"\" srcset=\"https:\/\/tonala.gob.mx\/portal\/wp-content\/uploads\/2024\/10\/Roberto-Paoli-Madrigal-Chavez-scaled.jpg 1707w, https:\/\/tonala.gob.mx\/portal\/wp-content\/uploads\/2024\/10\/Roberto-Paoli-Madrigal-Chavez-200x300.jpg 200w, https:\/\/tonala.gob.mx\/portal\/wp-content\/uploads\/2024\/10\/Roberto-Paoli-Madrigal-Chavez-683x1024.jpg 683w, https:\/\/tonala.gob.mx\/portal\/wp-content\/uploads\/2024\/10\/Roberto-Paoli-Madrigal-Chavez-768x1152.jpg 768w, https:\/\/tonala.gob.mx\/portal\/wp-content\/uploads\/2024\/10\/Roberto-Paoli-Madrigal-Chavez-1024x1536.jpg 1024w, https:\/\/tonala.gob.mx\/portal\/wp-content\/uploads\/2024\/10\/Roberto-Paoli-Madrigal-Chavez-1365x2048.jpg 1365w\" sizes=\"(max-width: 400px) 100vw, 400px\" \/><\/td><td><strong>Roberto Paoli Madrigal Ch\u00e1vez<\/strong><br>Direcci\u00f3n de Dict\u00e1menes<\/td><td><strong>Tel\u00e9fono:<\/strong> 33 35 86 60 00 Ext.1109<br><strong>Domicilio: <\/strong>Hidalgo 21 colonia Centro, Tonal\u00e1 Jalisco<br><strong>Correo Electr\u00f3nico:<\/strong> dir.dictamenes@tonala.gob.mx<br><br>Curr\u00edculo<br><a href=\"https:\/\/portal-transparencia.tonala.gob.mx\/agenda-oficial-director-de-dictamenes-r-paoli-madrigal-chavez\/\">Agenda Oficial<\/a><\/td><\/tr><tr><td><img loading=\"lazy\" decoding=\"async\" width=\"400\" height=\"602\" class=\"wp-image-37491\" style=\"width: 400px;\" src=\"https:\/\/tonala.gob.mx\/portal\/wp-content\/uploads\/2025\/03\/GABRIELA-ALEJANDRA-MARTINEZ-SANCHEZ-scaled-e1743445482200.jpg\" alt=\"\" srcset=\"https:\/\/tonala.gob.mx\/portal\/wp-content\/uploads\/2025\/03\/GABRIELA-ALEJANDRA-MARTINEZ-SANCHEZ-scaled-e1743445482200.jpg 1702w, https:\/\/tonala.gob.mx\/portal\/wp-content\/uploads\/2025\/03\/GABRIELA-ALEJANDRA-MARTINEZ-SANCHEZ-scaled-e1743445482200-199x300.jpg 199w, https:\/\/tonala.gob.mx\/portal\/wp-content\/uploads\/2025\/03\/GABRIELA-ALEJANDRA-MARTINEZ-SANCHEZ-scaled-e1743445482200-681x1024.jpg 681w, https:\/\/tonala.gob.mx\/portal\/wp-content\/uploads\/2025\/03\/GABRIELA-ALEJANDRA-MARTINEZ-SANCHEZ-scaled-e1743445482200-768x1155.jpg 768w, https:\/\/tonala.gob.mx\/portal\/wp-content\/uploads\/2025\/03\/GABRIELA-ALEJANDRA-MARTINEZ-SANCHEZ-scaled-e1743445482200-1021x1536.jpg 1021w, https:\/\/tonala.gob.mx\/portal\/wp-content\/uploads\/2025\/03\/GABRIELA-ALEJANDRA-MARTINEZ-SANCHEZ-scaled-e1743445482200-1362x2048.jpg 1362w\" sizes=\"(max-width: 400px) 100vw, 400px\" \/><\/td><td><br><strong>Gabriela Alejandra Martinez Sanchez<br><\/strong>Jefatura de Expedici\u00f3n de Certificaciones y<br>Secretar\u00eda Ejecutiva del SIPINNA<\/td><td><strong>Tel\u00e9fono:<\/strong> 33 35 86 60 00 Ext.1109<br><strong>Domicilio:<\/strong> Hidalgo 21 colonia Centro, Tonal\u00e1 Jalisco<br><strong>Correo Electr\u00f3nico: <\/strong>jef.expediciondecertificaciones@tonala.gob.mx<br>secretariasipinna@tonala.gob.mx<br><br>Curr\u00edculo<br><a href=\"https:\/\/portal-transparencia.tonala.gob.mx\/agenda-oficial-jefe-de-expedicion-de-certificaciones-armando-gonzalez-gomez\/\">Agenda Oficial<\/a><\/td><\/tr><tr><td><img loading=\"lazy\" decoding=\"async\" width=\"400\" height=\"616\" class=\"wp-image-37487\" style=\"width: 400px;\" src=\"https:\/\/tonala.gob.mx\/portal\/wp-content\/uploads\/2025\/03\/CESAR-ESPINOZA-scaled-e1743445247531.jpg\" alt=\"\" srcset=\"https:\/\/tonala.gob.mx\/portal\/wp-content\/uploads\/2025\/03\/CESAR-ESPINOZA-scaled-e1743445247531.jpg 1610w, https:\/\/tonala.gob.mx\/portal\/wp-content\/uploads\/2025\/03\/CESAR-ESPINOZA-scaled-e1743445247531-195x300.jpg 195w, https:\/\/tonala.gob.mx\/portal\/wp-content\/uploads\/2025\/03\/CESAR-ESPINOZA-scaled-e1743445247531-665x1024.jpg 665w, https:\/\/tonala.gob.mx\/portal\/wp-content\/uploads\/2025\/03\/CESAR-ESPINOZA-scaled-e1743445247531-768x1183.jpg 768w, https:\/\/tonala.gob.mx\/portal\/wp-content\/uploads\/2025\/03\/CESAR-ESPINOZA-scaled-e1743445247531-997x1536.jpg 997w, https:\/\/tonala.gob.mx\/portal\/wp-content\/uploads\/2025\/03\/CESAR-ESPINOZA-scaled-e1743445247531-1330x2048.jpg 1330w\" sizes=\"(max-width: 400px) 100vw, 400px\" \/><\/td><td><strong>Cesar Espinoza Mart\u00ednez<\/strong><br>Direcci\u00f3n de Puntos Constitucionales, Redacci\u00f3n y Estilo<\/td><td><strong>Tel\u00e9fono:<\/strong> 33 35 86 60 00 <br><strong>Domicilio: <\/strong>Hidalgo 21 colonia Centro, Tonal\u00e1 Jalisco<br><strong>Correo Electr\u00f3nico: <\/strong>dir.puntosconstitucionales@tonala.gob.mx<br><br>Curr\u00edculo<br><a href=\"https:\/\/portal-transparencia.tonala.gob.mx\/agenda-oficial-director-de-puntos-constitucionales-redaccion-y-estilo-cesar-espinoza-martinez\/\">Agenda Oficial<\/a><\/td><\/tr><tr><td><img loading=\"lazy\" decoding=\"async\" width=\"400\" height=\"600\" class=\"wp-image-36726\" style=\"width: 400px;\" src=\"https:\/\/tonala.gob.mx\/portal\/wp-content\/uploads\/2024\/10\/Fernando-Gutierrez-Garcia-scaled.jpg\" alt=\"\" srcset=\"https:\/\/tonala.gob.mx\/portal\/wp-content\/uploads\/2024\/10\/Fernando-Gutierrez-Garcia-scaled.jpg 1707w, https:\/\/tonala.gob.mx\/portal\/wp-content\/uploads\/2024\/10\/Fernando-Gutierrez-Garcia-200x300.jpg 200w, https:\/\/tonala.gob.mx\/portal\/wp-content\/uploads\/2024\/10\/Fernando-Gutierrez-Garcia-683x1024.jpg 683w, https:\/\/tonala.gob.mx\/portal\/wp-content\/uploads\/2024\/10\/Fernando-Gutierrez-Garcia-768x1152.jpg 768w, https:\/\/tonala.gob.mx\/portal\/wp-content\/uploads\/2024\/10\/Fernando-Gutierrez-Garcia-1024x1536.jpg 1024w, https:\/\/tonala.gob.mx\/portal\/wp-content\/uploads\/2024\/10\/Fernando-Gutierrez-Garcia-1365x2048.jpg 1365w\" sizes=\"(max-width: 400px) 100vw, 400px\" \/><\/td><td><strong>Fernando Guti\u00e9rrez Garc\u00eda <\/strong><br>Jefatura de Publicaci\u00f3n de la Gaceta Municipal y Edictos<\/td><td><strong>Tel\u00e9fono:<\/strong> 33 35 86 60 00 <br><strong>Domicilio:<\/strong> Hidalgo 21 colonia Centro, Tonal\u00e1 Jalisco<br><strong>Correo Electr\u00f3nico:<\/strong> jef.gacetamunicipal@tonala.gob.mx<br><br>Curr\u00edculo<br><a href=\"https:\/\/portal-transparencia.tonala.gob.mx\/agenda-oficial-jefe-de-publicacion-de-la-gaceta-municipal-y-edictos-fernando-gutierrez-garcia\/\" data-type=\"link\" data-id=\"https:\/\/portal-transparencia.tonala.gob.mx\/agenda-oficial-jefe-de-publicacion-de-la-gaceta-municipal-y-edictos-fernando-gutierrez-garcia\/\">Agenda Oficial<\/a><\/td><\/tr><tr><td><img loading=\"lazy\" decoding=\"async\" width=\"400\" height=\"600\" class=\"wp-image-36430\" style=\"width: 400px;\" src=\"https:\/\/tonala.gob.mx\/portal\/wp-content\/uploads\/2024\/10\/Armando-Gonzalez-Gomez-scaled.jpg\" alt=\"\" srcset=\"https:\/\/tonala.gob.mx\/portal\/wp-content\/uploads\/2024\/10\/Armando-Gonzalez-Gomez-scaled.jpg 1707w, https:\/\/tonala.gob.mx\/portal\/wp-content\/uploads\/2024\/10\/Armando-Gonzalez-Gomez-200x300.jpg 200w, https:\/\/tonala.gob.mx\/portal\/wp-content\/uploads\/2024\/10\/Armando-Gonzalez-Gomez-683x1024.jpg 683w, https:\/\/tonala.gob.mx\/portal\/wp-content\/uploads\/2024\/10\/Armando-Gonzalez-Gomez-768x1152.jpg 768w, https:\/\/tonala.gob.mx\/portal\/wp-content\/uploads\/2024\/10\/Armando-Gonzalez-Gomez-1024x1536.jpg 1024w, https:\/\/tonala.gob.mx\/portal\/wp-content\/uploads\/2024\/10\/Armando-Gonzalez-Gomez-1365x2048.jpg 1365w\" sizes=\"(max-width: 400px) 100vw, 400px\" \/><\/td><td><strong>Armando Gonz\u00e1lez G\u00f3mez<\/strong><br>Direcci\u00f3n de Actas, Acuerdos y Seguimiento<\/td><td><strong>Tel\u00e9fono:<\/strong> 33 35 86 60 00 Ext.1113<br><strong>Domicilio:<\/strong> Hidalgo 21 colonia Centro, Tonal\u00e1 Jalisco<br><strong>Correo Electr\u00f3nico: <\/strong>dir.actasyacuerdos@tonala.gob.mx<br><br>Curr\u00edculo<br><a href=\"https:\/\/portal-transparencia.tonala.gob.mx\/agenda-oficial-director-de-actas-acuerdos-y-seguimiento-ruben-huerta-garcia\/\">Agenda Oficial<\/a><\/td><\/tr><tr><td><\/td><td><br>Jefatura de Seguimiento y Apoyo a Sesiones de Ayuntamiento<\/td><td><strong>Tel\u00e9fono: <\/strong>33 35 86 60 00 Ext.1113<br><strong>Domicilio:<\/strong> Hidalgo 21 colonia Centro, Tonal\u00e1 Jalisco<br><strong>Correo Electr\u00f3nico: <\/strong>jef.sesionesayuntamiento@tonala.gob.mx<br><br>Curr\u00edculo<br><a href=\"https:\/\/portal-transparencia.tonala.gob.mx\/agenda-oficial-jefe-de-seguimiento-y-apoyo-a-sesiones-de-ayuntamiento-absalon-isai-ibarra-gonzalez\/\">Agenda Oficial<\/a><\/td><\/tr><\/tbody><\/table><\/figure>\n\n\n\n<p><\/p>\n","protected":false},"excerpt":{"rendered":"<p>Celia Isabel Gauna Ruiz de Le\u00f3n Secretaria General Tel\u00e9fono: 33 35 86 60 00 Ext.Domicilio: Hidalgo 21 colonia Centro, Tonal\u00e1<\/p>\n","protected":false},"author":1,"featured_media":0,"parent":0,"menu_order":0,"comment_status":"closed","ping_status":"closed","template":"","meta":{"colormag_page_container_layout":"default_layout","colormag_page_sidebar_layout":"default_layout","footnotes":""},"class_list":["post-528","page","type-page","status-publish","hentry"],"_links":{"self":[{"href":"https:\/\/tonala.gob.mx\/portal\/wp-json\/wp\/v2\/pages\/528","targetHints":{"allow":["GET"]}}],"collection":[{"href":"https:\/\/tonala.gob.mx\/portal\/wp-json\/wp\/v2\/pages"}],"about":[{"href":"https:\/\/tonala.gob.mx\/portal\/wp-json\/wp\/v2\/types\/page"}],"author":[{"embeddable":true,"href":"https:\/\/tonala.gob.mx\/portal\/wp-json\/wp\/v2\/users\/1"}],"replies":[{"embeddable":true,"href":"https:\/\/tonala.gob.mx\/portal\/wp-json\/wp\/v2\/comments?post=528"}],"version-history":[{"count":283,"href":"https:\/\/tonala.gob.mx\/portal\/wp-json\/wp\/v2\/pages\/528\/revisions"}],"predecessor-version":[{"id":38999,"href":"https:\/\/tonala.gob.mx\/portal\/wp-json\/wp\/v2\/pages\/528\/revisions\/38999"}],"wp:attachment":[{"href":"https:\/\/tonala.gob.mx\/portal\/wp-json\/wp\/v2\/media?parent=528"}],"curies":[{"name":"wp","href":"https:\/\/api.w.org\/{rel}","templated":true}]}}