{"id":4310,"date":"2016-07-13T18:32:37","date_gmt":"2016-07-13T18:32:37","guid":{"rendered":"http:\/\/tonala.gob.mx\/portal\/?page_id=4310"},"modified":"2018-06-21T10:25:04","modified_gmt":"2018-06-21T16:25:04","slug":"artesanias","status":"publish","type":"page","link":"https:\/\/tonala.gob.mx\/portal\/artesanias\/","title":{"rendered":"Artesan\u00edas"},"content":{"rendered":"<p><strong><a href=\"https:\/\/tonala.gob.mx\/portal\/assets\/PROGRAMA%20DE%20TRABAJO%20ENRIQUE%20PALACIOS%20DIAZ.pdf\">Plan de Trabajo<\/a>\u00a02015<\/strong><\/p>\n<p><strong><a href=\"https:\/\/tonala.gob.mx\/portal\/wp-content\/uploads\/2016\/10\/Comisi\u00f3n-Artesan\u00edas.pdf\">Plan de Trabajo Artesan\u00edas\u00a0<\/a>\u00a02016-2018<\/strong><\/p>\n<p><strong>A\u00f1o 2015<\/strong><\/p>\n<p><strong>[expand title=\u00bbComisi\u00f3n Artesan\u00edas 09 Octubre 2015&#8243;]<\/strong><\/p>\n<p><a href=\"https:\/\/tonala.gob.mx\/portal\/wp-content\/uploads\/2016\/10\/Artesanias_Instalacion_9_Octubre_2016.pdf\">Artesan\u00edas 09 Octubre 2015<\/a><\/p>\n<p><a href=\"https:\/\/tonala.gob.mx\/portal\/wp-content\/uploads\/2016\/10\/O.D._Artesanias_Instalacion_9_Octubre_2016.pdf\">O.D. Artesan\u00edas 09 Octubre 2015<\/a><\/p>\n<p><a href=\"https:\/\/tonala.gob.mx\/portal\/wp-content\/uploads\/2016\/10\/Asistencia_Artesanias_Instalacion_9_Octubre_2016.pdf\">Asistencia Artesan\u00edas 09 Octubre 2015<\/a><\/p>\n<p>[\/expand]<\/p>\n<p><strong>[expand title=\u00bbComisi\u00f3n Artesan\u00edas 24 Noviembre 2015&#8243;]<\/strong><\/p>\n<p><a href=\"https:\/\/tonala.gob.mx\/portal\/wp-content\/uploads\/2016\/10\/Artesanias_24_Noviembre_2015.pdf\">Comisi\u00f3n Artesan\u00edas 24 Noviembre 2015<\/a><\/p>\n<p><a href=\"https:\/\/tonala.gob.mx\/portal\/wp-content\/uploads\/2016\/10\/O.D._Artesanias_24_Noviembre_2015.pdf\">O.D. Artesan\u00edas 24 Noviembre 2015<\/a><\/p>\n<p><a href=\"https:\/\/tonala.gob.mx\/portal\/wp-content\/uploads\/2016\/10\/Asistencia_Artesanias_24_Noviembre_2015.pdf\">Asistencia Artesan\u00edas 24 Noviembre 2015<\/a><\/p>\n<p>[\/expand]<\/p>\n<p><strong>[expand title=\u00bbComisi\u00f3n Artesan\u00edas 03 Diciembre 2015&#8243;]<\/strong><\/p>\n<p><a href=\"https:\/\/tonala.gob.mx\/portal\/wp-content\/uploads\/2017\/07\/Artesanias-3-de-Diciembre-2015.pdf\">Minuta Comisi\u00f3n Artesan\u00edas 03 Diciembre 2015<\/a><\/p>\n<p>[\/expand]<\/p>\n<p><strong>A\u00f1o 2016<\/strong><\/p>\n<p><strong>[expand title=\u00bbComisi\u00f3n Artesan\u00edas 04 Enero 2016&#8243;]<\/strong><\/p>\n<p><a href=\"https:\/\/tonala.gob.mx\/portal\/wp-content\/uploads\/2017\/07\/Artesanias-04-de-Enero-de-2016.pdf\">Minuta Comisi\u00f3n Artesan\u00edas 04 Enero 2016<\/a><\/p>\n<p>[\/expand]<\/p>\n<p><strong>[expand title=\u00bbComisi\u00f3n Artesan\u00edas Febrero 2016&#8243;]<\/strong><\/p>\n<p><a href=\"https:\/\/tonala.gob.mx\/portal\/wp-content\/uploads\/2016\/10\/Artesanias_19_Febrero_2016.pdf\">Comisi\u00f3n Artesan\u00edas 19 de Febrero 2016<\/a><\/p>\n<p><a href=\"https:\/\/tonala.gob.mx\/portal\/wp-content\/uploads\/2016\/10\/O.D._Artesanias_19_Febrero_2016.pdf\">O.D. Artesan\u00edas 19 de Febrero 2016<\/a><\/p>\n<p><a href=\"https:\/\/tonala.gob.mx\/portal\/wp-content\/uploads\/2016\/10\/Asistencia_Artesanias_19_Febrero_2016.pdf\">Asistencia Artesan\u00edas 19 de Febrero 2016<\/a><\/p>\n<p><a href=\"https:\/\/tonala.gob.mx\/portal\/wp-content\/uploads\/2016\/10\/Artesanias_25_Febrero_2016.pdf\">Comisi\u00f3n Artesan\u00edas 25 de Febrero 2016<\/a><\/p>\n<p><a href=\"https:\/\/tonala.gob.mx\/portal\/wp-content\/uploads\/2016\/10\/O.D._Artesanias_25_Febrero_2016.pdf\">O.D. Artesan\u00edas 25 de Febrero 2016<\/a><\/p>\n<p><a href=\"https:\/\/tonala.gob.mx\/portal\/wp-content\/uploads\/2016\/10\/Asistencia_Artesanias_25_Febrero_2016.pdf\">Asistencia Artesan\u00edas 25 de Febrero 2016<\/a><\/p>\n<p>[\/expand]<\/p>\n<p><strong>[expand title=\u00bbComisi\u00f3n Artesan\u00edas 17 Marzo 2016&#8243;]<\/strong><\/p>\n<p><a href=\"https:\/\/tonala.gob.mx\/portal\/wp-content\/uploads\/2016\/11\/Comisi\u00f3n-de-Artesan\u00edas-17-Marzo-2016.pdf\">Comisi\u00f3n Artesan\u00edas 17 Marzo 2016<\/a><\/p>\n<p><a href=\"https:\/\/tonala.gob.mx\/portal\/wp-content\/uploads\/2016\/11\/O.D._Comisi\u00f3n-de-Artesan\u00edas-17-Marzo-2016.pdf\">O.D. Comisi\u00f3n Artesan\u00edas 17 Marzo 2016<\/a><\/p>\n<p><a href=\"https:\/\/tonala.gob.mx\/portal\/wp-content\/uploads\/2016\/11\/Asistencia_Comisi\u00f3n-de-Artesan\u00edas-17-Marzo-2016.pdf\">Asistencia Comisi\u00f3n Artesan\u00edas 17 Marzo 2016<\/a><\/p>\n<p>[\/expand]<\/p>\n<p><strong>[expand title=\u00bbComisi\u00f3n Artesan\u00edas 06 Abril 2016&#8243;]<\/strong><\/p>\n<p><a href=\"https:\/\/tonala.gob.mx\/portal\/wp-content\/uploads\/2016\/10\/Artesanias_-06_Abril_2016.pdf\">Comisi\u00f3n Artesan\u00edas 06 de Abril 2016<\/a><\/p>\n<p><a href=\"https:\/\/tonala.gob.mx\/portal\/wp-content\/uploads\/2016\/10\/O.D._Artesanias_-06_Abril_2016.pdf\">O.D. Artesan\u00edas 06 de Abril 2016<\/a><\/p>\n<p><a href=\"https:\/\/tonala.gob.mx\/portal\/wp-content\/uploads\/2016\/10\/Asistencia_Artesanias_-06_Abril_2016.pdf\">Asistencia Artesan\u00edas 06 de Abril 2016<\/a><\/p>\n<p>[\/expand]<\/p>\n<p><strong>[expand title=\u00bbComisi\u00f3n Artesan\u00edas 16 Mayo 2016&#8243;]<\/strong><\/p>\n<p><a href=\"https:\/\/tonala.gob.mx\/portal\/wp-content\/uploads\/2017\/03\/MINUTA-DE-LA-COMISION-EDILICIA-DE-ARTESANIAS-16-MAYO-2016.pdf\">Minuta Comisi\u00f3n Artesan\u00edas 19 Mayo 2016<\/a><\/p>\n<p>[\/expand]<\/p>\n<p><strong>[expand title=\u00bbComisi\u00f3n Artesan\u00edas y Hacienda 02 Mayo 2016&#8243;]<\/strong><\/p>\n<p><a href=\"https:\/\/tonala.gob.mx\/portal\/wp-content\/uploads\/2016\/08\/Asistencia_Comisi\u00f3n_Artesanias_y_Hacienda_02_de_Mayo_2016.pdf\">Asistencia Comisi\u00f3n de Artesan\u00edas y Hacienda 02 Mayo 2016<\/a><br \/>\n[\/expand]<\/p>\n<p><strong>[expand title=\u00bbComisi\u00f3n Artesan\u00edas Junio 2016&#8243;]<\/strong><\/p>\n<p><a href=\"https:\/\/tonala.gob.mx\/portal\/wp-content\/uploads\/2016\/10\/No-se-realizaron-sesiones-este-mes.pdf\">Comisi\u00f3n Artesan\u00edas Junio 2016<\/a><\/p>\n<p>[\/expand]<\/p>\n<p><strong>[expand title=\u00bbComisi\u00f3n Artesan\u00edas 22 Julio 2016&#8243;]<\/strong><\/p>\n<p><a href=\"https:\/\/tonala.gob.mx\/portal\/wp-content\/uploads\/2016\/10\/Artesanias_22_Julio_2016.pdf\">Comisi\u00f3n Artesan\u00edas 22 de Julio 2016<\/a><\/p>\n<p><a href=\"https:\/\/tonala.gob.mx\/portal\/wp-content\/uploads\/2016\/10\/O.D._Artesanias_22_Julio_2016.pdf\">O.D. Artesan\u00edas 22 de Julio 2016<\/a><\/p>\n<p><a href=\"https:\/\/tonala.gob.mx\/portal\/wp-content\/uploads\/2016\/10\/Asistencia_Artesanias_22_Julio_2016.pdf\">Asistencia Artesan\u00edas 22 de Julio 2016<\/a><\/p>\n<p>[\/expand]<\/p>\n<p><strong>[expand title=\u00bbComisi\u00f3n Artesan\u00edas Agosto 2016&#8243;]<\/strong><\/p>\n<p><a href=\"https:\/\/tonala.gob.mx\/portal\/wp-content\/uploads\/2016\/10\/Artesanias_8_Agosto_2016.pdf\">Comisi\u00f3n de Artesan\u00edas 18 Agosto 2016<\/a><\/p>\n<p><a href=\"https:\/\/tonala.gob.mx\/portal\/wp-content\/uploads\/2016\/10\/O.D._Artesanias_8_Agosto_2016.pdf\">O.D. Comisi\u00f3n de Artesan\u00edas 18 Agosto 2016<\/a><\/p>\n<p><a href=\"https:\/\/tonala.gob.mx\/portal\/wp-content\/uploads\/2016\/10\/Asistencia_Artesanias_8_Agosto_2016.pdf\">Asistencia Comisi\u00f3n de Artesan\u00edas 18 Agosto 2016<\/a><\/p>\n<p>&nbsp;<\/p>\n<p><a href=\"https:\/\/tonala.gob.mx\/portal\/wp-content\/uploads\/2016\/11\/Comisi\u00f3n-de-Artesan\u00edas-31-Agosto-2016.pdf\">Comisi\u00f3n de Artesan\u00edas 31 Agosto 2016<\/a><\/p>\n<p><a href=\"https:\/\/tonala.gob.mx\/portal\/wp-content\/uploads\/2016\/11\/O.D._Comisi\u00f3n-de-Artesan\u00edas-31-Agosto-2016.pdf\">O.D. Comisi\u00f3n de Artesan\u00edas 31 Agosto 2016<\/a><\/p>\n<p><a href=\"https:\/\/tonala.gob.mx\/portal\/wp-content\/uploads\/2016\/11\/Asistencia_Comisi\u00f3n-de-Artesan\u00edas-31-Agosto-2016.pdf\">Asistencia Comisi\u00f3n de Artesan\u00edas 31 Agosto 2016<\/a><\/p>\n<p>[\/expand]<\/p>\n<p><strong>[expand title=\u00bbComisi\u00f3n Artesan\u00edas 19 Septiembre 2016&#8243;]<\/strong><\/p>\n<p><a href=\"https:\/\/tonala.gob.mx\/portal\/wp-content\/uploads\/2017\/03\/MINUTA-DE-LA-COMISION-EDILICIA-DE-ARTESANIAS-19-SEPTIEMBRE-2016.pdf\">Minuta Comisi\u00f3n Artesan\u00edas 19 Septiembre 2016<\/a><\/p>\n<p>[\/expand]<\/p>\n<p><strong>[expand title=\u00bbComisi\u00f3n Artesan\u00edas 06 Octubre 2016&#8243;]<\/strong><\/p>\n<p><a href=\"https:\/\/tonala.gob.mx\/portal\/wp-content\/uploads\/2017\/03\/MINUTA-DE-LA-COMISION-EDILICIA-DE-ARTESANIAS-06-OCTUBRE-2016.pdf\">Minuta Comisi\u00f3n Artesan\u00edas 06 Octubre 2016<\/a><\/p>\n<p>[\/expand]<\/p>\n<p><strong>[expand title=\u00bbSesi\u00f3n Conjunta Reglamentos, Puntos Constitucionales Redacci\u00f3n y Estilo, Mercados y Centrales de Abasto, Artesan\u00edas, Desarrollo Urbano y Habitaci\u00f3n Popular 24 Octubre 2016&#8243;]<\/strong><\/p>\n<p><a href=\"https:\/\/tonala.gob.mx\/portal\/wp-content\/uploads\/2017\/02\/Lista-de-Asistencia-241016-Sesi\u00f3n-Conjunta-de-Comisiones-Edilicias.pdf\">Asistencia \u00a0Sesi\u00f3n Conjunta Reglamentos, Puntos Constitucionales Redacci\u00f3n y Estilo, Mercados y Centrales de Abasto, Artesan\u00edas, Desarrollo Urbano y Habitaci\u00f3n Popular<\/a><\/p>\n<p><a href=\"https:\/\/tonala.gob.mx\/portal\/wp-content\/uploads\/2017\/02\/Lista-de-Asistencia-Reanudaci\u00f3n-de-Sesi\u00f3n-Conjunta.pdf\">Reanudaci\u00f3n Asistencia\u00a0Sesi\u00f3n Conjunta Reglamentos, Puntos Constitucionales Redacci\u00f3n y Estilo, Mercados y Centrales de Abasto, Artesan\u00edas, Desarrollo Urbano y Habitaci\u00f3n Popular 24 Octubre 2016<\/a><\/p>\n<p><a href=\"https:\/\/tonala.gob.mx\/portal\/wp-content\/uploads\/2017\/02\/Orden-del-D\u00eda-211016-Sesi\u00f3n-Conjunta-de-Comisiones-Edilicias.pdf\">O.D. Sesi\u00f3n Conjunta Reglamentos, Puntos Constitucionales Redacci\u00f3n y Estilo, Mercados y Centrales de Abasto, Artesan\u00edas, Desarrollo Urbano y Habitaci\u00f3n Popular 21 Octubre 2016<\/a><\/p>\n<p><a href=\"https:\/\/tonala.gob.mx\/portal\/wp-content\/uploads\/2017\/02\/Orden-del-D\u00eda-241016-Sesi\u00f3n-Conjunta-de-Comisiones-Edilicias.pdf\">O.D. Sesi\u00f3n Conjunta Reglamentos, Puntos Constitucionales Redacci\u00f3n y Estilo, Mercados y Centrales de Abasto, Artesan\u00edas, Desarrollo Urbano y Habitaci\u00f3n Popular 24 Octubre 2016<\/a><\/p>\n<p><a href=\"https:\/\/tonala.gob.mx\/portal\/wp-content\/uploads\/2017\/02\/Orden-del-D\u00eda-Reanudaci\u00f3n-de-Sesi\u00f3n-Conjunta.pdf\">O.D. Reanudaci\u00f3n Sesi\u00f3n Conjunta Reglamentos, Puntos Constitucionales Redacci\u00f3n y Estilo, Mercados y Centrales de Abasto, Artesan\u00edas, Desarrollo Urbano y Habitaci\u00f3n Popular 24 Octubre 2016<\/a><\/p>\n<p>[\/expand]<\/p>\n<p><strong>[expand title=\u00bbComisi\u00f3n Artesan\u00edas 22 Noviembre 2016&#8243;]<\/strong><\/p>\n<p><a href=\"https:\/\/tonala.gob.mx\/portal\/wp-content\/uploads\/2017\/03\/COMISION-EDILICIA-ARTESANIAS-22-DE-NOVIEMBRE-2016.pdf\">Minuta Comisi\u00f3n Artesan\u00edas 22 Noviembre 2016<\/a><\/p>\n<p>[\/expand]<\/p>\n<p><strong>[expand title=\u00bbComisi\u00f3n Artesan\u00edas 09 Diciembre 2016&#8243;]<\/strong><\/p>\n<p><a href=\"https:\/\/tonala.gob.mx\/portal\/wp-content\/uploads\/2017\/03\/MINUTA-DE-LA-COMISION-EDILICIA-DE-ARTESANIAS-09-DICIEMBRE-2016.pdf\">Minuta Comisi\u00f3n Artesan\u00edas 09 Diciembre 2016<\/a>\u00a0(Estenogr\u00e1fica)<\/p>\n<p><a href=\"https:\/\/tonala.gob.mx\/portal\/wp-content\/uploads\/2017\/06\/Minuta-Comisi\u00f3n-Artesan\u00edas-09-Diciembre-2016.pdf\">Minuta Comisi\u00f3n Artesan\u00edas 09 Diciembre 2016\u00a0<\/a><\/p>\n<p>[\/expand]<\/p>\n<p><strong>2017<\/strong><\/p>\n<p><strong>[expand title=\u00bbComisi\u00f3n Artesan\u00edas 16 Enero 2017&#8243;]<\/strong><\/p>\n<p><a href=\"https:\/\/tonala.gob.mx\/portal\/wp-content\/uploads\/2017\/07\/Artesanias-16-de-Enero-de-2017.pdf\">Minuta Comisi\u00f3n 16 Enero 2017<\/a><\/p>\n<p>[\/expand]<\/p>\n<p><strong>[expand title=\u00bbComisi\u00f3n Artesan\u00edas 21 Febrero 2017&#8243;]<\/strong><\/p>\n<p><a href=\"https:\/\/tonala.gob.mx\/portal\/wp-content\/uploads\/2017\/07\/Artesanias-21-de-Febrero-de-2017.pdf\">Minuta Comisi\u00f3n Artesan\u00edas 21 Febrero 2017<\/a><\/p>\n<p>[\/expand]<\/p>\n<p><strong>[expand title=\u00bbComisi\u00f3n Artesan\u00edas \u00a029 Marzo 2017&#8243;]<\/strong><\/p>\n<p><a href=\"https:\/\/tonala.gob.mx\/portal\/wp-content\/uploads\/2017\/07\/Artesanias-29-de-Marzo-de-2017.pdf\">Minuta Comisi\u00f3n Artesan\u00edas 29 Marzo 2017<\/a><\/p>\n<p>[\/expand]<\/p>\n<p><strong>[expand title=\u00bbComisi\u00f3n Artesan\u00edas 05 Abril 2017&#8243;]<\/strong><\/p>\n<p><a href=\"https:\/\/tonala.gob.mx\/portal\/wp-content\/uploads\/2017\/07\/Artesanias-05-de-Abril-de-2017.pdf\">Minuta Comisi\u00f3n Artesan\u00edas 05 Abril 2017<\/a><\/p>\n<p>[\/expand]<\/p>\n<p><strong>[expand title=\u00bbSesi\u00f3n Conjunta Comisiones Artesan\u00edas y Hacienda 18 Mayo 2017&#8243;]<\/strong><\/p>\n<p><a href=\"https:\/\/tonala.gob.mx\/portal\/wp-content\/uploads\/2017\/08\/Minuta-Sesi\u00f3n-Conjunta-Comisiones-Artesanias-y-Hacienda-18-Mayo-2017.pdf\">Minuta Sesi\u00f3n Conjunta Comisiones Artesan\u00edas y Hacienda 18 Mayo 2017<\/a><\/p>\n<p>[\/expand]<\/p>\n<p><strong>[expand title=\u00bb Sesi\u00f3n Conjunta Comisiones \u00a0Artesan\u00edas y Hacienda 12 Junio 2017&#8243;]<\/strong><\/p>\n<p><a href=\"https:\/\/tonala.gob.mx\/portal\/wp-content\/uploads\/2017\/08\/Minuta-Sesi\u00f3n-Conjunta-Comisiones-Artesanias-y-Hacienda-12-Junio-2017.pdf\">Minuta Sesi\u00f3n Conjunta Comisiones Artesan\u00edas y Hacienda 12 Junio 2017<\/a><\/p>\n<p>[\/expand]<\/p>\n<p><strong>[expand title=\u00bbComisi\u00f3n Artesan\u00edas 28 Julio 2017&#8243;]<\/strong><\/p>\n<p><a href=\"https:\/\/tonala.gob.mx\/portal\/wp-content\/uploads\/2017\/08\/Minuta-Comisi\u00f3n-Artesanias-28-Julio-2017.pdf\">Minuta Comisi\u00f3n Artesan\u00edas 28 Julio 2017<\/a><\/p>\n<p>[\/expand]<\/p>\n<p><strong>[expand title=\u00bbComisi\u00f3n Artesan\u00edas 31 Agosto 2017&#8243;]<\/strong><\/p>\n<p><a href=\"https:\/\/tonala.gob.mx\/portal\/wp-content\/uploads\/2017\/10\/Minuta-Comisi\u00f3n-Artesan\u00edas-31-Agosto-2017.pdf\">Minuta Comisi\u00f3n Artesan\u00edas 31 Agosto 2017<\/a><\/p>\n<p>[\/expand]<\/p>\n<p><strong>[expand title=\u00bbComisi\u00f3n Artesan\u00edas 29 Septiembre 2017&#8243;]<\/strong><\/p>\n<p><a href=\"https:\/\/tonala.gob.mx\/portal\/wp-content\/uploads\/2017\/10\/Minuta-Comisi\u00f3n-Artesanias-29-Septiembre-2017.pdf\">Minuta Comisi\u00f3n Artesan\u00edas 29 Septiembre 2017<\/a><\/p>\n<p>[\/expand]<\/p>\n<p><strong>[expand title=\u00bbComisi\u00f3n Artesan\u00edas 31 Octubre 2017&#8243;]<\/strong><\/p>\n<p><a href=\"https:\/\/tonala.gob.mx\/portal\/wp-content\/uploads\/2018\/01\/Minuta-Comisi\u00f3n-Artesan\u00edas-31-Octubre-2017.pdf\">Minuta Comisi\u00f3n Artesan\u00edas 31 Octubre 2017<\/a><\/p>\n<p>[\/expand]<\/p>\n<p><strong>[expand title=\u00bbComisi\u00f3n Artesan\u00edas 28 Noviembre 2017&#8243;]<\/strong><\/p>\n<p><a href=\"https:\/\/tonala.gob.mx\/portal\/wp-content\/uploads\/2018\/01\/Minuta-Comisi\u00f3n-Artesan\u00edas-28-Noviembre-2017.pdf\">Minuta Comisi\u00f3n Artesan\u00edas 28 Noviembre 2017<\/a><\/p>\n<p>[\/expand]<\/p>\n<p><strong>[expand title=\u00bbComisi\u00f3n Artesan\u00edas 11 Diciembre 2017&#8243;]<\/strong><\/p>\n<p><a href=\"https:\/\/tonala.gob.mx\/portal\/wp-content\/uploads\/2018\/01\/Minuta-Comisi\u00f3n-Artesan\u00edas-11-Diciembre-2017.pdf\">Minuta Comisi\u00f3n Artesan\u00edas 11 Diciembre 2017<\/a><\/p>\n<p>[\/expand]<\/p>\n<p><strong>[expand title=\u00bbSesi\u00f3n Conjunta Comisiones Reglamentos, Puntos Constitucionales, Redacci\u00f3n y Estilo ; Artesan\u00edas 11 Diciembre 2017&#8243;]<\/strong><\/p>\n<p><a href=\"https:\/\/tonala.gob.mx\/portal\/wp-content\/uploads\/2018\/02\/Minuta-Sesi\u00f3n-Conjunta-Comisiones-Reglamentos-Puntos-Constitucionales-Redaccci\u00f3n-y-Estilo-y-Artesanias-11-Diciembre-2017.pdf\">Minuta Sesi\u00f3n Conjunta Comisiones Reglamentos, Puntos Constitucionales, Redacci\u00f3n y Estilo ; Artesan\u00edas 11 Diciembre 2017<\/a><\/p>\n<p><a href=\"https:\/\/tonala.gob.mx\/portal\/wp-content\/uploads\/2018\/02\/O.-D.-Sesi\u00f3n-Conjunta-Comisiones-Reglamentos-Puntos-Constitucionales-Redacci\u00f3n-y-Estilo-y-Artesanias-11-Diciembre-2017.pdf\">O. D. Sesi\u00f3n Conjunta Comisiones Reglamentos, Puntos Constitucionales, Redacci\u00f3n y Estilo ; Artesan\u00edas 11 Diciembre 2017<\/a><\/p>\n<p><a href=\"https:\/\/tonala.gob.mx\/portal\/wp-content\/uploads\/2018\/02\/Lista-Asistencia-Sesi\u00f3n-Conjunta-Comisiones-Reglamentos-Puntos-Constitucionales-Redacci\u00f3n-y-Estilo-y-Artesanias-11-Diciembre-2017.pdf\">Lista Asistencia Sesi\u00f3n Conjunta Comisiones Reglamentos, Puntos Constitucionales, Redacci\u00f3n y Estilo ; Artesan\u00edas 11 Diciembre 2017<\/a><\/p>\n<p>[\/expand]<\/p>\n<p><strong>2018<\/strong><\/p>\n<p><strong>[expand title=\u00bbComisi\u00f3n Artesan\u00edas 19 Enero 2018&#8243;]<\/strong><\/p>\n<p><a href=\"https:\/\/tonala.gob.mx\/portal\/wp-content\/uploads\/2018\/06\/Minuta-Comisi\u00f3n-Artesan\u00edas-19-Enero-2018.pdf\">Minuta Comisi\u00f3n Artesan\u00edas 19 Enero 2018<\/a><\/p>\n<p>[\/expand]<\/p>\n<p><strong>[expand title=\u00bbComisi\u00f3n Artesan\u00edas 13 Febrero 2018&#8243;]<\/strong><\/p>\n<p><a href=\"https:\/\/tonala.gob.mx\/portal\/wp-content\/uploads\/2018\/06\/Minuta-Comisi\u00f3n-Artesan\u00edas-13-Febrero-2018.pdf\">Minuta Comisi\u00f3n Artesan\u00edas 13 Febrero 2018<\/a><\/p>\n<p>[\/expand]<\/p>\n<p><strong>[expand title=\u00bbComisi\u00f3n Artesan\u00edas 23 Marzo 2018&#8243;]<\/strong><\/p>\n<p><a href=\"https:\/\/tonala.gob.mx\/portal\/wp-content\/uploads\/2018\/06\/Minuta-Comisi\u00f3n-Artesan\u00edas-23-Marzo-2018-2.pdf\">Minuta Comisi\u00f3n Artesan\u00edas 23 Marzo 2018<\/a><\/p>\n<p><a href=\"https:\/\/tonala.gob.mx\/portal\/wp-content\/uploads\/2018\/06\/Minuta-Comisi\u00f3n-Artesan\u00edas-23-Marzo-2018.pdf\">O.D y Asistencia Comisi\u00f3n Artesan\u00edas 23 Marzo 2018<\/a><\/p>\n<p>[\/expand]<\/p>\n<p><strong>[expand title=\u00bbComisi\u00f3n Artesan\u00edas 27 Abril 2018&#8243;]<\/strong><\/p>\n<p><a href=\"https:\/\/tonala.gob.mx\/portal\/wp-content\/uploads\/2018\/06\/Minuta-Comisi\u00f3n-Artesan\u00edas-27-Abril-2018.pdf\">Minuta Comisi\u00f3n Artesan\u00edas 27 Abril 2018<\/a><\/p>\n<p>[\/expand]<\/p>\n<p><strong>[expand title=\u00bbSesi\u00f3n Conjunta Comisiones Artesan\u00edas y Hacienda 14 Mayo 2018&#8243;]<\/strong><\/p>\n<p><a href=\"https:\/\/tonala.gob.mx\/portal\/wp-content\/uploads\/2018\/06\/Sesi\u00f3n-Conjunta-Comisiones-Artesan\u00edas-y-Hacienda-14-Mayo-2018-1.pdf\">Minuta Sesi\u00f3n Conjunta Comisiones Artesan\u00edas y Hacienda 14 Mayo 2018<\/a><\/p>\n<p>[\/expand]<\/p>\n<p><strong>[expand title=\u00bbComisi\u00f3n Artesan\u00edas Junio 2018&#8243;]<\/strong><\/p>\n<p>[\/expand]<\/p>\n<p><strong>[expand title=\u00bbComisi\u00f3n Artesan\u00edas Julio 2018&#8243;]<\/strong><\/p>\n<p>[\/expand]<\/p>\n<p><strong>[expand title=\u00bbComisi\u00f3n Artesan\u00edas Agosto 2018&#8243;]<\/strong><\/p>\n<p>[\/expand]<\/p>\n<p><strong>[expand title=\u00bbComisi\u00f3n Artesan\u00edas Septiembre 2018&#8243;]<\/strong><\/p>\n<p>[\/expand]<\/p>\n<p><strong>[expand title=\u00bbComisi\u00f3n Artesan\u00edas Octubre 2018&#8243;]<\/strong><\/p>\n<p>[\/expand]<\/p>\n<p><strong>[expand title=\u00bbComisi\u00f3n Artesan\u00edas Noviembre 2018&#8243;]<\/strong><\/p>\n<p>[\/expand]<\/p>\n<p><strong>[expand title=\u00bbComisi\u00f3n Artesan\u00edas Diciembre 2018&#8243;]<\/strong><\/p>\n<p>[\/expand]<\/p>\n","protected":false},"excerpt":{"rendered":"<p>Plan de Trabajo\u00a02015 Plan de Trabajo Artesan\u00edas\u00a0\u00a02016-2018 A\u00f1o 2015 [expand title=\u00bbComisi\u00f3n Artesan\u00edas 09 Octubre 2015&#8243;] Artesan\u00edas 09 Octubre 2015 O.D.<\/p>\n","protected":false},"author":1,"featured_media":0,"parent":0,"menu_order":0,"comment_status":"closed","ping_status":"closed","template":"","meta":{"colormag_page_container_layout":"default_layout","colormag_page_sidebar_layout":"default_layout","footnotes":""},"class_list":["post-4310","page","type-page","status-publish","hentry"],"_links":{"self":[{"href":"https:\/\/tonala.gob.mx\/portal\/wp-json\/wp\/v2\/pages\/4310","targetHints":{"allow":["GET"]}}],"collection":[{"href":"https:\/\/tonala.gob.mx\/portal\/wp-json\/wp\/v2\/pages"}],"about":[{"href":"https:\/\/tonala.gob.mx\/portal\/wp-json\/wp\/v2\/types\/page"}],"author":[{"embeddable":true,"href":"https:\/\/tonala.gob.mx\/portal\/wp-json\/wp\/v2\/users\/1"}],"replies":[{"embeddable":true,"href":"https:\/\/tonala.gob.mx\/portal\/wp-json\/wp\/v2\/comments?post=4310"}],"version-history":[{"count":34,"href":"https:\/\/tonala.gob.mx\/portal\/wp-json\/wp\/v2\/pages\/4310\/revisions"}],"predecessor-version":[{"id":18461,"href":"https:\/\/tonala.gob.mx\/portal\/wp-json\/wp\/v2\/pages\/4310\/revisions\/18461"}],"wp:attachment":[{"href":"https:\/\/tonala.gob.mx\/portal\/wp-json\/wp\/v2\/media?parent=4310"}],"curies":[{"name":"wp","href":"https:\/\/api.w.org\/{rel}","templated":true}]}}