{"id":4065,"date":"2016-07-01T18:29:46","date_gmt":"2016-07-01T18:29:46","guid":{"rendered":"http:\/\/tonala.gob.mx\/portal\/?page_id=4065"},"modified":"2018-08-28T12:39:07","modified_gmt":"2018-08-28T18:39:07","slug":"comision-de-salubridad-e-higiene","status":"publish","type":"page","link":"https:\/\/tonala.gob.mx\/portal\/comision-de-salubridad-e-higiene\/","title":{"rendered":"Comisi\u00f3n de Salubridad e Higiene"},"content":{"rendered":"<p><strong><a href=\"https:\/\/tonala.gob.mx\/portal\/assets\/PROGRAMA%20DE%20TRABAJO%20FLORENTINO%20MARQUEZ%20GARCIA.pdf\">Plan de Trabajo<\/a>\u00a02015<\/strong><\/p>\n<p><strong><a href=\"https:\/\/tonala.gob.mx\/portal\/wp-content\/uploads\/2016\/10\/Comision-Salubridad-e-Higiene.pdf\">Plan de Trabajo Salubridad e Higiene<\/a>\u00a02016-2018<\/strong><\/p>\n<p><strong>A\u00f1o 2015<\/strong><\/p>\n<p><strong>[expand title=\u00bbComisi\u00f3n Salubridad e Higiene 13 Octubre 2015&#8243;]<\/strong><\/p>\n<p><a href=\"https:\/\/tonala.gob.mx\/portal\/wp-content\/uploads\/2016\/06\/Salubridad_e_Higiene_13_Octubre_2015.pdf\">Comisiones Salubridad e Higiene 13 Octubre 2015<\/a><\/p>\n<p>[\/expand]<\/p>\n<p><strong>[expand title=\u00bbComisi\u00f3n Salubridad e Higiene Noviembre 2015&#8243;]<\/strong><\/p>\n<p><a href=\"https:\/\/tonala.gob.mx\/portal\/wp-content\/uploads\/2016\/10\/No-se-realizaron-sesiones-este-mes.pdf\">Comisi\u00f3n Salubridad e Higiene Noviembre 2015<\/a><\/p>\n<p>[\/expand]<\/p>\n<p><strong>[expand title=\u00bbComisi\u00f3n Salubridad e Higiene 01 Diciembre 2015&#8243;]<\/strong><br \/>\n<a href=\"https:\/\/tonala.gob.mx\/portal\/wp-content\/uploads\/2016\/06\/Seguridad_e_Higiene_1_Diciembre_2015.pdf\">Comisi\u00f3n Salubridad e Higiene 1 de Diciembre 2015<\/a><\/p>\n<p>[\/expand]<\/p>\n<p><strong>A\u00f1o 2016<\/strong><\/p>\n<p><strong>[expand title=\u00bbComisi\u00f3n Salubridad e Higiene 23 Enero 2016&#8243;]<\/strong><\/p>\n<p><a href=\"https:\/\/tonala.gob.mx\/portal\/assets\/Comision%20Salubridad%20e%20Higiene%2025%20de%20Enero%20de%202016.pdf\">Comisi\u00f3n Salubridad e Higiene 25 de Enero de 2016<\/a><\/p>\n<p>[\/expand]<\/p>\n<p><strong>[expand title=\u00bbComisi\u00f3n Salubridad e Higiene 24 Febrero 2016&#8243;]<\/strong><\/p>\n<p><a href=\"https:\/\/tonala.gob.mx\/portal\/assets\/Comision%20Salubridad%20e%20Higiene%2024%20de%20Febrero%20de%202016.pdf\">Comisi\u00f3n Salubridad e Higiene 24 de Febrero de 2016<\/a><\/p>\n<p>[\/expand]<\/p>\n<p><strong>[expand title=\u00bbComisi\u00f3n Salubridad e Higiene 11 de Marzo de 2016&#8243;]<\/strong><\/p>\n<p><a href=\"https:\/\/tonala.gob.mx\/portal\/wp-content\/uploads\/2016\/08\/Salubridad_e_Higiene_11_Marzo_2016.pdf\">Comisi\u00f3n Salubridad e Higiene 11 de Marzo de 2016<\/a><br \/>\n<a href=\"https:\/\/tonala.gob.mx\/portal\/wp-content\/uploads\/2016\/08\/O.D._Salubridad_e_Higiene_11_Marzo_2016.pdf\">O.D. Salubridad e Higiene 11 de Marzo de 2016<\/a><br \/>\n<a href=\"https:\/\/tonala.gob.mx\/portal\/wp-content\/uploads\/2016\/08\/Asistencia_Salubridad_e_Higiene_11_Marzo_2016.pdf\">Asistencia Salubridad e Higiene 11 de Marzo de 2016<\/a><\/p>\n<p>[\/expand]<\/p>\n<p><strong>[expand title=\u00bbComisi\u00f3n Salubridad e Higiene 26 de Abril de 2016&#8243;]<\/strong><\/p>\n<p><a href=\"https:\/\/tonala.gob.mx\/portal\/wp-content\/uploads\/2016\/08\/Salubridad_e_Higiene_26_Abril_2016.pdf\">Comisi\u00f3n Salubridad e Higiene 26 de Abril de 2016<\/a><br \/>\n<a href=\"https:\/\/tonala.gob.mx\/portal\/wp-content\/uploads\/2016\/08\/O.D._Salubridad_e_Higiene_26_Abril_2016.pdf\">O.D. Salubridad e Higiene 26 de Abril de 2016<\/a><br \/>\n<a href=\"https:\/\/tonala.gob.mx\/portal\/wp-content\/uploads\/2016\/08\/Asistencia_Salubridad_e_Higiene_26_Abril_2016.pdf\">Asistencia Salubridad e Higiene 26 de Abril de 2016<\/a><\/p>\n<p>[\/expand]<\/p>\n<p><strong>[expand title=\u00bbComisi\u00f3n Salubridad e Higiene 26 de Mayo de 2016&#8243;]<\/strong><\/p>\n<p><a href=\"https:\/\/tonala.gob.mx\/portal\/wp-content\/uploads\/2016\/08\/Salubridad_e_Higiene_26_Mayo_2016.pdf\">Comisi\u00f3n Salubridad e Higiene 26 de Mayo de 2016<\/a><br \/>\n<a href=\"https:\/\/tonala.gob.mx\/portal\/wp-content\/uploads\/2016\/08\/O.D._Salubridad_e_Higiene_26_Mayo_2016.pdf\">O.D. Salubridad e Higiene 26 de Mayo de 2016<\/a><br \/>\n<a href=\"https:\/\/tonala.gob.mx\/portal\/wp-content\/uploads\/2016\/08\/Asistencia_Salubridad_e_Higiene_26_Mayo_2016.pdf\">Asistencia Salubridad e Higiene 26 de Mayo de 2016<\/a><\/p>\n<p>[\/expand]<\/p>\n<p><strong>[expand title=\u00bbComisi\u00f3n Salubridad e Higiene 21 de Junio de 2016&#8243;]<\/strong><\/p>\n<p><a href=\"https:\/\/tonala.gob.mx\/portal\/wp-content\/uploads\/2016\/09\/Salubridad_E_Higiene_21_Junio_2016.pdf\">Comisi\u00f3n Salubridad e Higiene 21 de Junio de 2016<\/a><\/p>\n<p><a href=\"https:\/\/tonala.gob.mx\/portal\/wp-content\/uploads\/2016\/09\/O.D._Salubridad_E_Higiene_21_Junio_2016.pdf\">O.D. Salubridad e Higiene 21 de Junio de 2016<\/a><\/p>\n<p><a href=\"https:\/\/tonala.gob.mx\/portal\/wp-content\/uploads\/2016\/09\/Asistencia_Salubridad_E_Higiene_21_Junio_2016.pdf\">Asistencia Salubridad e Higiene 21 de Junio de 2016<\/a><\/p>\n<p>[\/expand]<\/p>\n<p><strong>[expand title=\u00bbComisi\u00f3n Salubridad e Higiene 27 de Julio de 2016&#8243;]<\/strong><\/p>\n<p><a href=\"https:\/\/tonala.gob.mx\/portal\/wp-content\/uploads\/2016\/09\/Salubridad_e_Higiene_27_Julio_2016.pdf\">Comisi\u00f3n Salubridad e Higiene 27 de Julio de 2016<\/a><\/p>\n<p><a href=\"https:\/\/tonala.gob.mx\/portal\/wp-content\/uploads\/2016\/09\/O.D._Salubridad_e_Higiene_27_Julio_2016.pdf\">O.D. Salubridad e Higiene 27 de Julio de 2016<\/a><\/p>\n<p><a href=\"https:\/\/tonala.gob.mx\/portal\/wp-content\/uploads\/2016\/09\/Asistencia_Salubridad_e_Higiene_27_Julio_2016.pdf\">Asistencia Salubridad e Higiene 27 de Julio de 2016<\/a><\/p>\n<p>[\/expand]<\/p>\n<p><strong>[expand title=\u00bbComisi\u00f3n Salubridad e Higiene 29 Agosto 2016&#8243;]<\/strong><\/p>\n<p><a href=\"https:\/\/tonala.gob.mx\/portal\/wp-content\/uploads\/2016\/10\/Salubridad_E_Higiene_29_Agosto_2016.pdf\">Seguridad e Higiene 29 Agosto 2016<\/a><\/p>\n<p><a href=\"https:\/\/tonala.gob.mx\/portal\/wp-content\/uploads\/2016\/10\/O.D._Salubridad_E_Higiene_29_Agosto_2016.pdf\">O.D. Seguridad e Higiene 29 Agosto 2016<\/a><\/p>\n<p><a href=\"https:\/\/tonala.gob.mx\/portal\/wp-content\/uploads\/2016\/10\/Asistencia_Salubridad_e_Higiene_29_Agosto_2016.pdf\">Asistencia Seguridad e Higiene 29 Agosto 2016<\/a><\/p>\n<p>[\/expand]<\/p>\n<p><strong>[expand title=\u00bbComisi\u00f3n Salubridad e Higiene 29 Septiembre 2016&#8243;]<\/strong><\/p>\n<p><a href=\"https:\/\/tonala.gob.mx\/portal\/wp-content\/uploads\/2017\/02\/Comisi\u00f3n-Salubridad-e-Higiene-29-Septiembre-2016.pdf\">Comisi\u00f3n Salubridad e Higiene 29 Septiembre 2016<\/a><\/p>\n<p><a href=\"https:\/\/tonala.gob.mx\/portal\/wp-content\/uploads\/2017\/02\/O.D.-Salubridad-e-Higiene-29-Septiembre-2016.pdf\">O.D. Comisi\u00f3n Salubridad e Higiene 29 Septiembre 2016<\/a><\/p>\n<p><a href=\"https:\/\/tonala.gob.mx\/portal\/wp-content\/uploads\/2017\/02\/Asistencia-Salubridad-e-Higiene-29-Septiembre-2016.pdf\">Asistencia Comisi\u00f3n Salubridad e Higiene 29 Septiembre 2016<\/a><\/p>\n<p>[\/expand]<\/p>\n<p><strong>[expand title=\u00bbComisi\u00f3n Salubridad e Higiene 26 Octubre 2016&#8243;]<\/strong><\/p>\n<p><a href=\"https:\/\/tonala.gob.mx\/portal\/wp-content\/uploads\/2016\/11\/Seguridad-e-Higiene-26-Octubre-2016.pdf\">Seguridad e Higiene 26 Octubre 2016<\/a><\/p>\n<p><a href=\"https:\/\/tonala.gob.mx\/portal\/wp-content\/uploads\/2016\/11\/O.D.-Seguridad-e-Higiene-26-Octubre-2016.pdf\">O.D. Seguridad e Higiene 26 Octubre 2016<\/a><\/p>\n<p><a href=\"https:\/\/tonala.gob.mx\/portal\/wp-content\/uploads\/2016\/11\/Asistencia-Seguridad-e-Higiene-26-Octubre-2016.pdf\">Asistencia Seguridad e Higiene 26 Octubre 2016<\/a><\/p>\n<p>[\/expand]<\/p>\n<p><strong>[expand title=\u00bbComisi\u00f3n Salubridad e Higiene 16 Noviembre 2016&#8243;]<\/strong><\/p>\n<p><a href=\"https:\/\/tonala.gob.mx\/portal\/wp-content\/uploads\/2017\/01\/Seguridad_e_Higiene_16-_Noviembre_2016.pdf\">Seguridad e Higiene 16 Noviembre 2016<\/a><\/p>\n<p><a href=\"https:\/\/tonala.gob.mx\/portal\/wp-content\/uploads\/2017\/01\/O.D._Seguridad_e_Higiene_16-_Noviembre_2016.pdf\">O.D. Seguridad e Higiene 16 Noviembre 2016<\/a><\/p>\n<p><a href=\"https:\/\/tonala.gob.mx\/portal\/wp-content\/uploads\/2017\/01\/Asistencia_Seguridad_e_Higiene_16-_Noviembre_2016.pdf\">Asistencia Seguridad e Higiene 16 Noviembre 2016<\/a><\/p>\n<p>[\/expand]<\/p>\n<p><strong>[expand title=\u00bbComisi\u00f3n Salubridad e Higiene 08 Diciembre 2016&#8243;]<\/strong><\/p>\n<p><a href=\"https:\/\/tonala.gob.mx\/portal\/wp-content\/uploads\/2017\/02\/Salubridad_e_Higiene_8_Diciembre_2016.pdf\">Seguridad e Higiene 08 Diciembre 2016<\/a><\/p>\n<p><a href=\"https:\/\/tonala.gob.mx\/portal\/wp-content\/uploads\/2017\/02\/O.D._Salubridad_e_Higiene_8_Diciembre_2016.pdf\">O.D. Seguridad e Higiene 08 Diciembre 2016<\/a><\/p>\n<p><a href=\"https:\/\/tonala.gob.mx\/portal\/wp-content\/uploads\/2017\/02\/Asistencia_Salubridad_e_Higiene_8_Diciembre_2016.pdf\">Asistencia Seguridad e Higiene 08 Diciembre 2016<\/a><\/p>\n<p>[\/expand]<\/p>\n<p><strong>2017<\/strong><\/p>\n<p><strong>[expand title=\u00bbComisi\u00f3n Salubridad e Higiene 24 Enero 2017&#8243;]<\/strong><\/p>\n<p><a href=\"https:\/\/tonala.gob.mx\/portal\/wp-content\/uploads\/2017\/03\/Minuta-Comisi\u00f3n-Salubridad-e-Higiene-24-Enero-2017.pdf\">Comisi\u00f3n Salubridad e Higiene 24 Enero 2017<\/a><\/p>\n<p><a href=\"https:\/\/tonala.gob.mx\/portal\/wp-content\/uploads\/2017\/03\/O.D.-Comisi\u00f3n-Salubridad-e-Higiene-24-Enero-2017.pdf\">O.D. Salubridad e Higiene 24 Enero 2017<\/a><\/p>\n<p><a href=\"https:\/\/tonala.gob.mx\/portal\/wp-content\/uploads\/2017\/03\/Asistencia-Comisi\u00f3n-Salubridad-e-Higiene-24-Enero-2017.pdf\">Asistencia Salubridad e Higiene 24 Enero 2017<\/a><\/p>\n<p>[\/expand]<\/p>\n<p><strong>[expand title=\u00bbComisi\u00f3n Salubridad e Higiene 25 Enero 2017&#8243;]<\/strong><\/p>\n<p><a href=\"https:\/\/tonala.gob.mx\/portal\/wp-content\/uploads\/2018\/02\/Minuta-Comisi\u00f3n-Salubridad-e-Higiene-25-Enero-2017.pdf\">Minuta Comisi\u00f3n Salubridad e Higiene 25 Enero 2017<\/a><\/p>\n<p>[\/expand]<\/p>\n<p><strong>[expand title=\u00bbSesi\u00f3n Conjunta de las Comisiones Salubridad e Higiene y Justicia 24 Enero 2017&#8243;]<\/strong><\/p>\n<p><a href=\"https:\/\/tonala.gob.mx\/portal\/wp-content\/uploads\/2017\/03\/COMISION-EDILICIA-DE-SALUBRIDAD-E-HIGIENE-Y-JUSTICIA-24-ENERO-2017-REGIDOR-FLORENTINO-MARQUEZ.pdf\">Minuta Sesi\u00f3n Conjunta Comisiones Salubridad e Higiene y Justicia 24 Enero 2017<\/a><\/p>\n<p><a href=\"https:\/\/tonala.gob.mx\/portal\/wp-content\/uploads\/2017\/03\/Orden-del-D\u00eda-Sesi\u00f3n-de-Comi\u00f3n-Conjunta.pdf\">O.D. Sesi\u00f3n Conjunta Comisiones Salubridad e Higiene y Justicia 24 Enero 2017<\/a><\/p>\n<p><a href=\"https:\/\/tonala.gob.mx\/portal\/wp-content\/uploads\/2017\/03\/Lista-de-Asistencia-Comisi\u00f3n-de-SalubridadSesi\u00f3n-de-Comi\u00f3n-Conjunta.pdf\">Asistencia Comisi\u00f3n Salubridad e Higiene 24 Enero 2017<\/a><\/p>\n<p><a href=\"https:\/\/tonala.gob.mx\/portal\/wp-content\/uploads\/2017\/03\/Lista-de-Asistencia-Comisi\u00f3n-de-Justicia-Sesi\u00f3n-de-Comi\u00f3n-Conjunta.pdf\">Asistencia Comisi\u00f3n Justicia 24 Enero 2017<\/a><\/p>\n<p><a href=\"https:\/\/tonala.gob.mx\/portal\/wp-content\/uploads\/2017\/03\/Ratificaci\u00f3n-de-Convenio-COMUSIDA-Sesi\u00f3n-de-Comi\u00f3n-Conjunta.pdf\">Ratificaci\u00f3n del Convenio COMUSIDA<\/a><\/p>\n<p>[\/expand]<\/p>\n<p><strong>[expand title=\u00bbComisi\u00f3n Salubridad e Higiene 21 Febrero 2017&#8243;]<\/strong><\/p>\n<p><a href=\"https:\/\/tonala.gob.mx\/portal\/wp-content\/uploads\/2017\/03\/COMISION-DE-SALUBRIDAD-E-HIGIENE-21-DE-FEBRERO-2017.pdf\">Minuta Comisi\u00f3n Salubridad e Higiene 21 Febrero 2017<\/a><\/p>\n<p>[\/expand]<\/p>\n<p><strong>[expand title=\u00bbComisi\u00f3n Salubridad e Higiene 22 Marzo 2017&#8243;]<\/strong><\/p>\n<p><a href=\"https:\/\/tonala.gob.mx\/portal\/wp-content\/uploads\/2017\/05\/Minuta-Comisi\u00f3n-Salubridad-e-Higiene-22-Marzo-2017.pdf\">Minuta Comisi\u00f3n Salubridad e Higiene 22 Marzo 2017<\/a><\/p>\n<p><a href=\"https:\/\/tonala.gob.mx\/portal\/wp-content\/uploads\/2017\/05\/Lista-Asistencia-Comisi\u00f3n-Salubridad-e-Higiene-22-Marzo-2017.pdf\">Lista de Asistencia Comisi\u00f3n Salubridad e Higiene 22 Marzo 2017<\/a><\/p>\n<p>[\/expand]<\/p>\n<p><strong>[expand title=\u00bbComisi\u00f3n Salubridad e Higiene 05 Abril 2017&#8243;]<\/strong><\/p>\n<p><a href=\"https:\/\/tonala.gob.mx\/portal\/wp-content\/uploads\/2017\/05\/Minuta-Comisi\u00f3n-Salubridad-e-Higiene-05-Abril-2017.pdf\">Minuta Comisi\u00f3n Salubridad e Higiene 05 Abril 2017<\/a><\/p>\n<p><a href=\"https:\/\/tonala.gob.mx\/portal\/wp-content\/uploads\/2017\/05\/Lista-Asistencia-Comisi\u00f3n-Salubridad-e-Higiene-05-Abril-2017.pdf\">Lista de Asistencia Comisi\u00f3n Salubridad e Higiene 05 Abril 2017<\/a><\/p>\n<p>[\/expand]<\/p>\n<p><strong>[expand title=\u00bbComisi\u00f3n Salubridad e Higiene 09 Mayo 2017&#8243;]<\/strong><\/p>\n<p><a href=\"https:\/\/tonala.gob.mx\/portal\/wp-content\/uploads\/2017\/07\/Minuta-Comision-Salubridad-e-Higiene-09-Mayo-2017.pdf\">Minuta Comisi\u00f3n Salubridad e Higiene 09 Mayo 2017<\/a><\/p>\n<p><a href=\"https:\/\/tonala.gob.mx\/portal\/wp-content\/uploads\/2017\/07\/Lista-de-Asistencia-Comisi\u00f3n-Salubridad-e-Higiene-09-Mayo-2017.pdf\">Lista de Asistencia Salubridad e Higiene 09 Mayo 2017<\/a><\/p>\n<p>[\/expand]<\/p>\n<p><strong>[expand title=\u00bbComisi\u00f3n Salubridad e Higiene 14 Junio 2017&#8243;]<\/strong><\/p>\n<p><a href=\"https:\/\/tonala.gob.mx\/portal\/wp-content\/uploads\/2017\/08\/Minuta-Comisi\u00f3n-Salubridad-e-Higiene-14-Junio-2017-.pdf\">Minuta Comisi\u00f3n Salubridad e Higiene 14 Junio 2017<\/a><\/p>\n<p>[\/expand]<\/p>\n<p><strong>[expand title=\u00bbPrimera Sesi\u00f3n Conjunta Comisiones Salubridad e Higiene, Reglamentos y Puntos Constitucionales, Redacci\u00f3n y Estilo 27 Junio 2017&#8243;]<\/strong><\/p>\n<p><a href=\"https:\/\/tonala.gob.mx\/portal\/wp-content\/uploads\/2018\/01\/Minuta-Sesi\u00f3n-Conjunta-Comisiones-Salubridad-e-Higiene-Reglamentos-y-Puntos-Constitucionales-Redacci\u00f3n-y-Estilo-27-Junio-2017.pdf\">Minuta Primera Sesi\u00f3n Conjunta Comisiones Salubridad e Higiene, Reglamentos y Puntos Constitucionales, Redacci\u00f3n y Estilo 27 Junio 2017<\/a><\/p>\n<p>[\/expand]<\/p>\n<p><strong>[expand title=\u00bbComisi\u00f3n Salubridad e Higiene 25 Julio 2017&#8243;]<\/strong><\/p>\n<p><a href=\"https:\/\/tonala.gob.mx\/portal\/wp-content\/uploads\/2017\/08\/Minuta-Comisi\u00f3n-Salubridad-e-Higiene-25-Julio-2017.pdf\">Minuta Comisi\u00f3n Salubridad e Higiene 25 Julio 2017<\/a><\/p>\n<p><a href=\"https:\/\/tonala.gob.mx\/portal\/wp-content\/uploads\/2017\/08\/Lista-de-Asistencia-Comisi\u00f3n-Salubridad-e-Higiene-25-Julio-2017.pdf\">Lista de Asistencia Comisi\u00f3n Salubridad e Higiene 25 Julio 2017<\/a><\/p>\n<p>[\/expand]<\/p>\n<p><strong>[expand title=\u00bbComisi\u00f3n Salubridad e Higiene 16 Agosto 2017&#8243;]<\/strong><\/p>\n<p><a href=\"https:\/\/tonala.gob.mx\/portal\/wp-content\/uploads\/2017\/10\/Minuta-Comisi\u00f3n-Salubridad-e-Higiene-16-Agosto-2017.pdf\">Minuta Comisi\u00f3n Salubridad e Higiene 16 Agosto 2017<\/a><\/p>\n<p>[\/expand]<\/p>\n<p><strong>[expand title=\u00bbComisi\u00f3n Salubridad e Higiene 27 Septiembre 2017&#8243;]<\/strong><\/p>\n<p><a href=\"https:\/\/tonala.gob.mx\/portal\/wp-content\/uploads\/2017\/11\/Minuta-Comisi\u00f3n-Salubridad-e-Higiene-27-Septiembre-2017.pdf\">Minuta Comisi\u00f3n Salubridad e Higiene 27 Septiembre 2017<\/a><\/p>\n<p>[\/expand]<\/p>\n<p><strong>[expand title=\u00bbComisi\u00f3n Salubridad e Higiene 25 Octubre 2017&#8243;]<\/strong><\/p>\n<p><a href=\"https:\/\/tonala.gob.mx\/portal\/wp-content\/uploads\/2018\/01\/Minuta-Comisi\u00f3n-Salubridad-e-Higiene-25-Octubre-2017.pdf\">Minuta Comisi\u00f3n Salubridad e Higiene 25 Octubre 2017<\/a><\/p>\n<p>[\/expand]<\/p>\n<p><strong>[expand title=\u00bbSegunda<\/strong>\u00a0<strong>Sesi\u00f3n Conjunta Comisiones Salubridad e Higiene, Reglamentos y Puntos Constitucionales, Redacci\u00f3n y Estilo 15 Noviembre 2017&#8243;]<\/strong><\/p>\n<p>M<a href=\"https:\/\/tonala.gob.mx\/portal\/wp-content\/uploads\/2018\/01\/Minuta-Sesi\u00f3n-Conjunta-Comisiones-Salubridad-e-Higiene-Reglamentos-y-Puntos-Constitucionales-Redacci\u00f3n-y-Estilo-15-Noviembre-2017.pdf\">inuta Segunda Sesi\u00f3n Conjunta Comisiones Salubridad e Higiene, Reglamentos y Puntos Constitucionales, Redacci\u00f3n y Estilo 15 Noviembre 2017<\/a><\/p>\n<p>[\/expand]<\/p>\n<p><strong>[expand title=\u00bbComisi\u00f3n Salubridad e Higiene 28 Noviembre 2017&#8243;]<\/strong><\/p>\n<p><a href=\"https:\/\/tonala.gob.mx\/portal\/wp-content\/uploads\/2018\/01\/Minuta-Comisi\u00f3n-Salubridad-e-Higiene-28-Noviembre-2017.pdf\">Minuta Comisi\u00f3n Salubridad e Higiene 28 Noviembre 2017<\/a><\/p>\n<p>[\/expand]<\/p>\n<p><strong>[expand title=\u00bbComisi\u00f3n Salubridad e Higiene 18 Diciembre 2017&#8243;]<\/strong><\/p>\n<p><a href=\"https:\/\/tonala.gob.mx\/portal\/wp-content\/uploads\/2018\/01\/Minuta-Comisi\u00f3n-Salubridad-e-Higiene-18-Diciembre-2017.pdf\">Minuta Comisi\u00f3n Salubridad e Higiene 18 Diciembre 2017<\/a><\/p>\n<p>[\/expand]<\/p>\n<p><strong>2018<\/strong><\/p>\n<p><strong>[expand title=\u00bbComisi\u00f3n Salubridad e Higiene 24 Enero 2018&#8243;]<\/strong><\/p>\n<p><a href=\"https:\/\/tonala.gob.mx\/portal\/wp-content\/uploads\/2018\/03\/Minuta-Salubridad-e-Higiene-24-Enero-2018.pdf\">Minuta Comisi\u00f3n Salubridad e Higiene 24 Enero 2018<\/a><\/p>\n<p>[\/expand]<\/p>\n<p><strong>[expand title=\u00bbComisi\u00f3n Salubridad e Higiene 21 Febrero 2018&#8243;]<\/strong><\/p>\n<p><a href=\"https:\/\/tonala.gob.mx\/portal\/wp-content\/uploads\/2018\/05\/Minuta-Comisi\u00f3n-Salubridad-e-Higiene-21-Febrero-2018.pdf\">Minuta Comisi\u00f3n Salubridad e Higiene 21 Febrero 2018<\/a><\/p>\n<p>[\/expand]<\/p>\n<p><strong>[expand title=\u00bbComisi\u00f3n Salubridad e Higiene 21 Marzo 2018&#8243;]<\/strong><\/p>\n<p><a href=\"https:\/\/tonala.gob.mx\/portal\/wp-content\/uploads\/2018\/06\/Minuta-Comisi\u00f3n-Salubridad-e-Higiene-21-Marzo-2018-1.pdf\">Minuta Comisi\u00f3n Salubridad e Higiene 21 Marzo 2018<\/a><\/p>\n<p>[\/expand]<\/p>\n<p><strong>[expand title=\u00bbComisi\u00f3n Salubridad e Higiene 27 Abril 2018&#8243;]<\/strong><\/p>\n<p><a href=\"https:\/\/tonala.gob.mx\/portal\/wp-content\/uploads\/2018\/06\/Minuta-Comisi\u00f3n-Salubridad-e-Higiene-27-Abril-2018.pdf\">Minuta Comisi\u00f3n Salubridad e Higiene 27 Abril 2018<\/a><\/p>\n<p>[\/expand]<\/p>\n<p><strong>[expand title=\u00bbComisi\u00f3n Salubridad e Higiene 25 Mayo 2018&#8243;]<\/strong><\/p>\n<p><a href=\"https:\/\/tonala.gob.mx\/portal\/wp-content\/uploads\/2018\/07\/Minuta-Comisi\u00f3n-Salubridad-e-Higiene-28-Mayo-2018.pdf\">Minuta Comisi\u00f3n Salubridad e Higiene 25 Mayo 2018<\/a><\/p>\n<p><a href=\"https:\/\/tonala.gob.mx\/portal\/wp-content\/uploads\/2018\/06\/Minuta-Comisi\u00f3n-Salubridad-e-Higiene-25-Mayo-2018.pdf\">Minuta Comisi\u00f3n Salubridad e Higiene 25 Mayo 2018 (Estenogr\u00e1fica)<\/a><\/p>\n<p>[\/expand]<\/p>\n<p><strong>[expand title=\u00bbComisi\u00f3n Salubridad e Higiene 27 Junio 2018&#8243;]<\/strong><\/p>\n<p><a href=\"https:\/\/tonala.gob.mx\/portal\/wp-content\/uploads\/2018\/08\/Trigesima-Segunda-Sesion-Ordinaria-de-la-Comision-de-Salubridad-e-Higiene-27-Junio-del-2018.pdf\">Minuta Comisi\u00f3n Salubridad e Higiene 27 Junio 2018\u00a0<\/a><\/p>\n<p><a href=\"https:\/\/tonala.gob.mx\/portal\/wp-content\/uploads\/2018\/07\/Minuta-Comisi\u00f3n-Salubridad-e-Higiene-27-Junio-2018-Versi\u00f3n-Estenogr\u00e1fica.pdf\">Minuta Comisi\u00f3n Salubridad e Higiene 27 Junio 2018 (Versi\u00f3n Estenogr\u00e1fica)<\/a><\/p>\n<p>[\/expand]<\/p>\n<p><strong>[expand title=\u00bbComisio\u0301n de Salubridad e Higiene 19 de Julio del 2018&#8243;]<\/strong><\/p>\n<p><a href=\"https:\/\/tonala.gob.mx\/portal\/wp-content\/uploads\/2018\/08\/Trigesima-Tercera-Sesio\u0301n-Ordinaria-de-la-Comisio\u0301n-de-SAlubridad-e-Higiene-19-de-Julio-del-2018.pdf\">Minuta Comisio\u0301n de Salubridad e Higiene 19 de Julio del 2018<\/a><\/p>\n<p>[\/expand]<\/p>\n","protected":false},"excerpt":{"rendered":"<p>Plan de Trabajo\u00a02015 Plan de Trabajo Salubridad e Higiene\u00a02016-2018 A\u00f1o 2015 [expand title=\u00bbComisi\u00f3n Salubridad e Higiene 13 Octubre 2015&#8243;] Comisiones<\/p>\n","protected":false},"author":1,"featured_media":0,"parent":0,"menu_order":0,"comment_status":"closed","ping_status":"closed","template":"","meta":{"colormag_page_container_layout":"default_layout","colormag_page_sidebar_layout":"default_layout","footnotes":""},"class_list":["post-4065","page","type-page","status-publish","hentry"],"_links":{"self":[{"href":"https:\/\/tonala.gob.mx\/portal\/wp-json\/wp\/v2\/pages\/4065","targetHints":{"allow":["GET"]}}],"collection":[{"href":"https:\/\/tonala.gob.mx\/portal\/wp-json\/wp\/v2\/pages"}],"about":[{"href":"https:\/\/tonala.gob.mx\/portal\/wp-json\/wp\/v2\/types\/page"}],"author":[{"embeddable":true,"href":"https:\/\/tonala.gob.mx\/portal\/wp-json\/wp\/v2\/users\/1"}],"replies":[{"embeddable":true,"href":"https:\/\/tonala.gob.mx\/portal\/wp-json\/wp\/v2\/comments?post=4065"}],"version-history":[{"count":41,"href":"https:\/\/tonala.gob.mx\/portal\/wp-json\/wp\/v2\/pages\/4065\/revisions"}],"predecessor-version":[{"id":19827,"href":"https:\/\/tonala.gob.mx\/portal\/wp-json\/wp\/v2\/pages\/4065\/revisions\/19827"}],"wp:attachment":[{"href":"https:\/\/tonala.gob.mx\/portal\/wp-json\/wp\/v2\/media?parent=4065"}],"curies":[{"name":"wp","href":"https:\/\/api.w.org\/{rel}","templated":true}]}}