{"id":38298,"date":"2025-12-02T12:23:36","date_gmt":"2025-12-02T18:23:36","guid":{"rendered":"https:\/\/tonala.gob.mx\/portal\/?page_id=38298"},"modified":"2026-04-15T17:36:56","modified_gmt":"2026-04-15T23:36:56","slug":"ruta-souvenir","status":"publish","type":"page","link":"https:\/\/tonala.gob.mx\/portal\/ruta-souvenir\/","title":{"rendered":""},"content":{"rendered":"\n<p class=\"has-text-align-center\"><img fetchpriority=\"high\" decoding=\"async\" width=\"800\" height=\"197\" class=\"wp-image-38293\" style=\"width: 800px;\" src=\"https:\/\/tonala.gob.mx\/portal\/wp-content\/uploads\/2025\/12\/souvenirs.png\" alt=\"\" srcset=\"https:\/\/tonala.gob.mx\/portal\/wp-content\/uploads\/2025\/12\/souvenirs.png 900w, https:\/\/tonala.gob.mx\/portal\/wp-content\/uploads\/2025\/12\/souvenirs-300x74.png 300w, https:\/\/tonala.gob.mx\/portal\/wp-content\/uploads\/2025\/12\/souvenirs-768x189.png 768w\" sizes=\"(max-width: 800px) 100vw, 800px\" \/><\/p>\n\n\n\n<p class=\"has-text-align-center\"><iframe src=\"https:\/\/www.google.com\/maps\/embed?pb=!1m16!1m12!1m3!1d6558.054025970456!2d-103.2477525583252!3d20.624018174106997!2m3!1f0!2f0!3f0!3m2!1i1024!2i768!4f13.1!2m1!1ssouvenir!5e0!3m2!1ses!2smx!4v1764699660204!5m2!1ses!2smx\" width=\"800\" height=\"450\" style=\"border:0;\" allowfullscreen=\"\" loading=\"lazy\" referrerpolicy=\"no-referrer-when-downgrade\"><\/iframe><\/p>\n\n\n\n<div class=\"wp-block-columns is-layout-flex wp-container-core-columns-is-layout-28f84493 wp-block-columns-is-layout-flex\">\n<div class=\"wp-block-column is-layout-flow wp-block-column-is-layout-flow\" style=\"flex-basis:33.33%\">\n<figure class=\"wp-block-image size-large\"><img decoding=\"async\" width=\"2560\" height=\"1920\" src=\"https:\/\/tonala.gob.mx\/portal\/wp-content\/uploads\/2026\/03\/image-Karen-Moctezuma-Martinez-edited-scaled.jpg\" alt=\"\" class=\"wp-image-38718\" style=\"aspect-ratio:1;object-fit:cover\" srcset=\"https:\/\/tonala.gob.mx\/portal\/wp-content\/uploads\/2026\/03\/image-Karen-Moctezuma-Martinez-edited-scaled.jpg 2560w, https:\/\/tonala.gob.mx\/portal\/wp-content\/uploads\/2026\/03\/image-Karen-Moctezuma-Martinez-edited-300x225.jpg 300w, https:\/\/tonala.gob.mx\/portal\/wp-content\/uploads\/2026\/03\/image-Karen-Moctezuma-Martinez-edited-1024x768.jpg 1024w, https:\/\/tonala.gob.mx\/portal\/wp-content\/uploads\/2026\/03\/image-Karen-Moctezuma-Martinez-edited-768x576.jpg 768w, https:\/\/tonala.gob.mx\/portal\/wp-content\/uploads\/2026\/03\/image-Karen-Moctezuma-Martinez-edited-1536x1152.jpg 1536w, https:\/\/tonala.gob.mx\/portal\/wp-content\/uploads\/2026\/03\/image-Karen-Moctezuma-Martinez-edited-2048x1536.jpg 2048w\" sizes=\"(max-width: 2560px) 100vw, 2560px\" \/><\/figure>\n\n\n\n<p><a href=\"https:\/\/www.facebook.com\/RepujadoSanBenitoNo1\"><img decoding=\"async\" width=\"512\" height=\"512\" class=\"wp-image-38023\" style=\"caret-color: rgb(0, 0, 0); color: rgb(0, 0, 0); white-space: normal; width: 50px;\" src=\"https:\/\/tonala.gob.mx\/portal\/wp-content\/uploads\/2025\/10\/facebook.png\" alt=\"\" srcset=\"https:\/\/tonala.gob.mx\/portal\/wp-content\/uploads\/2025\/10\/facebook.png 512w, https:\/\/tonala.gob.mx\/portal\/wp-content\/uploads\/2025\/10\/facebook-300x300.png 300w, https:\/\/tonala.gob.mx\/portal\/wp-content\/uploads\/2025\/10\/facebook-150x150.png 150w\" sizes=\"(max-width: 512px) 100vw, 512px\" \/><\/a> <\/p>\n<\/div>\n\n\n\n<div class=\"wp-block-column is-layout-flow wp-block-column-is-layout-flow\" style=\"flex-basis:66.66%\">\n<p><strong>Repujados San Benito<\/strong><\/p>\n\n\n\n<p>Mayoreo y menudeo de juegos de primera comuni\u00f3n, bautizos, bodas, XV A\u00f1os, forros para biblia.<br><br><strong>Lunes a s\u00e1bado 10:00 a 18:00 hrs <\/strong><br><strong>Domingo 10:00 a 16:00 hrs<\/strong><\/p>\n\n\n\n<p><a href=\"https:\/\/maps.app.goo.gl\/s1pW8bLDjs1C7C7BA\">Av. Benito Ju\u00e1rez 215, Tonal\u00e1 Centro, 45400 Tonal\u00e1, Jal.<\/a><br><\/p>\n<\/div>\n<\/div>\n\n\n\n<div class=\"wp-block-columns is-layout-flex wp-container-core-columns-is-layout-28f84493 wp-block-columns-is-layout-flex\">\n<div class=\"wp-block-column is-layout-flow wp-block-column-is-layout-flow\" style=\"flex-basis:33.33%\">\n<figure class=\"wp-block-image size-large\"><a href=\"https:\/\/tonala.gob.mx\/portal\/wp-content\/uploads\/2026\/03\/imagen-14.png\"><img loading=\"lazy\" decoding=\"async\" width=\"1024\" height=\"576\" src=\"https:\/\/tonala.gob.mx\/portal\/wp-content\/uploads\/2026\/03\/imagen-14-1024x576.png\" alt=\"\" class=\"wp-image-38727\" style=\"aspect-ratio:1;object-fit:cover\" srcset=\"https:\/\/tonala.gob.mx\/portal\/wp-content\/uploads\/2026\/03\/imagen-14-1024x576.png 1024w, https:\/\/tonala.gob.mx\/portal\/wp-content\/uploads\/2026\/03\/imagen-14-300x169.png 300w, https:\/\/tonala.gob.mx\/portal\/wp-content\/uploads\/2026\/03\/imagen-14-768x432.png 768w, https:\/\/tonala.gob.mx\/portal\/wp-content\/uploads\/2026\/03\/imagen-14-1536x864.png 1536w, https:\/\/tonala.gob.mx\/portal\/wp-content\/uploads\/2026\/03\/imagen-14.png 1920w\" sizes=\"(max-width: 1024px) 100vw, 1024px\" \/><\/a><\/figure>\n\n\n\n<p><a href=\"https:\/\/www.facebook.com\/people\/Artesan%C3%ADas-Santiago\/100065137105245\/\"><img decoding=\"async\" width=\"512\" height=\"512\" class=\"wp-image-38023\" style=\"caret-color: rgb(0, 0, 0); color: rgb(0, 0, 0); white-space: normal; width: 50px;\" src=\"https:\/\/tonala.gob.mx\/portal\/wp-content\/uploads\/2025\/10\/facebook.png\" alt=\"\" srcset=\"https:\/\/tonala.gob.mx\/portal\/wp-content\/uploads\/2025\/10\/facebook.png 512w, https:\/\/tonala.gob.mx\/portal\/wp-content\/uploads\/2025\/10\/facebook-300x300.png 300w, https:\/\/tonala.gob.mx\/portal\/wp-content\/uploads\/2025\/10\/facebook-150x150.png 150w\" sizes=\"(max-width: 512px) 100vw, 512px\" \/><\/a><\/p>\n<\/div>\n\n\n\n<div class=\"wp-block-column is-layout-flow wp-block-column-is-layout-flow\" style=\"flex-basis:66.66%\">\n<p><strong>Artesan\u00edas Santiago<\/strong><\/p>\n\n\n\n<p>Mayoreo y menudeo en recuerdos y manualidades para bodas, bautizos etc.<br><br><strong>Lunes a domingo de 10:30 a 18:30 hrs<\/strong><\/p>\n\n\n\n<p><a href=\"https:\/\/maps.app.goo.gl\/s1pW8bLDjs1C7C7BA\">Av. Benito Ju\u00e1rez 215, Tonal\u00e1 Centro, 45400 Tonal\u00e1, Jal.<\/a><br><\/p>\n<\/div>\n<\/div>\n\n\n\n<div class=\"wp-block-columns is-layout-flex wp-container-core-columns-is-layout-28f84493 wp-block-columns-is-layout-flex\">\n<div class=\"wp-block-column is-layout-flow wp-block-column-is-layout-flow\" style=\"flex-basis:33.33%\">\n<figure class=\"wp-block-image size-large\"><a href=\"https:\/\/tonala.gob.mx\/portal\/wp-content\/uploads\/2026\/03\/image-Karen-Moctezuma-Martinez-2-scaled.jpg\"><img loading=\"lazy\" decoding=\"async\" width=\"1609\" height=\"1609\" src=\"https:\/\/tonala.gob.mx\/portal\/wp-content\/uploads\/2026\/03\/image-Karen-Moctezuma-Martinez-2-edited.jpg\" alt=\"\" class=\"wp-image-38731\" srcset=\"https:\/\/tonala.gob.mx\/portal\/wp-content\/uploads\/2026\/03\/image-Karen-Moctezuma-Martinez-2-edited.jpg 1609w, https:\/\/tonala.gob.mx\/portal\/wp-content\/uploads\/2026\/03\/image-Karen-Moctezuma-Martinez-2-edited-300x300.jpg 300w, https:\/\/tonala.gob.mx\/portal\/wp-content\/uploads\/2026\/03\/image-Karen-Moctezuma-Martinez-2-edited-1024x1024.jpg 1024w, https:\/\/tonala.gob.mx\/portal\/wp-content\/uploads\/2026\/03\/image-Karen-Moctezuma-Martinez-2-edited-150x150.jpg 150w, https:\/\/tonala.gob.mx\/portal\/wp-content\/uploads\/2026\/03\/image-Karen-Moctezuma-Martinez-2-edited-768x768.jpg 768w, https:\/\/tonala.gob.mx\/portal\/wp-content\/uploads\/2026\/03\/image-Karen-Moctezuma-Martinez-2-edited-1536x1536.jpg 1536w\" sizes=\"(max-width: 1609px) 100vw, 1609px\" \/><\/a><\/figure>\n\n\n\n<p><a href=\"https:\/\/wa.me\/3334965483\"><img loading=\"lazy\" decoding=\"async\" width=\"60\" height=\"60\" class=\"wp-image-38730\" style=\"width: 60px;\" src=\"https:\/\/tonala.gob.mx\/portal\/wp-content\/uploads\/2026\/03\/imagen-15-scaled.png\" alt=\"\" srcset=\"https:\/\/tonala.gob.mx\/portal\/wp-content\/uploads\/2026\/03\/imagen-15-scaled.png 2555w, https:\/\/tonala.gob.mx\/portal\/wp-content\/uploads\/2026\/03\/imagen-15-300x300.png 300w, https:\/\/tonala.gob.mx\/portal\/wp-content\/uploads\/2026\/03\/imagen-15-1022x1024.png 1022w, https:\/\/tonala.gob.mx\/portal\/wp-content\/uploads\/2026\/03\/imagen-15-150x150.png 150w, https:\/\/tonala.gob.mx\/portal\/wp-content\/uploads\/2026\/03\/imagen-15-768x770.png 768w, https:\/\/tonala.gob.mx\/portal\/wp-content\/uploads\/2026\/03\/imagen-15-1533x1536.png 1533w, https:\/\/tonala.gob.mx\/portal\/wp-content\/uploads\/2026\/03\/imagen-15-2044x2048.png 2044w\" sizes=\"(max-width: 60px) 100vw, 60px\" \/><\/a><\/p>\n<\/div>\n\n\n\n<div class=\"wp-block-column is-layout-flow wp-block-column-is-layout-flow\" style=\"flex-basis:66.66%\">\n<p><strong>Recuerdos para toda ocasi\u00f3n moni<\/strong><\/p>\n\n\n\n<p>Recuerdos para primeras comuniones o bodas.<br><br><strong>Lunes- viernes 9:30 a 12:30 hrs<\/strong><br><strong>Jueves y domingo 8:00 a 15:00 hrs<\/strong><br><strong>S\u00e1bado cerrado<\/strong><\/p>\n\n\n\n<p><a href=\"https:\/\/maps.app.goo.gl\/S5LjC7n1Xx3xPTUe9\">Av. Benito Ju\u00e1rez 171, Tonal\u00e1 Centro, 45400 Tonal\u00e1, Jal.<\/a><br><\/p>\n<\/div>\n<\/div>\n\n\n\n<p class=\"has-text-align-right\"><img decoding=\"async\" width=\"512\" height=\"512\" class=\"wp-image-38023\" style=\"caret-color: rgb(0, 0, 0); color: rgb(0, 0, 0); white-space: normal; width: 50px;\" src=\"https:\/\/tonala.gob.mx\/portal\/wp-content\/uploads\/2025\/10\/facebook.png\" alt=\"\" srcset=\"https:\/\/tonala.gob.mx\/portal\/wp-content\/uploads\/2025\/10\/facebook.png 512w, https:\/\/tonala.gob.mx\/portal\/wp-content\/uploads\/2025\/10\/facebook-300x300.png 300w, https:\/\/tonala.gob.mx\/portal\/wp-content\/uploads\/2025\/10\/facebook-150x150.png 150w\" sizes=\"(max-width: 512px) 100vw, 512px\" \/> <img loading=\"lazy\" decoding=\"async\" width=\"50\" height=\"50\" class=\"wp-image-38024\" style=\"width: 50px;\" src=\"https:\/\/tonala.gob.mx\/portal\/wp-content\/uploads\/2025\/10\/instagram.png\" alt=\"\" srcset=\"https:\/\/tonala.gob.mx\/portal\/wp-content\/uploads\/2025\/10\/instagram.png 512w, https:\/\/tonala.gob.mx\/portal\/wp-content\/uploads\/2025\/10\/instagram-300x300.png 300w, https:\/\/tonala.gob.mx\/portal\/wp-content\/uploads\/2025\/10\/instagram-150x150.png 150w\" sizes=\"(max-width: 50px) 100vw, 50px\" \/> <img loading=\"lazy\" decoding=\"async\" width=\"512\" height=\"512\" class=\"wp-image-38025\" style=\"caret-color: rgb(0, 0, 0); color: rgb(0, 0, 0); white-space: normal; width: 50px;\" src=\"https:\/\/tonala.gob.mx\/portal\/wp-content\/uploads\/2025\/10\/tiktok.png\" alt=\"\" srcset=\"https:\/\/tonala.gob.mx\/portal\/wp-content\/uploads\/2025\/10\/tiktok.png 512w, https:\/\/tonala.gob.mx\/portal\/wp-content\/uploads\/2025\/10\/tiktok-300x300.png 300w, https:\/\/tonala.gob.mx\/portal\/wp-content\/uploads\/2025\/10\/tiktok-150x150.png 150w\" sizes=\"(max-width: 512px) 100vw, 512px\" \/><span style=\"caret-color: rgb(0, 0, 0); color: rgb(0, 0, 0); font-family: -webkit-standard; font-size: medium; white-space: normal;\">&nbsp;<\/span><img loading=\"lazy\" decoding=\"async\" width=\"50\" height=\"50\" class=\"wp-image-38027\" style=\"width: 50px;\" src=\"https:\/\/tonala.gob.mx\/portal\/wp-content\/uploads\/2025\/10\/youtube.png\" alt=\"\" srcset=\"https:\/\/tonala.gob.mx\/portal\/wp-content\/uploads\/2025\/10\/youtube.png 512w, https:\/\/tonala.gob.mx\/portal\/wp-content\/uploads\/2025\/10\/youtube-300x300.png 300w, https:\/\/tonala.gob.mx\/portal\/wp-content\/uploads\/2025\/10\/youtube-150x150.png 150w\" sizes=\"(max-width: 50px) 100vw, 50px\" \/><span style=\"caret-color: rgb(0, 0, 0); color: rgb(0, 0, 0); font-family: -webkit-standard; font-size: medium; white-space: normal;\">&nbsp;<\/span><img loading=\"lazy\" decoding=\"async\" width=\"512\" height=\"512\" class=\"wp-image-38026\" style=\"caret-color: rgb(0, 0, 0); color: rgb(0, 0, 0); white-space: normal; width: 50px;\" src=\"https:\/\/tonala.gob.mx\/portal\/wp-content\/uploads\/2025\/10\/twitter.png\" alt=\"\" srcset=\"https:\/\/tonala.gob.mx\/portal\/wp-content\/uploads\/2025\/10\/twitter.png 512w, https:\/\/tonala.gob.mx\/portal\/wp-content\/uploads\/2025\/10\/twitter-300x300.png 300w, https:\/\/tonala.gob.mx\/portal\/wp-content\/uploads\/2025\/10\/twitter-150x150.png 150w\" sizes=\"(max-width: 512px) 100vw, 512px\" \/> <img loading=\"lazy\" decoding=\"async\" width=\"60\" height=\"60\" class=\"wp-image-38730\" style=\"width: 60px;\" src=\"https:\/\/tonala.gob.mx\/portal\/wp-content\/uploads\/2026\/03\/imagen-15-scaled.png\" alt=\"\" srcset=\"https:\/\/tonala.gob.mx\/portal\/wp-content\/uploads\/2026\/03\/imagen-15-scaled.png 2555w, https:\/\/tonala.gob.mx\/portal\/wp-content\/uploads\/2026\/03\/imagen-15-300x300.png 300w, https:\/\/tonala.gob.mx\/portal\/wp-content\/uploads\/2026\/03\/imagen-15-1022x1024.png 1022w, https:\/\/tonala.gob.mx\/portal\/wp-content\/uploads\/2026\/03\/imagen-15-150x150.png 150w, https:\/\/tonala.gob.mx\/portal\/wp-content\/uploads\/2026\/03\/imagen-15-768x770.png 768w, https:\/\/tonala.gob.mx\/portal\/wp-content\/uploads\/2026\/03\/imagen-15-1533x1536.png 1533w, https:\/\/tonala.gob.mx\/portal\/wp-content\/uploads\/2026\/03\/imagen-15-2044x2048.png 2044w\" sizes=\"(max-width: 60px) 100vw, 60px\" \/><br><\/p>\n\n\n\n<figure class=\"wp-block-table is-style-regular\"><table class=\"has-border-color has-cm-color-6-border-color\"><tbody><tr><td><\/td><td><\/td><td><\/td><td><\/td><td><\/td><\/tr><tr><td><\/td><td><\/td><td><\/td><td><\/td><td><\/td><\/tr><tr><td><\/td><td><\/td><td><\/td><td><\/td><td><\/td><\/tr><\/tbody><\/table><\/figure>\n\n\n\n<p><\/p>\n","protected":false},"excerpt":{"rendered":"<p>Repujados San Benito Mayoreo y menudeo de juegos de primera comuni\u00f3n, bautizos, bodas, XV A\u00f1os, forros para biblia. Lunes a<\/p>\n","protected":false},"author":2,"featured_media":0,"parent":0,"menu_order":0,"comment_status":"closed","ping_status":"closed","template":"page-templates\/page-builder.php","meta":{"colormag_page_container_layout":"default_layout","colormag_page_sidebar_layout":"default_layout","footnotes":""},"class_list":["post-38298","page","type-page","status-publish","hentry"],"_links":{"self":[{"href":"https:\/\/tonala.gob.mx\/portal\/wp-json\/wp\/v2\/pages\/38298","targetHints":{"allow":["GET"]}}],"collection":[{"href":"https:\/\/tonala.gob.mx\/portal\/wp-json\/wp\/v2\/pages"}],"about":[{"href":"https:\/\/tonala.gob.mx\/portal\/wp-json\/wp\/v2\/types\/page"}],"author":[{"embeddable":true,"href":"https:\/\/tonala.gob.mx\/portal\/wp-json\/wp\/v2\/users\/2"}],"replies":[{"embeddable":true,"href":"https:\/\/tonala.gob.mx\/portal\/wp-json\/wp\/v2\/comments?post=38298"}],"version-history":[{"count":13,"href":"https:\/\/tonala.gob.mx\/portal\/wp-json\/wp\/v2\/pages\/38298\/revisions"}],"predecessor-version":[{"id":38821,"href":"https:\/\/tonala.gob.mx\/portal\/wp-json\/wp\/v2\/pages\/38298\/revisions\/38821"}],"wp:attachment":[{"href":"https:\/\/tonala.gob.mx\/portal\/wp-json\/wp\/v2\/media?parent=38298"}],"curies":[{"name":"wp","href":"https:\/\/api.w.org\/{rel}","templated":true}]}}