{"id":36022,"date":"2024-10-01T17:05:58","date_gmt":"2024-10-01T23:05:58","guid":{"rendered":"https:\/\/tonala.gob.mx\/portal\/?page_id=36022"},"modified":"2024-11-20T11:57:39","modified_gmt":"2024-11-20T17:57:39","slug":"regidor-enrique-guzman","status":"publish","type":"page","link":"https:\/\/tonala.gob.mx\/portal\/regidor-enrique-guzman\/","title":{"rendered":"\u00c1NGEL ENRIQUE GUZM\u00c1N LOZA"},"content":{"rendered":"\n<div class=\"wp-block-columns is-layout-flex wp-container-core-columns-is-layout-28f84493 wp-block-columns-is-layout-flex\">\n<div class=\"wp-block-column is-layout-flow wp-block-column-is-layout-flow\">\n<figure class=\"wp-block-image size-large\"><img fetchpriority=\"high\" decoding=\"async\" width=\"2560\" height=\"2560\" src=\"https:\/\/tonala.gob.mx\/portal\/wp-content\/uploads\/2024\/10\/ANGEL-ENRIQUE-GUZMAN-LOZA-edited-scaled.jpeg\" alt=\"\" class=\"wp-image-36243\" srcset=\"https:\/\/tonala.gob.mx\/portal\/wp-content\/uploads\/2024\/10\/ANGEL-ENRIQUE-GUZMAN-LOZA-edited-scaled.jpeg 2560w, https:\/\/tonala.gob.mx\/portal\/wp-content\/uploads\/2024\/10\/ANGEL-ENRIQUE-GUZMAN-LOZA-edited-300x300.jpeg 300w, https:\/\/tonala.gob.mx\/portal\/wp-content\/uploads\/2024\/10\/ANGEL-ENRIQUE-GUZMAN-LOZA-edited-1024x1024.jpeg 1024w, https:\/\/tonala.gob.mx\/portal\/wp-content\/uploads\/2024\/10\/ANGEL-ENRIQUE-GUZMAN-LOZA-edited-150x150.jpeg 150w, https:\/\/tonala.gob.mx\/portal\/wp-content\/uploads\/2024\/10\/ANGEL-ENRIQUE-GUZMAN-LOZA-edited-768x768.jpeg 768w, https:\/\/tonala.gob.mx\/portal\/wp-content\/uploads\/2024\/10\/ANGEL-ENRIQUE-GUZMAN-LOZA-edited-1536x1536.jpeg 1536w, https:\/\/tonala.gob.mx\/portal\/wp-content\/uploads\/2024\/10\/ANGEL-ENRIQUE-GUZMAN-LOZA-edited-2048x2048.jpeg 2048w\" sizes=\"(max-width: 2560px) 100vw, 2560px\" \/><\/figure>\n\n\n\n<figure class=\"wp-block-image size-large\"><img decoding=\"async\" width=\"1024\" height=\"327\" src=\"https:\/\/tonala.gob.mx\/portal\/wp-content\/uploads\/2024\/10\/MC-TONALA-1024x327.png\" alt=\"\" class=\"wp-image-36198\" srcset=\"https:\/\/tonala.gob.mx\/portal\/wp-content\/uploads\/2024\/10\/MC-TONALA-1024x327.png 1024w, https:\/\/tonala.gob.mx\/portal\/wp-content\/uploads\/2024\/10\/MC-TONALA-300x96.png 300w, https:\/\/tonala.gob.mx\/portal\/wp-content\/uploads\/2024\/10\/MC-TONALA-768x245.png 768w, https:\/\/tonala.gob.mx\/portal\/wp-content\/uploads\/2024\/10\/MC-TONALA.png 1280w\" sizes=\"(max-width: 1024px) 100vw, 1024px\" \/><\/figure>\n<\/div>\n\n\n\n<div class=\"wp-block-column is-layout-flow wp-block-column-is-layout-flow\">\n<p>Sala \u201cC\u201d de Regidores <\/p>\n\n\n\n<p>Hidalgo #21 Colonia Tonal\u00e1 Centro, CP .45400<\/p>\n\n\n\n<p>3335866000 EXT. 1039<\/p>\n\n\n\n<p>Correo electr\u00f3nico &nbsp;reg.enriqueguzman@tonala.gob.mx<\/p>\n\n\n\n<p>Curriculum<\/p>\n\n\n\n<p><a href=\"https:\/\/portal-transparencia.tonala.gob.mx\/agenda-oficial-regidor-mtro-angel-enrique-guzman-loza\/\">Agenda<\/a><\/p>\n\n\n\n<p>Regidor presidente de la comisi\u00f3n edilicia de administraci\u00f3n, transparencia, rendici\u00f3n de cuentas, combate a la corrupci\u00f3n y recursos humanos.<\/p>\n\n\n\n<p>Vocal: Festividades c\u00edvicas, espect\u00e1culos p\u00fablicos y cr\u00f3nica municipal.<\/p>\n\n\n\n<p>Vocal: Gobernaci\u00f3n, justicia, asuntos metropolitanos y fortalecimiento municipal.<\/p>\n\n\n\n<p>Vocal: Hacienda municipal y presupuestos.<\/p>\n\n\n\n<p>Vocal: Planeaci\u00f3n para el desarrollo urbano, rural y habitaci\u00f3n popular.<\/p>\n<\/div>\n<\/div>\n","protected":false},"excerpt":{"rendered":"<p>Sala \u201cC\u201d de Regidores Hidalgo #21 Colonia Tonal\u00e1 Centro, CP .45400 3335866000 EXT. 1039 Correo electr\u00f3nico &nbsp;reg.enriqueguzman@tonala.gob.mx Curriculum Agenda Regidor<\/p>\n","protected":false},"author":2,"featured_media":0,"parent":0,"menu_order":0,"comment_status":"closed","ping_status":"closed","template":"","meta":{"colormag_page_container_layout":"default_layout","colormag_page_sidebar_layout":"default_layout","footnotes":""},"class_list":["post-36022","page","type-page","status-publish","hentry"],"_links":{"self":[{"href":"https:\/\/tonala.gob.mx\/portal\/wp-json\/wp\/v2\/pages\/36022","targetHints":{"allow":["GET"]}}],"collection":[{"href":"https:\/\/tonala.gob.mx\/portal\/wp-json\/wp\/v2\/pages"}],"about":[{"href":"https:\/\/tonala.gob.mx\/portal\/wp-json\/wp\/v2\/types\/page"}],"author":[{"embeddable":true,"href":"https:\/\/tonala.gob.mx\/portal\/wp-json\/wp\/v2\/users\/2"}],"replies":[{"embeddable":true,"href":"https:\/\/tonala.gob.mx\/portal\/wp-json\/wp\/v2\/comments?post=36022"}],"version-history":[{"count":6,"href":"https:\/\/tonala.gob.mx\/portal\/wp-json\/wp\/v2\/pages\/36022\/revisions"}],"predecessor-version":[{"id":36970,"href":"https:\/\/tonala.gob.mx\/portal\/wp-json\/wp\/v2\/pages\/36022\/revisions\/36970"}],"wp:attachment":[{"href":"https:\/\/tonala.gob.mx\/portal\/wp-json\/wp\/v2\/media?parent=36022"}],"curies":[{"name":"wp","href":"https:\/\/api.w.org\/{rel}","templated":true}]}}