{"id":36017,"date":"2024-10-01T16:56:49","date_gmt":"2024-10-01T22:56:49","guid":{"rendered":"https:\/\/tonala.gob.mx\/portal\/?page_id=36017"},"modified":"2025-03-26T09:26:06","modified_gmt":"2025-03-26T15:26:06","slug":"regidor-francisco-arana","status":"publish","type":"page","link":"https:\/\/tonala.gob.mx\/portal\/regidor-francisco-arana\/","title":{"rendered":"FRANCISCO JAVIER ARANA OROZCO"},"content":{"rendered":"\n<div class=\"wp-block-columns is-layout-flex wp-container-core-columns-is-layout-28f84493 wp-block-columns-is-layout-flex\">\n<div class=\"wp-block-column is-layout-flow wp-block-column-is-layout-flow\">\n<figure class=\"wp-block-image size-full\"><img fetchpriority=\"high\" decoding=\"async\" width=\"2560\" height=\"2560\" src=\"https:\/\/tonala.gob.mx\/portal\/wp-content\/uploads\/2024\/10\/FRANCISCO-JAVIER-ARANA-OROZCO-edited-scaled.jpeg\" alt=\"\" class=\"wp-image-36197\" srcset=\"https:\/\/tonala.gob.mx\/portal\/wp-content\/uploads\/2024\/10\/FRANCISCO-JAVIER-ARANA-OROZCO-edited-scaled.jpeg 2560w, https:\/\/tonala.gob.mx\/portal\/wp-content\/uploads\/2024\/10\/FRANCISCO-JAVIER-ARANA-OROZCO-edited-300x300.jpeg 300w, https:\/\/tonala.gob.mx\/portal\/wp-content\/uploads\/2024\/10\/FRANCISCO-JAVIER-ARANA-OROZCO-edited-1024x1024.jpeg 1024w, https:\/\/tonala.gob.mx\/portal\/wp-content\/uploads\/2024\/10\/FRANCISCO-JAVIER-ARANA-OROZCO-edited-150x150.jpeg 150w, https:\/\/tonala.gob.mx\/portal\/wp-content\/uploads\/2024\/10\/FRANCISCO-JAVIER-ARANA-OROZCO-edited-768x768.jpeg 768w, https:\/\/tonala.gob.mx\/portal\/wp-content\/uploads\/2024\/10\/FRANCISCO-JAVIER-ARANA-OROZCO-edited-1536x1536.jpeg 1536w, https:\/\/tonala.gob.mx\/portal\/wp-content\/uploads\/2024\/10\/FRANCISCO-JAVIER-ARANA-OROZCO-edited-2048x2048.jpeg 2048w\" sizes=\"(max-width: 2560px) 100vw, 2560px\" \/><\/figure>\n\n\n\n<figure class=\"wp-block-image size-large\"><img decoding=\"async\" width=\"1024\" height=\"327\" src=\"https:\/\/tonala.gob.mx\/portal\/wp-content\/uploads\/2024\/10\/MC-TONALA-1024x327.png\" alt=\"\" class=\"wp-image-36198\" srcset=\"https:\/\/tonala.gob.mx\/portal\/wp-content\/uploads\/2024\/10\/MC-TONALA-1024x327.png 1024w, https:\/\/tonala.gob.mx\/portal\/wp-content\/uploads\/2024\/10\/MC-TONALA-300x96.png 300w, https:\/\/tonala.gob.mx\/portal\/wp-content\/uploads\/2024\/10\/MC-TONALA-768x245.png 768w, https:\/\/tonala.gob.mx\/portal\/wp-content\/uploads\/2024\/10\/MC-TONALA.png 1280w\" sizes=\"(max-width: 1024px) 100vw, 1024px\" \/><\/figure>\n<\/div>\n\n\n\n<div class=\"wp-block-column is-layout-flow wp-block-column-is-layout-flow\">\n<p>Sala \u201cC\u201d de Regidores Hidalgo #21 Colonia Tonal\u00e1 Centro, CP .45400<\/p>\n\n\n\n<p>3335866000 EXT. 1040<\/p>\n\n\n\n<p>Correo electr\u00f3nico &nbsp;reg.franciscoarana@tonala.gob.mx<\/p>\n\n\n\n<p>Curriculum<\/p>\n\n\n\n<p><a href=\"https:\/\/portal-transparencia.tonala.gob.mx\/agenda-oficial-regidor-ma-ed-francisco-javier-arana-orozco\/\">Agenda<\/a><\/p>\n\n\n\n<p>Regidor presidente de la comisi\u00f3n edilicia de Medio ambiente, ecolog\u00eda, saneamiento, acci\u00f3n contra la contaminaci\u00f3n y cambio clim\u00e1tico.<\/p>\n\n\n\n<p>Vocal: Obras p\u00fablicas municipales.<\/p>\n\n\n\n<p>Vocal: Servicios p\u00fablicos municipales.<\/p>\n\n\n\n<p>Vocal: Fomento artesanal, turismo y desarrollo econ\u00f3mico.<\/p>\n\n\n\n<p>Vocal: Reglamentos, puntos constitucionales, administraci\u00f3n y planeaci\u00f3n legislativa.<\/p>\n<\/div>\n<\/div>\n\n\n\n<p><\/p>\n","protected":false},"excerpt":{"rendered":"<p>Sala \u201cC\u201d de Regidores Hidalgo #21 Colonia Tonal\u00e1 Centro, CP .45400 3335866000 EXT. 1040 Correo electr\u00f3nico &nbsp;reg.franciscoarana@tonala.gob.mx Curriculum Agenda Regidor<\/p>\n","protected":false},"author":2,"featured_media":0,"parent":0,"menu_order":0,"comment_status":"closed","ping_status":"closed","template":"","meta":{"colormag_page_container_layout":"default_layout","colormag_page_sidebar_layout":"default_layout","footnotes":""},"class_list":["post-36017","page","type-page","status-publish","hentry"],"_links":{"self":[{"href":"https:\/\/tonala.gob.mx\/portal\/wp-json\/wp\/v2\/pages\/36017","targetHints":{"allow":["GET"]}}],"collection":[{"href":"https:\/\/tonala.gob.mx\/portal\/wp-json\/wp\/v2\/pages"}],"about":[{"href":"https:\/\/tonala.gob.mx\/portal\/wp-json\/wp\/v2\/types\/page"}],"author":[{"embeddable":true,"href":"https:\/\/tonala.gob.mx\/portal\/wp-json\/wp\/v2\/users\/2"}],"replies":[{"embeddable":true,"href":"https:\/\/tonala.gob.mx\/portal\/wp-json\/wp\/v2\/comments?post=36017"}],"version-history":[{"count":7,"href":"https:\/\/tonala.gob.mx\/portal\/wp-json\/wp\/v2\/pages\/36017\/revisions"}],"predecessor-version":[{"id":37456,"href":"https:\/\/tonala.gob.mx\/portal\/wp-json\/wp\/v2\/pages\/36017\/revisions\/37456"}],"wp:attachment":[{"href":"https:\/\/tonala.gob.mx\/portal\/wp-json\/wp\/v2\/media?parent=36017"}],"curies":[{"name":"wp","href":"https:\/\/api.w.org\/{rel}","templated":true}]}}