{"id":35962,"date":"2024-10-01T16:06:11","date_gmt":"2024-10-01T22:06:11","guid":{"rendered":"https:\/\/tonala.gob.mx\/portal\/?page_id=35962"},"modified":"2025-02-14T11:53:59","modified_gmt":"2025-02-14T17:53:59","slug":"regidora-macias-diaz","status":"publish","type":"page","link":"https:\/\/tonala.gob.mx\/portal\/regidora-macias-diaz\/","title":{"rendered":"MAR\u00cdA DE JES\u00daS MACIAS D\u00cdAZ"},"content":{"rendered":"\n<div class=\"wp-block-columns is-layout-flex wp-container-core-columns-is-layout-28f84493 wp-block-columns-is-layout-flex\">\n<div class=\"wp-block-column is-layout-flow wp-block-column-is-layout-flow\">\n<figure class=\"wp-block-image size-large\"><img fetchpriority=\"high\" decoding=\"async\" width=\"2560\" height=\"2560\" src=\"https:\/\/tonala.gob.mx\/portal\/wp-content\/uploads\/2024\/10\/WhatsApp-Image-2024-10-01-at-15.07.42-1-edited-scaled.jpeg\" alt=\"\" class=\"wp-image-36216\" srcset=\"https:\/\/tonala.gob.mx\/portal\/wp-content\/uploads\/2024\/10\/WhatsApp-Image-2024-10-01-at-15.07.42-1-edited-scaled.jpeg 2560w, https:\/\/tonala.gob.mx\/portal\/wp-content\/uploads\/2024\/10\/WhatsApp-Image-2024-10-01-at-15.07.42-1-edited-300x300.jpeg 300w, https:\/\/tonala.gob.mx\/portal\/wp-content\/uploads\/2024\/10\/WhatsApp-Image-2024-10-01-at-15.07.42-1-edited-1024x1024.jpeg 1024w, https:\/\/tonala.gob.mx\/portal\/wp-content\/uploads\/2024\/10\/WhatsApp-Image-2024-10-01-at-15.07.42-1-edited-150x150.jpeg 150w, https:\/\/tonala.gob.mx\/portal\/wp-content\/uploads\/2024\/10\/WhatsApp-Image-2024-10-01-at-15.07.42-1-edited-768x768.jpeg 768w, https:\/\/tonala.gob.mx\/portal\/wp-content\/uploads\/2024\/10\/WhatsApp-Image-2024-10-01-at-15.07.42-1-edited-1536x1536.jpeg 1536w, https:\/\/tonala.gob.mx\/portal\/wp-content\/uploads\/2024\/10\/WhatsApp-Image-2024-10-01-at-15.07.42-1-edited-2048x2048.jpeg 2048w\" sizes=\"(max-width: 2560px) 100vw, 2560px\" \/><\/figure>\n\n\n\n<figure class=\"wp-block-image size-large\"><img decoding=\"async\" width=\"1024\" height=\"188\" src=\"https:\/\/tonala.gob.mx\/portal\/wp-content\/uploads\/2024\/10\/Morena_Party_Mexico.svg_-1024x188.png\" alt=\"\" class=\"wp-image-36181\" srcset=\"https:\/\/tonala.gob.mx\/portal\/wp-content\/uploads\/2024\/10\/Morena_Party_Mexico.svg_-1024x188.png 1024w, https:\/\/tonala.gob.mx\/portal\/wp-content\/uploads\/2024\/10\/Morena_Party_Mexico.svg_-300x55.png 300w, https:\/\/tonala.gob.mx\/portal\/wp-content\/uploads\/2024\/10\/Morena_Party_Mexico.svg_-768x141.png 768w, https:\/\/tonala.gob.mx\/portal\/wp-content\/uploads\/2024\/10\/Morena_Party_Mexico.svg_-1536x281.png 1536w, https:\/\/tonala.gob.mx\/portal\/wp-content\/uploads\/2024\/10\/Morena_Party_Mexico.svg_-2048x375.png 2048w\" sizes=\"(max-width: 1024px) 100vw, 1024px\" \/><\/figure>\n<\/div>\n\n\n\n<div class=\"wp-block-column is-layout-flow wp-block-column-is-layout-flow\">\n<p><strong>Sala \u201cA\u201d de Regidores<\/strong><br>Hidalgo #21 Colonia Tonal\u00e1 Centro, CP .45400<br><br>3335866000 EXT. 1032, 1033<br><br><strong>Correo electr\u00f3nico: <\/strong>\u00a0<br>reg.mariadejesusmacias@tonala.gob.mx<\/p>\n\n\n\n<p><a href=\"https:\/\/tonala.gob.mx\/portal\/wp-content\/uploads\/2024\/11\/MARIA-DE-JESUS-MACIAS-DIAZ.pdf\">Curriculum<\/a><\/p>\n\n\n\n<p><a href=\"https:\/\/portal-transparencia.tonala.gob.mx\/agenda-oficial-regidora-maria-de-jesus-macias-diaz\/\">Agenda<\/a><br><br>Regidora presidenta de la comisi\u00f3n edilicia de Bienestar, desarrollo, asistencia social y familiar.<br><br>Vocal: Festividades c\u00edvicas, espect\u00e1culos p\u00fablicos y cr\u00f3nica municipal.<br><br>Vocal: Medio ambiente, ecolog\u00eda, saneamiento, acci\u00f3n contra la contaminaci\u00f3n y cambio clim\u00e1tico.<br><br>Vocal: Igualdad sustantiva y derechos humanos.<br><br>Vocal: Servicios m\u00e9dicos, salubridad e higiene.<\/p>\n\n\n\n<p><\/p>\n\n\n\n<p><\/p>\n\n\n\n<p><\/p>\n\n\n\n<p><\/p>\n<\/div>\n<\/div>\n\n\n\n<p><\/p>\n","protected":false},"excerpt":{"rendered":"<p>Sala \u201cA\u201d de RegidoresHidalgo #21 Colonia Tonal\u00e1 Centro, CP .45400 3335866000 EXT. 1032, 1033 Correo electr\u00f3nico: \u00a0reg.mariadejesusmacias@tonala.gob.mx Curriculum Agenda Regidora<\/p>\n","protected":false},"author":2,"featured_media":0,"parent":0,"menu_order":0,"comment_status":"closed","ping_status":"closed","template":"","meta":{"colormag_page_container_layout":"default_layout","colormag_page_sidebar_layout":"default_layout","footnotes":""},"class_list":["post-35962","page","type-page","status-publish","hentry"],"_links":{"self":[{"href":"https:\/\/tonala.gob.mx\/portal\/wp-json\/wp\/v2\/pages\/35962","targetHints":{"allow":["GET"]}}],"collection":[{"href":"https:\/\/tonala.gob.mx\/portal\/wp-json\/wp\/v2\/pages"}],"about":[{"href":"https:\/\/tonala.gob.mx\/portal\/wp-json\/wp\/v2\/types\/page"}],"author":[{"embeddable":true,"href":"https:\/\/tonala.gob.mx\/portal\/wp-json\/wp\/v2\/users\/2"}],"replies":[{"embeddable":true,"href":"https:\/\/tonala.gob.mx\/portal\/wp-json\/wp\/v2\/comments?post=35962"}],"version-history":[{"count":13,"href":"https:\/\/tonala.gob.mx\/portal\/wp-json\/wp\/v2\/pages\/35962\/revisions"}],"predecessor-version":[{"id":37297,"href":"https:\/\/tonala.gob.mx\/portal\/wp-json\/wp\/v2\/pages\/35962\/revisions\/37297"}],"wp:attachment":[{"href":"https:\/\/tonala.gob.mx\/portal\/wp-json\/wp\/v2\/media?parent=35962"}],"curies":[{"name":"wp","href":"https:\/\/api.w.org\/{rel}","templated":true}]}}

MARÍA DE JESÚS MACIAS DÍAZ

<div class="wp-block-columns is-layout-flex wp-container-core-columns-is-layout-28f84493 wp-block-columns-is-layout-flex">
<div class="wp-block-column is-layout-flow wp-block-column-is-layout-flow">
<figure class="wp-block-image size-large"><img fetchpriority="high" decoding="async" width="2560" height="2560" src="https://tonala.gob.mx/portal/wp-content/uploads/2024/10/WhatsApp-Image-2024-10-01-at-15.07.42-1-edited-scaled.jpeg" alt="" class="wp-image-36216" srcset="https://tonala.gob.mx/portal/wp-content/uploads/2024/10/WhatsApp-Image-2024-10-01-at-15.07.42-1-edited-scaled.jpeg 2560w, https://tonala.gob.mx/portal/wp-content/uploads/2024/10/WhatsApp-Image-2024-10-01-at-15.07.42-1-edited-300x300.jpeg 300w, https://tonala.gob.mx/portal/wp-content/uploads/2024/10/WhatsApp-Image-2024-10-01-at-15.07.42-1-edited-1024x1024.jpeg 1024w, https://tonala.gob.mx/portal/wp-content/uploads/2024/10/WhatsApp-Image-2024-10-01-at-15.07.42-1-edited-150x150.jpeg 150w, https://tonala.gob.mx/portal/wp-content/uploads/2024/10/WhatsApp-Image-2024-10-01-at-15.07.42-1-edited-768x768.jpeg 768w, https://tonala.gob.mx/portal/wp-content/uploads/2024/10/WhatsApp-Image-2024-10-01-at-15.07.42-1-edited-1536x1536.jpeg 1536w, https://tonala.gob.mx/portal/wp-content/uploads/2024/10/WhatsApp-Image-2024-10-01-at-15.07.42-1-edited-2048x2048.jpeg 2048w" sizes="(max-width: 2560px) 100vw, 2560px" /></figure>



<figure class="wp-block-image size-large"><img decoding="async" width="1024" height="188" src="https://tonala.gob.mx/portal/wp-content/uploads/2024/10/Morena_Party_Mexico.svg_-1024x188.png" alt="" class="wp-image-36181" srcset="https://tonala.gob.mx/portal/wp-content/uploads/2024/10/Morena_Party_Mexico.svg_-1024x188.png 1024w, https://tonala.gob.mx/portal/wp-content/uploads/2024/10/Morena_Party_Mexico.svg_-300x55.png 300w, https://tonala.gob.mx/portal/wp-content/uploads/2024/10/Morena_Party_Mexico.svg_-768x141.png 768w, https://tonala.gob.mx/portal/wp-content/uploads/2024/10/Morena_Party_Mexico.svg_-1536x281.png 1536w, https://tonala.gob.mx/portal/wp-content/uploads/2024/10/Morena_Party_Mexico.svg_-2048x375.png 2048w" sizes="(max-width: 1024px) 100vw, 1024px" /></figure>
</div>



<div class="wp-block-column is-layout-flow wp-block-column-is-layout-flow">
<p><strong>Sala “A” de Regidores</strong><br>Hidalgo #21 Colonia Tonalá Centro, CP .45400<br><br>3335866000 EXT. 1032, 1033<br><br><strong>Correo electrónico: </strong> <br>reg.mariadejesusmacias@tonala.gob.mx</p>



<p><a href="https://tonala.gob.mx/portal/wp-content/uploads/2024/11/MARIA-DE-JESUS-MACIAS-DIAZ.pdf">Curriculum</a></p>



<p><a href="https://portal-transparencia.tonala.gob.mx/agenda-oficial-regidora-maria-de-jesus-macias-diaz/">Agenda</a><br><br>Regidora presidenta de la comisión edilicia de Bienestar, desarrollo, asistencia social y familiar.<br><br>Vocal: Festividades cívicas, espectáculos públicos y crónica municipal.<br><br>Vocal: Medio ambiente, ecología, saneamiento, acción contra la contaminación y cambio climático.<br><br>Vocal: Igualdad sustantiva y derechos humanos.<br><br>Vocal: Servicios médicos, salubridad e higiene.</p>



<p></p>



<p></p>



<p></p>



<p></p>
</div>
</div>



<p></p>

<p>Sala “A” de RegidoresHidalgo #21 Colonia Tonalá Centro, CP .45400 3335866000 EXT. 1032, 1033 Correo electrónico:  reg.mariadejesusmacias@tonala.gob.mx Curriculum Agenda Regidora</p>
