{"id":35957,"date":"2024-10-01T15:55:46","date_gmt":"2024-10-01T21:55:46","guid":{"rendered":"https:\/\/tonala.gob.mx\/portal\/?page_id=35957"},"modified":"2024-11-20T10:37:57","modified_gmt":"2024-11-20T16:37:57","slug":"regidora-juncal","status":"publish","type":"page","link":"https:\/\/tonala.gob.mx\/portal\/regidora-juncal\/","title":{"rendered":"JUNCAL SOLANO FLORES"},"content":{"rendered":"\n<div class=\"wp-block-columns is-layout-flex wp-container-core-columns-is-layout-28f84493 wp-block-columns-is-layout-flex\">\n<div class=\"wp-block-column is-layout-flow wp-block-column-is-layout-flow\">\n<figure class=\"wp-block-image size-large\"><img fetchpriority=\"high\" decoding=\"async\" width=\"1024\" height=\"1024\" src=\"https:\/\/tonala.gob.mx\/portal\/wp-content\/uploads\/2024\/10\/WhatsApp-Image-2024-10-01-at-15.07.43-4-edited-1024x1024.jpeg\" alt=\"\" class=\"wp-image-36168\" srcset=\"https:\/\/tonala.gob.mx\/portal\/wp-content\/uploads\/2024\/10\/WhatsApp-Image-2024-10-01-at-15.07.43-4-edited-1024x1024.jpeg 1024w, https:\/\/tonala.gob.mx\/portal\/wp-content\/uploads\/2024\/10\/WhatsApp-Image-2024-10-01-at-15.07.43-4-edited-300x300.jpeg 300w, https:\/\/tonala.gob.mx\/portal\/wp-content\/uploads\/2024\/10\/WhatsApp-Image-2024-10-01-at-15.07.43-4-edited-150x150.jpeg 150w, https:\/\/tonala.gob.mx\/portal\/wp-content\/uploads\/2024\/10\/WhatsApp-Image-2024-10-01-at-15.07.43-4-edited-768x768.jpeg 768w, https:\/\/tonala.gob.mx\/portal\/wp-content\/uploads\/2024\/10\/WhatsApp-Image-2024-10-01-at-15.07.43-4-edited-1536x1536.jpeg 1536w, https:\/\/tonala.gob.mx\/portal\/wp-content\/uploads\/2024\/10\/WhatsApp-Image-2024-10-01-at-15.07.43-4-edited-2048x2048.jpeg 2048w\" sizes=\"(max-width: 1024px) 100vw, 1024px\" \/><\/figure>\n\n\n\n<figure class=\"wp-block-image size-large is-resized\"><img decoding=\"async\" width=\"1024\" height=\"188\" src=\"https:\/\/tonala.gob.mx\/portal\/wp-content\/uploads\/2024\/10\/Morena_Party_Mexico.svg_-1024x188.png\" alt=\"\" class=\"wp-image-36181\" style=\"width:558px;height:auto\" srcset=\"https:\/\/tonala.gob.mx\/portal\/wp-content\/uploads\/2024\/10\/Morena_Party_Mexico.svg_-1024x188.png 1024w, https:\/\/tonala.gob.mx\/portal\/wp-content\/uploads\/2024\/10\/Morena_Party_Mexico.svg_-300x55.png 300w, https:\/\/tonala.gob.mx\/portal\/wp-content\/uploads\/2024\/10\/Morena_Party_Mexico.svg_-768x141.png 768w, https:\/\/tonala.gob.mx\/portal\/wp-content\/uploads\/2024\/10\/Morena_Party_Mexico.svg_-1536x281.png 1536w, https:\/\/tonala.gob.mx\/portal\/wp-content\/uploads\/2024\/10\/Morena_Party_Mexico.svg_-2048x375.png 2048w\" sizes=\"(max-width: 1024px) 100vw, 1024px\" \/><\/figure>\n<\/div>\n\n\n\n<div class=\"wp-block-column is-layout-flow wp-block-column-is-layout-flow\">\n<p style=\"margin-top:var(--wp--preset--spacing--20);margin-bottom:var(--wp--preset--spacing--20)\"><strong>Sala \u201cB\u201d de Regidores <\/strong><br><\/p>\n\n\n\n<p style=\"margin-top:var(--wp--preset--spacing--20);margin-bottom:var(--wp--preset--spacing--20)\">Hidalgo #21 Colonia Tonal\u00e1 Centro, CP. 45400<\/p>\n\n\n\n<p style=\"margin-top:var(--wp--preset--spacing--20);margin-bottom:var(--wp--preset--spacing--20)\">3335866000 EXT.1027<br><\/p>\n\n\n\n<p style=\"margin-top:var(--wp--preset--spacing--20);margin-bottom:var(--wp--preset--spacing--20)\"><strong>Correo electr\u00f3nico:<\/strong> reg.juncalsolano@tonala.gob.mx<\/p>\n\n\n\n<p style=\"margin-top:var(--wp--preset--spacing--20);margin-bottom:var(--wp--preset--spacing--20)\"><a href=\"https:\/\/tonala.gob.mx\/portal\/wp-content\/uploads\/2024\/10\/JUNCAL-SOLANO-FLORES.pdf\">Curriculum<\/a><\/p>\n\n\n\n<p><a href=\"https:\/\/portal-transparencia.tonala.gob.mx\/agenda-oficial-regidora-abogada-juncal-solano-flores\/\">Agenda<\/a><\/p>\n\n\n\n<p style=\"margin-top:var(--wp--preset--spacing--20);margin-bottom:var(--wp--preset--spacing--20)\">Regidora presidenta de la comisi\u00f3n edilicia de Planeaci\u00f3n para el desarrollo urbano, rural y habitaci\u00f3n popular.<br><\/p>\n\n\n\n<p style=\"margin-top:var(--wp--preset--spacing--20);margin-bottom:var(--wp--preset--spacing--20)\">Vocal: Bienestar, desarrollo, asistencia social y familiar.<br><\/p>\n\n\n\n<p style=\"margin-top:var(--wp--preset--spacing--20);margin-bottom:var(--wp--preset--spacing--20)\">Vocal: Obras p\u00fablicas municipales.<br><\/p>\n\n\n\n<p style=\"margin-top:var(--wp--preset--spacing--20);margin-bottom:var(--wp--preset--spacing--20)\">Vocal: Atenci\u00f3n a la juventud y deporte.<br><\/p>\n\n\n\n<p style=\"margin-top:var(--wp--preset--spacing--20);margin-bottom:var(--wp--preset--spacing--20)\">Vocal: Gobierno digital y promoci\u00f3n de la ciudad.<\/p>\n<\/div>\n<\/div>\n\n\n\n<p><\/p>\n\n\n\n<p><\/p>\n","protected":false},"excerpt":{"rendered":"<p>Sala \u201cB\u201d de Regidores Hidalgo #21 Colonia Tonal\u00e1 Centro, CP. 45400 3335866000 EXT.1027 Correo electr\u00f3nico: reg.juncalsolano@tonala.gob.mx Curriculum Agenda Regidora presidenta<\/p>\n","protected":false},"author":2,"featured_media":0,"parent":0,"menu_order":0,"comment_status":"closed","ping_status":"closed","template":"","meta":{"colormag_page_container_layout":"default_layout","colormag_page_sidebar_layout":"default_layout","footnotes":""},"class_list":["post-35957","page","type-page","status-publish","hentry"],"_links":{"self":[{"href":"https:\/\/tonala.gob.mx\/portal\/wp-json\/wp\/v2\/pages\/35957","targetHints":{"allow":["GET"]}}],"collection":[{"href":"https:\/\/tonala.gob.mx\/portal\/wp-json\/wp\/v2\/pages"}],"about":[{"href":"https:\/\/tonala.gob.mx\/portal\/wp-json\/wp\/v2\/types\/page"}],"author":[{"embeddable":true,"href":"https:\/\/tonala.gob.mx\/portal\/wp-json\/wp\/v2\/users\/2"}],"replies":[{"embeddable":true,"href":"https:\/\/tonala.gob.mx\/portal\/wp-json\/wp\/v2\/comments?post=35957"}],"version-history":[{"count":19,"href":"https:\/\/tonala.gob.mx\/portal\/wp-json\/wp\/v2\/pages\/35957\/revisions"}],"predecessor-version":[{"id":36959,"href":"https:\/\/tonala.gob.mx\/portal\/wp-json\/wp\/v2\/pages\/35957\/revisions\/36959"}],"wp:attachment":[{"href":"https:\/\/tonala.gob.mx\/portal\/wp-json\/wp\/v2\/media?parent=35957"}],"curies":[{"name":"wp","href":"https:\/\/api.w.org\/{rel}","templated":true}]}}

<div class="wp-block-columns is-layout-flex wp-container-core-columns-is-layout-28f84493 wp-block-columns-is-layout-flex">
<div class="wp-block-column is-layout-flow wp-block-column-is-layout-flow">
<figure class="wp-block-image size-large"><img fetchpriority="high" decoding="async" width="1024" height="1024" src="https://tonala.gob.mx/portal/wp-content/uploads/2024/10/WhatsApp-Image-2024-10-01-at-15.07.43-4-edited-1024x1024.jpeg" alt="" class="wp-image-36168" srcset="https://tonala.gob.mx/portal/wp-content/uploads/2024/10/WhatsApp-Image-2024-10-01-at-15.07.43-4-edited-1024x1024.jpeg 1024w, https://tonala.gob.mx/portal/wp-content/uploads/2024/10/WhatsApp-Image-2024-10-01-at-15.07.43-4-edited-300x300.jpeg 300w, https://tonala.gob.mx/portal/wp-content/uploads/2024/10/WhatsApp-Image-2024-10-01-at-15.07.43-4-edited-150x150.jpeg 150w, https://tonala.gob.mx/portal/wp-content/uploads/2024/10/WhatsApp-Image-2024-10-01-at-15.07.43-4-edited-768x768.jpeg 768w, https://tonala.gob.mx/portal/wp-content/uploads/2024/10/WhatsApp-Image-2024-10-01-at-15.07.43-4-edited-1536x1536.jpeg 1536w, https://tonala.gob.mx/portal/wp-content/uploads/2024/10/WhatsApp-Image-2024-10-01-at-15.07.43-4-edited-2048x2048.jpeg 2048w" sizes="(max-width: 1024px) 100vw, 1024px" /></figure>



<figure class="wp-block-image size-large is-resized"><img decoding="async" width="1024" height="188" src="https://tonala.gob.mx/portal/wp-content/uploads/2024/10/Morena_Party_Mexico.svg_-1024x188.png" alt="" class="wp-image-36181" style="width:558px;height:auto" srcset="https://tonala.gob.mx/portal/wp-content/uploads/2024/10/Morena_Party_Mexico.svg_-1024x188.png 1024w, https://tonala.gob.mx/portal/wp-content/uploads/2024/10/Morena_Party_Mexico.svg_-300x55.png 300w, https://tonala.gob.mx/portal/wp-content/uploads/2024/10/Morena_Party_Mexico.svg_-768x141.png 768w, https://tonala.gob.mx/portal/wp-content/uploads/2024/10/Morena_Party_Mexico.svg_-1536x281.png 1536w, https://tonala.gob.mx/portal/wp-content/uploads/2024/10/Morena_Party_Mexico.svg_-2048x375.png 2048w" sizes="(max-width: 1024px) 100vw, 1024px" /></figure>
</div>



<div class="wp-block-column is-layout-flow wp-block-column-is-layout-flow">
<p style="margin-top:var(--wp--preset--spacing--20);margin-bottom:var(--wp--preset--spacing--20)"><strong>Sala “B” de Regidores </strong><br></p>



<p style="margin-top:var(--wp--preset--spacing--20);margin-bottom:var(--wp--preset--spacing--20)">Hidalgo #21 Colonia Tonalá Centro, CP. 45400</p>



<p style="margin-top:var(--wp--preset--spacing--20);margin-bottom:var(--wp--preset--spacing--20)">3335866000 EXT.1027<br></p>



<p style="margin-top:var(--wp--preset--spacing--20);margin-bottom:var(--wp--preset--spacing--20)"><strong>Correo electrónico:</strong> reg.juncalsolano@tonala.gob.mx</p>



<p style="margin-top:var(--wp--preset--spacing--20);margin-bottom:var(--wp--preset--spacing--20)"><a href="https://tonala.gob.mx/portal/wp-content/uploads/2024/10/JUNCAL-SOLANO-FLORES.pdf">Curriculum</a></p>



<p><a href="https://portal-transparencia.tonala.gob.mx/agenda-oficial-regidora-abogada-juncal-solano-flores/">Agenda</a></p>



<p style="margin-top:var(--wp--preset--spacing--20);margin-bottom:var(--wp--preset--spacing--20)">Regidora presidenta de la comisión edilicia de Planeación para el desarrollo urbano, rural y habitación popular.<br></p>



<p style="margin-top:var(--wp--preset--spacing--20);margin-bottom:var(--wp--preset--spacing--20)">Vocal: Bienestar, desarrollo, asistencia social y familiar.<br></p>



<p style="margin-top:var(--wp--preset--spacing--20);margin-bottom:var(--wp--preset--spacing--20)">Vocal: Obras públicas municipales.<br></p>



<p style="margin-top:var(--wp--preset--spacing--20);margin-bottom:var(--wp--preset--spacing--20)">Vocal: Atención a la juventud y deporte.<br></p>



<p style="margin-top:var(--wp--preset--spacing--20);margin-bottom:var(--wp--preset--spacing--20)">Vocal: Gobierno digital y promoción de la ciudad.</p>
</div>
</div>



<p></p>



<p></p>

<p>Sala “B” de Regidores Hidalgo #21 Colonia Tonalá Centro, CP. 45400 3335866000 EXT.1027 Correo electrónico: reg.juncalsolano@tonala.gob.mx Curriculum Agenda Regidora presidenta</p>
