{"id":20221,"date":"2018-09-30T21:42:43","date_gmt":"2018-10-01T03:42:43","guid":{"rendered":"http:\/\/tonala.gob.mx\/portal\/?page_id=20221"},"modified":"2026-02-11T08:43:00","modified_gmt":"2026-02-11T14:43:00","slug":"juancarlos-villarreal","status":"publish","type":"page","link":"https:\/\/tonala.gob.mx\/portal\/juancarlos-villarreal\/","title":{"rendered":"JUAN CARLOS VILLARREAL S."},"content":{"rendered":"\n<div class=\"wp-block-columns is-layout-flex wp-container-core-columns-is-layout-28f84493 wp-block-columns-is-layout-flex\">\n<div class=\"wp-block-column is-layout-flow wp-block-column-is-layout-flow\">\n<figure class=\"wp-block-image size-full\"><img fetchpriority=\"high\" decoding=\"async\" width=\"2560\" height=\"2560\" src=\"https:\/\/tonala.gob.mx\/portal\/wp-content\/uploads\/2024\/10\/JUAN-CARLOS-VILLARREAL-SALAZAR-edited-scaled.jpeg\" alt=\"\" class=\"wp-image-36232\" srcset=\"https:\/\/tonala.gob.mx\/portal\/wp-content\/uploads\/2024\/10\/JUAN-CARLOS-VILLARREAL-SALAZAR-edited-scaled.jpeg 2560w, https:\/\/tonala.gob.mx\/portal\/wp-content\/uploads\/2024\/10\/JUAN-CARLOS-VILLARREAL-SALAZAR-edited-300x300.jpeg 300w, https:\/\/tonala.gob.mx\/portal\/wp-content\/uploads\/2024\/10\/JUAN-CARLOS-VILLARREAL-SALAZAR-edited-1024x1024.jpeg 1024w, https:\/\/tonala.gob.mx\/portal\/wp-content\/uploads\/2024\/10\/JUAN-CARLOS-VILLARREAL-SALAZAR-edited-150x150.jpeg 150w, https:\/\/tonala.gob.mx\/portal\/wp-content\/uploads\/2024\/10\/JUAN-CARLOS-VILLARREAL-SALAZAR-edited-768x768.jpeg 768w, https:\/\/tonala.gob.mx\/portal\/wp-content\/uploads\/2024\/10\/JUAN-CARLOS-VILLARREAL-SALAZAR-edited-1536x1536.jpeg 1536w, https:\/\/tonala.gob.mx\/portal\/wp-content\/uploads\/2024\/10\/JUAN-CARLOS-VILLARREAL-SALAZAR-edited-2048x2048.jpeg 2048w\" sizes=\"(max-width: 2560px) 100vw, 2560px\" \/><\/figure>\n\n\n\n<figure class=\"wp-block-image size-large\"><img decoding=\"async\" width=\"1024\" height=\"188\" src=\"https:\/\/tonala.gob.mx\/portal\/wp-content\/uploads\/2024\/10\/Morena_Party_Mexico.svg_-1024x188.png\" alt=\"\" class=\"wp-image-36181\" srcset=\"https:\/\/tonala.gob.mx\/portal\/wp-content\/uploads\/2024\/10\/Morena_Party_Mexico.svg_-1024x188.png 1024w, https:\/\/tonala.gob.mx\/portal\/wp-content\/uploads\/2024\/10\/Morena_Party_Mexico.svg_-300x55.png 300w, https:\/\/tonala.gob.mx\/portal\/wp-content\/uploads\/2024\/10\/Morena_Party_Mexico.svg_-768x141.png 768w, https:\/\/tonala.gob.mx\/portal\/wp-content\/uploads\/2024\/10\/Morena_Party_Mexico.svg_-1536x281.png 1536w, https:\/\/tonala.gob.mx\/portal\/wp-content\/uploads\/2024\/10\/Morena_Party_Mexico.svg_-2048x375.png 2048w\" sizes=\"(max-width: 1024px) 100vw, 1024px\" \/><\/figure>\n<\/div>\n\n\n\n<div class=\"wp-block-column is-layout-flow wp-block-column-is-layout-flow\">\n<p>Sala \u201cA\u201d de Regidores <\/p>\n\n\n\n<p>Hidalgo #21 Colonia Tonal\u00e1 Centro, CP .45400<\/p>\n\n\n\n<p>3335866000 EXT. 1028, 1029<\/p>\n\n\n\n<p>Correo electr\u00f3nico<\/p>\n\n\n\n<p>reg.jcvillarreal@tonala.gob.mx<br><br><a href=\"https:\/\/tonala.gob.mx\/portal\/wp-content\/uploads\/2024\/11\/JUAN-CARLOS-VILLARREAL-SALAZAR.pdf\">Curriculum<\/a><\/p>\n\n\n\n<p><a href=\"https:\/\/portal-transparencia.tonala.gob.mx\/agenda-oficial-regidor-mtro-juan-carlos-villarreal-salazar\/\">Agenda<\/a><\/p>\n\n\n\n<p>Regidor Presidente de la comisi\u00f3n edilicia de Movilidad y transporte.<\/p>\n\n\n\n<p>Vocal: Hacienda municipal y presupuestos.<\/p>\n\n\n\n<p>Vocal: Medio ambiente, ecolog\u00eda, saneamiento, acci\u00f3n contra la contaminaci\u00f3n y cambio clim\u00e1tico.<\/p>\n\n\n\n<p>Vocal: Seguridad y prevenci\u00f3n ciudadana.<\/p>\n\n\n\n<p>Vocal: Fomento artesanal, turismo y desarrollo econ\u00f3mico.<\/p>\n<\/div>\n<\/div>\n\n\n\n<p><\/p>\n","protected":false},"excerpt":{"rendered":"<p>Sala \u201cA\u201d de Regidores Hidalgo #21 Colonia Tonal\u00e1 Centro, CP .45400 3335866000 EXT. 1028, 1029 Correo electr\u00f3nico reg.jcvillarreal@tonala.gob.mx Curriculum Agenda<\/p>\n","protected":false},"author":1,"featured_media":0,"parent":0,"menu_order":0,"comment_status":"closed","ping_status":"closed","template":"","meta":{"colormag_page_container_layout":"default_layout","colormag_page_sidebar_layout":"default_layout","footnotes":""},"class_list":["post-20221","page","type-page","status-publish","hentry"],"_links":{"self":[{"href":"https:\/\/tonala.gob.mx\/portal\/wp-json\/wp\/v2\/pages\/20221","targetHints":{"allow":["GET"]}}],"collection":[{"href":"https:\/\/tonala.gob.mx\/portal\/wp-json\/wp\/v2\/pages"}],"about":[{"href":"https:\/\/tonala.gob.mx\/portal\/wp-json\/wp\/v2\/types\/page"}],"author":[{"embeddable":true,"href":"https:\/\/tonala.gob.mx\/portal\/wp-json\/wp\/v2\/users\/1"}],"replies":[{"embeddable":true,"href":"https:\/\/tonala.gob.mx\/portal\/wp-json\/wp\/v2\/comments?post=20221"}],"version-history":[{"count":42,"href":"https:\/\/tonala.gob.mx\/portal\/wp-json\/wp\/v2\/pages\/20221\/revisions"}],"predecessor-version":[{"id":38522,"href":"https:\/\/tonala.gob.mx\/portal\/wp-json\/wp\/v2\/pages\/20221\/revisions\/38522"}],"wp:attachment":[{"href":"https:\/\/tonala.gob.mx\/portal\/wp-json\/wp\/v2\/media?parent=20221"}],"curies":[{"name":"wp","href":"https:\/\/api.w.org\/{rel}","templated":true}]}}