{"id":20219,"date":"2018-09-30T21:42:17","date_gmt":"2018-10-01T03:42:17","guid":{"rendered":"http:\/\/tonala.gob.mx\/portal\/?page_id=20219"},"modified":"2024-11-20T10:35:52","modified_gmt":"2024-11-20T16:35:52","slug":"lilana-olea","status":"publish","type":"page","link":"https:\/\/tonala.gob.mx\/portal\/lilana-olea\/","title":{"rendered":"L. LILIANA OLEA FRIAS"},"content":{"rendered":"\n<div class=\"wp-block-columns is-layout-flex wp-container-core-columns-is-layout-28f84493 wp-block-columns-is-layout-flex\">\n<div class=\"wp-block-column is-layout-flow wp-block-column-is-layout-flow\">\n<figure class=\"wp-block-image size-full\"><img fetchpriority=\"high\" decoding=\"async\" width=\"2560\" height=\"2560\" src=\"https:\/\/tonala.gob.mx\/portal\/wp-content\/uploads\/2024\/10\/LAURA-LILIANA-OLEA-FRIAS-edited-scaled.jpeg\" alt=\"\" class=\"wp-image-36207\" srcset=\"https:\/\/tonala.gob.mx\/portal\/wp-content\/uploads\/2024\/10\/LAURA-LILIANA-OLEA-FRIAS-edited-scaled.jpeg 2560w, https:\/\/tonala.gob.mx\/portal\/wp-content\/uploads\/2024\/10\/LAURA-LILIANA-OLEA-FRIAS-edited-300x300.jpeg 300w, https:\/\/tonala.gob.mx\/portal\/wp-content\/uploads\/2024\/10\/LAURA-LILIANA-OLEA-FRIAS-edited-1024x1024.jpeg 1024w, https:\/\/tonala.gob.mx\/portal\/wp-content\/uploads\/2024\/10\/LAURA-LILIANA-OLEA-FRIAS-edited-150x150.jpeg 150w, https:\/\/tonala.gob.mx\/portal\/wp-content\/uploads\/2024\/10\/LAURA-LILIANA-OLEA-FRIAS-edited-768x768.jpeg 768w, https:\/\/tonala.gob.mx\/portal\/wp-content\/uploads\/2024\/10\/LAURA-LILIANA-OLEA-FRIAS-edited-1536x1536.jpeg 1536w, https:\/\/tonala.gob.mx\/portal\/wp-content\/uploads\/2024\/10\/LAURA-LILIANA-OLEA-FRIAS-edited-2048x2048.jpeg 2048w\" sizes=\"(max-width: 2560px) 100vw, 2560px\" \/><\/figure>\n\n\n\n<figure class=\"wp-block-image size-large\"><img decoding=\"async\" width=\"1024\" height=\"188\" src=\"https:\/\/tonala.gob.mx\/portal\/wp-content\/uploads\/2024\/10\/Morena_Party_Mexico.svg_-1024x188.png\" alt=\"\" class=\"wp-image-36181\" srcset=\"https:\/\/tonala.gob.mx\/portal\/wp-content\/uploads\/2024\/10\/Morena_Party_Mexico.svg_-1024x188.png 1024w, https:\/\/tonala.gob.mx\/portal\/wp-content\/uploads\/2024\/10\/Morena_Party_Mexico.svg_-300x55.png 300w, https:\/\/tonala.gob.mx\/portal\/wp-content\/uploads\/2024\/10\/Morena_Party_Mexico.svg_-768x141.png 768w, https:\/\/tonala.gob.mx\/portal\/wp-content\/uploads\/2024\/10\/Morena_Party_Mexico.svg_-1536x281.png 1536w, https:\/\/tonala.gob.mx\/portal\/wp-content\/uploads\/2024\/10\/Morena_Party_Mexico.svg_-2048x375.png 2048w\" sizes=\"(max-width: 1024px) 100vw, 1024px\" \/><\/figure>\n<\/div>\n\n\n\n<div class=\"wp-block-column is-layout-flow wp-block-column-is-layout-flow\">\n<p class=\"has-medium-font-size\"><strong>Sala de Regidores \u00abB\u00bb<\/strong><br><br>Hidalgo #21 Colonia Tonal\u00e1 Centro, CP.45400<br>3335866000 EXT. 1022, 1023<br><br><strong>Correo electr\u00f3nico:<\/strong><br>reg.lilianaolea@tonala.gob.mx<\/p>\n\n\n\n<p class=\"has-medium-font-size\"><a href=\"https:\/\/tonala.gob.mx\/portal\/wp-content\/uploads\/2021\/11\/LAURA-LILIANA-OLEA-FRIAS.pdf\">Curriculum<\/a><\/p>\n\n\n\n<p class=\"has-medium-font-size\"><a href=\"https:\/\/portal-transparencia.tonala.gob.mx\/agenda-oficial-regidora-mtra-laura-liliana-olea-frias\/\">Agenda<\/a><\/p>\n\n\n\n<p class=\"has-medium-font-size\">Regidora presidenta de la comisi\u00f3n edilicia de Servicios m\u00e9dicos, salubridad e higiene.<br><strong><br><\/strong>Vocal: Servicios P\u00fablicos Municipales.<br><br>Vocal:<strong> <\/strong>Cultura, educaci\u00f3n e innovaci\u00f3n tecnol\u00f3gica.<br><br>Vocal:<strong> <\/strong>Igualdad Sustantiva y derechos humanos.<\/p>\n<\/div>\n<\/div>\n\n\n\n<p><\/p>\n","protected":false},"excerpt":{"rendered":"<p>Sala de Regidores \u00abB\u00bb Hidalgo #21 Colonia Tonal\u00e1 Centro, CP.454003335866000 EXT. 1022, 1023 Correo electr\u00f3nico:reg.lilianaolea@tonala.gob.mx Curriculum Agenda Regidora presidenta de<\/p>\n","protected":false},"author":1,"featured_media":0,"parent":0,"menu_order":0,"comment_status":"closed","ping_status":"closed","template":"","meta":{"colormag_page_container_layout":"default_layout","colormag_page_sidebar_layout":"default_layout","footnotes":""},"class_list":["post-20219","page","type-page","status-publish","hentry"],"_links":{"self":[{"href":"https:\/\/tonala.gob.mx\/portal\/wp-json\/wp\/v2\/pages\/20219","targetHints":{"allow":["GET"]}}],"collection":[{"href":"https:\/\/tonala.gob.mx\/portal\/wp-json\/wp\/v2\/pages"}],"about":[{"href":"https:\/\/tonala.gob.mx\/portal\/wp-json\/wp\/v2\/types\/page"}],"author":[{"embeddable":true,"href":"https:\/\/tonala.gob.mx\/portal\/wp-json\/wp\/v2\/users\/1"}],"replies":[{"embeddable":true,"href":"https:\/\/tonala.gob.mx\/portal\/wp-json\/wp\/v2\/comments?post=20219"}],"version-history":[{"count":57,"href":"https:\/\/tonala.gob.mx\/portal\/wp-json\/wp\/v2\/pages\/20219\/revisions"}],"predecessor-version":[{"id":36957,"href":"https:\/\/tonala.gob.mx\/portal\/wp-json\/wp\/v2\/pages\/20219\/revisions\/36957"}],"wp:attachment":[{"href":"https:\/\/tonala.gob.mx\/portal\/wp-json\/wp\/v2\/media?parent=20219"}],"curies":[{"name":"wp","href":"https:\/\/api.w.org\/{rel}","templated":true}]}}