{"id":20215,"date":"2018-09-30T21:40:41","date_gmt":"2018-10-01T03:40:41","guid":{"rendered":"http:\/\/tonala.gob.mx\/portal\/?page_id=20215"},"modified":"2024-11-20T10:36:28","modified_gmt":"2024-11-20T16:36:28","slug":"celia-serrano","status":"publish","type":"page","link":"https:\/\/tonala.gob.mx\/portal\/celia-serrano\/","title":{"rendered":"CELIA G. SERRANO VILLAG\u00d3MEZ"},"content":{"rendered":"\n<div class=\"wp-block-columns is-layout-flex wp-container-core-columns-is-layout-28f84493 wp-block-columns-is-layout-flex\">\n<div class=\"wp-block-column is-layout-flow wp-block-column-is-layout-flow\">\n<figure class=\"wp-block-image size-full\"><img fetchpriority=\"high\" decoding=\"async\" width=\"2560\" height=\"2560\" src=\"https:\/\/tonala.gob.mx\/portal\/wp-content\/uploads\/2024\/10\/CELIA-GUADALUPE-SERRANO-VILLAGOMEZ-edited-scaled.jpeg\" alt=\"\" class=\"wp-image-36211\" srcset=\"https:\/\/tonala.gob.mx\/portal\/wp-content\/uploads\/2024\/10\/CELIA-GUADALUPE-SERRANO-VILLAGOMEZ-edited-scaled.jpeg 2560w, https:\/\/tonala.gob.mx\/portal\/wp-content\/uploads\/2024\/10\/CELIA-GUADALUPE-SERRANO-VILLAGOMEZ-edited-300x300.jpeg 300w, https:\/\/tonala.gob.mx\/portal\/wp-content\/uploads\/2024\/10\/CELIA-GUADALUPE-SERRANO-VILLAGOMEZ-edited-1024x1024.jpeg 1024w, https:\/\/tonala.gob.mx\/portal\/wp-content\/uploads\/2024\/10\/CELIA-GUADALUPE-SERRANO-VILLAGOMEZ-edited-150x150.jpeg 150w, https:\/\/tonala.gob.mx\/portal\/wp-content\/uploads\/2024\/10\/CELIA-GUADALUPE-SERRANO-VILLAGOMEZ-edited-768x768.jpeg 768w, https:\/\/tonala.gob.mx\/portal\/wp-content\/uploads\/2024\/10\/CELIA-GUADALUPE-SERRANO-VILLAGOMEZ-edited-1536x1536.jpeg 1536w, https:\/\/tonala.gob.mx\/portal\/wp-content\/uploads\/2024\/10\/CELIA-GUADALUPE-SERRANO-VILLAGOMEZ-edited-2048x2048.jpeg 2048w\" sizes=\"(max-width: 2560px) 100vw, 2560px\" \/><\/figure>\n\n\n\n<figure class=\"wp-block-image size-large\"><img decoding=\"async\" width=\"1024\" height=\"188\" src=\"https:\/\/tonala.gob.mx\/portal\/wp-content\/uploads\/2024\/10\/Morena_Party_Mexico.svg_-1024x188.png\" alt=\"\" class=\"wp-image-36181\" srcset=\"https:\/\/tonala.gob.mx\/portal\/wp-content\/uploads\/2024\/10\/Morena_Party_Mexico.svg_-1024x188.png 1024w, https:\/\/tonala.gob.mx\/portal\/wp-content\/uploads\/2024\/10\/Morena_Party_Mexico.svg_-300x55.png 300w, https:\/\/tonala.gob.mx\/portal\/wp-content\/uploads\/2024\/10\/Morena_Party_Mexico.svg_-768x141.png 768w, https:\/\/tonala.gob.mx\/portal\/wp-content\/uploads\/2024\/10\/Morena_Party_Mexico.svg_-1536x281.png 1536w, https:\/\/tonala.gob.mx\/portal\/wp-content\/uploads\/2024\/10\/Morena_Party_Mexico.svg_-2048x375.png 2048w\" sizes=\"(max-width: 1024px) 100vw, 1024px\" \/><\/figure>\n<\/div>\n\n\n\n<div class=\"wp-block-column is-layout-flow wp-block-column-is-layout-flow\">\n<p><strong>Sala \u201cA\u201d de Regidores<\/strong><br><br>Hidalgo #21 Colonia Tonal\u00e1 Centro, CP .45400<br>3335866000 EXT.1037<br><br><strong>Correo electr\u00f3nico:<\/strong><br>reg.celiaserrano@tonala.gob.mx<\/p>\n\n\n\n<p><a href=\"https:\/\/tonala.gob.mx\/portal\/wp-content\/uploads\/2021\/11\/Celia-Guadalupe-Serrano-Villagomez-Curriculum.pdf\">Curriculum<\/a><\/p>\n\n\n\n<p><a href=\"https:\/\/portal-transparencia.tonala.gob.mx\/agenda-oficial-regidora-lic-celia-guadalupe-serrano-villagomez\/\">Agenda<\/a><br><br>Regidora presidenta de la comisi\u00f3n edilicia de Hacienda Municipal y Presupuestos.<br><br>Vocal: Administraci\u00f3n, Transparencia, rendici\u00f3n de cuentas, combate a a la corrupci\u00f3n y recursos humanos.<br><br>Vocal: Gobernaci\u00f3n, justicia, asuntos metropolitanos y fortalecimiento municipal.<\/p>\n\n\n\n<p><br>Vocal: Planeaci\u00f3n para el desarrollo urbano, rural y habitaci\u00f3n popular.<\/p>\n\n\n\n<p><br>Vocal: Reglamentos, puntos constitucionales, administraci\u00f3n y planeaci\u00f3n legislatura.<\/p>\n\n\n\n<p><\/p>\n\n\n\n<p><\/p>\n\n\n\n<p><\/p>\n<\/div>\n<\/div>\n\n\n\n<p><\/p>\n","protected":false},"excerpt":{"rendered":"<p>Sala \u201cA\u201d de Regidores Hidalgo #21 Colonia Tonal\u00e1 Centro, CP .454003335866000 EXT.1037 Correo electr\u00f3nico:reg.celiaserrano@tonala.gob.mx Curriculum Agenda Regidora presidenta de la<\/p>\n","protected":false},"author":1,"featured_media":0,"parent":0,"menu_order":0,"comment_status":"closed","ping_status":"closed","template":"","meta":{"colormag_page_container_layout":"default_layout","colormag_page_sidebar_layout":"default_layout","footnotes":""},"class_list":["post-20215","page","type-page","status-publish","hentry"],"_links":{"self":[{"href":"https:\/\/tonala.gob.mx\/portal\/wp-json\/wp\/v2\/pages\/20215","targetHints":{"allow":["GET"]}}],"collection":[{"href":"https:\/\/tonala.gob.mx\/portal\/wp-json\/wp\/v2\/pages"}],"about":[{"href":"https:\/\/tonala.gob.mx\/portal\/wp-json\/wp\/v2\/types\/page"}],"author":[{"embeddable":true,"href":"https:\/\/tonala.gob.mx\/portal\/wp-json\/wp\/v2\/users\/1"}],"replies":[{"embeddable":true,"href":"https:\/\/tonala.gob.mx\/portal\/wp-json\/wp\/v2\/comments?post=20215"}],"version-history":[{"count":53,"href":"https:\/\/tonala.gob.mx\/portal\/wp-json\/wp\/v2\/pages\/20215\/revisions"}],"predecessor-version":[{"id":36958,"href":"https:\/\/tonala.gob.mx\/portal\/wp-json\/wp\/v2\/pages\/20215\/revisions\/36958"}],"wp:attachment":[{"href":"https:\/\/tonala.gob.mx\/portal\/wp-json\/wp\/v2\/media?parent=20215"}],"curies":[{"name":"wp","href":"https:\/\/api.w.org\/{rel}","templated":true}]}}