{"id":20211,"date":"2018-09-30T21:39:03","date_gmt":"2018-10-01T03:39:03","guid":{"rendered":"http:\/\/tonala.gob.mx\/portal\/?page_id=20211"},"modified":"2024-07-02T10:19:30","modified_gmt":"2024-07-02T16:19:30","slug":"enrique-hernandez-de-la-cerda","status":"publish","type":"page","link":"https:\/\/tonala.gob.mx\/portal\/enrique-hernandez-de-la-cerda\/","title":{"rendered":"F. JAVIER REYES RU\u00cdZ"},"content":{"rendered":"\n<div class=\"wp-block-image\"><figure class=\"aligncenter size-large is-resized\"><a href=\"https:\/\/tonala.gob.mx\/portal\/wp-content\/uploads\/2021\/10\/F-JAVIER-REYES-RUIZ-scaled.jpg\"><img fetchpriority=\"high\" decoding=\"async\" src=\"https:\/\/tonala.gob.mx\/portal\/wp-content\/uploads\/2021\/10\/F-JAVIER-REYES-RUIZ-731x1024.jpg\" alt=\"\" class=\"wp-image-32846\" width=\"366\" height=\"512\" srcset=\"https:\/\/tonala.gob.mx\/portal\/wp-content\/uploads\/2021\/10\/F-JAVIER-REYES-RUIZ-731x1024.jpg 731w, https:\/\/tonala.gob.mx\/portal\/wp-content\/uploads\/2021\/10\/F-JAVIER-REYES-RUIZ-214x300.jpg 214w, https:\/\/tonala.gob.mx\/portal\/wp-content\/uploads\/2021\/10\/F-JAVIER-REYES-RUIZ-768x1075.jpg 768w, https:\/\/tonala.gob.mx\/portal\/wp-content\/uploads\/2021\/10\/F-JAVIER-REYES-RUIZ-1097x1536.jpg 1097w, https:\/\/tonala.gob.mx\/portal\/wp-content\/uploads\/2021\/10\/F-JAVIER-REYES-RUIZ-1463x2048.jpg 1463w, https:\/\/tonala.gob.mx\/portal\/wp-content\/uploads\/2021\/10\/F-JAVIER-REYES-RUIZ-scaled.jpg 1828w\" sizes=\"(max-width: 366px) 100vw, 366px\" \/><\/a><\/figure><\/div>\n\n\n\n<p>reg.franciscojavier@tonala.gob.mx<\/p>\n\n\n\n<p><a href=\"https:\/\/tonala.gob.mx\/portal\/wp-content\/uploads\/2021\/11\/FRANCISCO-JAVIER-REYES-RUIZ.pdf\">Curriculum<\/a><\/p>\n\n\n\n<p class=\"has-text-align-center\">COMISIONES<\/p>\n\n\n\n<p>PRESIDE<\/p>\n\n\n\n<p><strong>Obras P\u00fablicas Municipales<\/strong><\/p>\n\n\n\n<p>VOCAL<\/p>\n\n\n\n<p><strong>Protecci\u00f3n Civil Y Bomberos<\/strong><\/p>\n\n\n\n<p><strong>Planeaci\u00f3n Para El Desarrollo Urbano Rural Y Habitaci\u00f3n Popular<\/strong><\/p>\n","protected":false},"excerpt":{"rendered":"<p>reg.franciscojavier@tonala.gob.mx Curriculum COMISIONES PRESIDE Obras P\u00fablicas Municipales VOCAL Protecci\u00f3n Civil Y Bomberos Planeaci\u00f3n Para El Desarrollo Urbano Rural Y Habitaci\u00f3n<\/p>\n","protected":false},"author":1,"featured_media":0,"parent":0,"menu_order":0,"comment_status":"closed","ping_status":"closed","template":"","meta":{"colormag_page_container_layout":"default_layout","colormag_page_sidebar_layout":"default_layout","footnotes":""},"class_list":["post-20211","page","type-page","status-publish","hentry"],"_links":{"self":[{"href":"https:\/\/tonala.gob.mx\/portal\/wp-json\/wp\/v2\/pages\/20211","targetHints":{"allow":["GET"]}}],"collection":[{"href":"https:\/\/tonala.gob.mx\/portal\/wp-json\/wp\/v2\/pages"}],"about":[{"href":"https:\/\/tonala.gob.mx\/portal\/wp-json\/wp\/v2\/types\/page"}],"author":[{"embeddable":true,"href":"https:\/\/tonala.gob.mx\/portal\/wp-json\/wp\/v2\/users\/1"}],"replies":[{"embeddable":true,"href":"https:\/\/tonala.gob.mx\/portal\/wp-json\/wp\/v2\/comments?post=20211"}],"version-history":[{"count":34,"href":"https:\/\/tonala.gob.mx\/portal\/wp-json\/wp\/v2\/pages\/20211\/revisions"}],"predecessor-version":[{"id":35641,"href":"https:\/\/tonala.gob.mx\/portal\/wp-json\/wp\/v2\/pages\/20211\/revisions\/35641"}],"wp:attachment":[{"href":"https:\/\/tonala.gob.mx\/portal\/wp-json\/wp\/v2\/media?parent=20211"}],"curies":[{"name":"wp","href":"https:\/\/api.w.org\/{rel}","templated":true}]}}