{"id":172,"date":"2015-10-29T17:50:47","date_gmt":"2015-10-29T17:50:47","guid":{"rendered":"http:\/\/tonala.gob.mx\/portal\/?page_id=172"},"modified":"2017-02-13T10:31:51","modified_gmt":"2017-02-13T16:31:51","slug":"museos-y-galerias","status":"publish","type":"page","link":"https:\/\/tonala.gob.mx\/portal\/museos-y-galerias\/","title":{"rendered":"Museos y Galer\u00edas"},"content":{"rendered":"<p class=\"p1\"><strong><span class=\"s1\">Galer\u00eda Candelario Medrano<\/span><\/strong><\/p>\n<ul>\n<li class=\"li2\"><span class=\"s3\"><b>Direcci\u00f3n<\/b><\/span><span class=\"s4\">: <\/span><span class=\"s1\">Hidalgo # 21<\/span><\/li>\n<li class=\"li3\"><span class=\"s1\">45400 Tonal\u00e1, M\u00e9xico<\/span><\/li>\n<li class=\"li4\"><span class=\"s7\"><b>Tel\u00e9fono<\/b><\/span><span class=\"s1\">: <\/span><span class=\"s8\">01 33 3586 6000 ext. 1521<\/span><\/li>\n<li class=\"li5\"><span class=\"s9\"><b>Correo electr\u00f3nico: <\/b><a href=\"mailto:tonalamuseos@gmail.com\">tonalamuseos@gmail.com<\/a><\/span><\/li>\n<\/ul>\n<p class=\"p6\"><span class=\"s1\"><img fetchpriority=\"high\" decoding=\"async\" class=\"wp-image-8926 size-medium alignleft\" src=\"https:\/\/tonala.gob.mx\/portal\/wp-content\/uploads\/2015\/10\/Galeri\u0301a-Candelario-Medrano-3-300x168.jpg\" alt=\"Galeri\u0301a Candelario Medrano 3\" width=\"300\" height=\"168\" srcset=\"https:\/\/tonala.gob.mx\/portal\/wp-content\/uploads\/2015\/10\/Galeri\u0301a-Candelario-Medrano-3-300x168.jpg 300w, https:\/\/tonala.gob.mx\/portal\/wp-content\/uploads\/2015\/10\/Galeri\u0301a-Candelario-Medrano-3-768x430.jpg 768w, https:\/\/tonala.gob.mx\/portal\/wp-content\/uploads\/2015\/10\/Galeri\u0301a-Candelario-Medrano-3-800x445.jpg 800w, https:\/\/tonala.gob.mx\/portal\/wp-content\/uploads\/2015\/10\/Galeri\u0301a-Candelario-Medrano-3.jpg 960w\" sizes=\"(max-width: 300px) 100vw, 300px\" \/>La Galer\u00eda Candelario Medrano es el espacio para las artes contempor\u00e1neas, en ella se muestran exposiciones fotogr\u00e1ficas, pintura y escultura, En ella se lleva a cabo el Concurso Nacional de la Cer\u00e1mica Tonallan, destacan exposiciones, \u201cHomenaje a las Familias Charras de Tonal\u00e1\u201d y \u201cF\u00e9, ritos y tradiciones\u201d del Maestro Jos\u00e9 Hern\u00e1ndez Claire, reconocido fot\u00f3grafo, Reuni\u00f3n entre amigos de Alejandro Loccoc\u00f3<\/span><\/p>\n<p>&nbsp;<\/p>\n<p class=\"p6\"><img decoding=\"async\" class=\"alignnone wp-image-8927 size-medium\" src=\"https:\/\/tonala.gob.mx\/portal\/wp-content\/uploads\/2015\/10\/Galeri\u0301a-Candelario-Medrano-1-300x200.jpg\" alt=\"Galeri\u0301a Candelario Medrano 1\" width=\"300\" height=\"200\" srcset=\"https:\/\/tonala.gob.mx\/portal\/wp-content\/uploads\/2015\/10\/Galeri\u0301a-Candelario-Medrano-1-300x200.jpg 300w, https:\/\/tonala.gob.mx\/portal\/wp-content\/uploads\/2015\/10\/Galeri\u0301a-Candelario-Medrano-1-768x512.jpg 768w, https:\/\/tonala.gob.mx\/portal\/wp-content\/uploads\/2015\/10\/Galeri\u0301a-Candelario-Medrano-1.jpg 960w\" sizes=\"(max-width: 300px) 100vw, 300px\" \/>\u00a0<img decoding=\"async\" class=\"alignnone wp-image-8925 size-medium\" src=\"https:\/\/tonala.gob.mx\/portal\/wp-content\/uploads\/2015\/10\/Galeri\u0301a-Candelario-Medrano-2-300x225.jpg\" alt=\"Galeri\u0301a Candelario Medrano 2\" width=\"300\" height=\"225\" srcset=\"https:\/\/tonala.gob.mx\/portal\/wp-content\/uploads\/2015\/10\/Galeri\u0301a-Candelario-Medrano-2-300x225.jpg 300w, https:\/\/tonala.gob.mx\/portal\/wp-content\/uploads\/2015\/10\/Galeri\u0301a-Candelario-Medrano-2-768x576.jpg 768w, https:\/\/tonala.gob.mx\/portal\/wp-content\/uploads\/2015\/10\/Galeri\u0301a-Candelario-Medrano-2.jpg 960w\" sizes=\"(max-width: 300px) 100vw, 300px\" \/><\/p>\n<p class=\"p8\"><strong><span class=\"s1\">Museo Nacional de la Cer\u00e1mica<\/span><\/strong><\/p>\n<ul>\n<li class=\"li9\"><span class=\"s11\"><b>Direcci\u00f3n<\/b><\/span><span class=\"s8\">: <\/span><span class=\"s1\">Constituci\u00f3n 104<\/span><\/li>\n<li class=\"li9\"><span class=\"s1\">45400 Tonal\u00e1, M\u00e9xico<\/span><\/li>\n<li class=\"li9\"><span class=\"s7\"><b>Tel\u00e9fono<\/b><\/span><span class=\"s1\">: <\/span><span class=\"s8\">01 33 3586 6000 ext. 1521<\/span><\/li>\n<li class=\"li5\"><span class=\"s9\"><b>Correo electr\u00f3nico<\/b><\/span><span class=\"s12\">:<a href=\"mailto:tonalamuseos@gmail.com\">tonalamuseos@gmail.com<\/a><\/span><\/li>\n<\/ul>\n<p class=\"p10\"><span class=\"s1\"><img loading=\"lazy\" decoding=\"async\" class=\"wp-image-8930 size-medium alignleft\" src=\"https:\/\/tonala.gob.mx\/portal\/wp-content\/uploads\/2015\/10\/Museo-Nacional-de-la-Cera\u0301mica-2-198x300.jpg\" alt=\"Museo Nacional de la Cera\u0301mica 2\" width=\"198\" height=\"300\" srcset=\"https:\/\/tonala.gob.mx\/portal\/wp-content\/uploads\/2015\/10\/Museo-Nacional-de-la-Cera\u0301mica-2-198x300.jpg 198w, https:\/\/tonala.gob.mx\/portal\/wp-content\/uploads\/2015\/10\/Museo-Nacional-de-la-Cera\u0301mica-2.jpg 635w\" sizes=\"(max-width: 198px) 100vw, 198px\" \/>El Museo Nacional de la Cer\u00e1mica es un espacio donde se muestra la riqueza de nuestra cer\u00e1mica, fue inaugurado en el a\u00f1o de 1985 y remodelado en 1998 por el Ayuntamiento de Tonal\u00e1. Reabri\u00f3 sus puertas el 30 de noviembre de ese a\u00f1o, con un concepto museogr\u00e1fico de la maestra Gladys Abascal, con el apoyo del Instituto Nacional Indigenista (INI) y del Museo Regional de Guadalajara. Anteriormente, el inmueble funcion\u00f3 como galer\u00eda y tienda artesanal. En sus nueve salas permanentes exhibe alrededor de 1300 piezas de cer\u00e1mica artesanal tanto de la regi\u00f3n como del resto del pa\u00eds. As\u00ed mismo, ofrece informaci\u00f3n sobre la evoluci\u00f3n de la cer\u00e1mica en M\u00e9xico y sobre las t\u00e9cnicas de elaboraci\u00f3n, las materias primas, el proceso y el acabado de una pieza. Guarda y exhibe la Colecci\u00f3n del Premio Nacional de la Cer\u00e1mica Tonallan, Cer\u00e1mica prehisp\u00e1nica y m\u00e1scaras de Tastoan.<\/span><\/p>\n<p>&nbsp;<\/p>\n<p class=\"p10\"><img loading=\"lazy\" decoding=\"async\" class=\"alignnone wp-image-8928 size-medium\" src=\"https:\/\/tonala.gob.mx\/portal\/wp-content\/uploads\/2015\/10\/Museo-Nacional-de-la-Cera\u0301mica-1-225x300.jpg\" alt=\"Museo Nacional de la Cera\u0301mica 1\" width=\"225\" height=\"300\" srcset=\"https:\/\/tonala.gob.mx\/portal\/wp-content\/uploads\/2015\/10\/Museo-Nacional-de-la-Cera\u0301mica-1-225x300.jpg 225w, https:\/\/tonala.gob.mx\/portal\/wp-content\/uploads\/2015\/10\/Museo-Nacional-de-la-Cera\u0301mica-1.jpg 720w\" sizes=\"(max-width: 225px) 100vw, 225px\" \/> <img loading=\"lazy\" decoding=\"async\" class=\"alignnone wp-image-8929 size-medium\" src=\"https:\/\/tonala.gob.mx\/portal\/wp-content\/uploads\/2015\/10\/Museo-Nacional-de-la-Cera\u0301mica-3-212x300.jpg\" alt=\"Museo Nacional de la Cera\u0301mica 3\" width=\"212\" height=\"300\" srcset=\"https:\/\/tonala.gob.mx\/portal\/wp-content\/uploads\/2015\/10\/Museo-Nacional-de-la-Cera\u0301mica-3-212x300.jpg 212w, https:\/\/tonala.gob.mx\/portal\/wp-content\/uploads\/2015\/10\/Museo-Nacional-de-la-Cera\u0301mica-3.jpg 677w\" sizes=\"(max-width: 212px) 100vw, 212px\" \/><\/p>\n<p class=\"p12\"><strong><span class=\"s1\">Museo Regional Tonallan<\/span><\/strong><\/p>\n<ul>\n<li class=\"li4\"><span class=\"s11\"><b>Direcci\u00f3n<\/b><\/span><span class=\"s8\">: <\/span><span class=\"s1\">Ram\u00f3n Corona 73<\/span><\/li>\n<li class=\"li4\"><span class=\"s1\">45400 Tonal\u00e1, M\u00e9xico<\/span><\/li>\n<li class=\"li4\"><span class=\"s7\"><b>Tel\u00e9fono<\/b><\/span><span class=\"s1\">: <\/span><span class=\"s8\">01 33 1200 3936<\/span><\/li>\n<li class=\"li13\"><span class=\"s9\"><b>Correo electr\u00f3nico:\u00a0<\/b><a href=\"mailto:tonalamuseos@gmail.com\">tonalamuseos@gmail.com<\/a><\/span><\/li>\n<\/ul>\n<p class=\"p9\"><span class=\"s8\"><img loading=\"lazy\" decoding=\"async\" class=\"size-medium wp-image-8931 alignleft\" src=\"https:\/\/tonala.gob.mx\/portal\/wp-content\/uploads\/2015\/10\/Museo-Regional-Tonallan-3-225x300.jpg\" alt=\"Museo Regional Tonallan 3\" width=\"225\" height=\"300\" srcset=\"https:\/\/tonala.gob.mx\/portal\/wp-content\/uploads\/2015\/10\/Museo-Regional-Tonallan-3-225x300.jpg 225w, https:\/\/tonala.gob.mx\/portal\/wp-content\/uploads\/2015\/10\/Museo-Regional-Tonallan-3.jpg 720w\" sizes=\"(max-width: 225px) 100vw, 225px\" \/>Toma su nombre del s\u00edmbolo de la regi\u00f3n Tonallan; lugar de luz, de energ\u00eda de sol.<\/span><span class=\"s1\"><br \/>\n<\/span><span class=\"s8\">La casa guarda los rasgos de construcci\u00f3n t\u00edpica (probablemente fines del siglo VXIII o principios del XIX) muestra tres etapas de construcci\u00f3n apeg\u00e1ndose a estilos de arquitectura vern\u00e1cula y con materiales de la regi\u00f3n. La habit\u00f3 la familia Arana, artesanos y campesinos, de quienes se conocen datos desde 1845. Fue comprada y restaurada en 1994 en la administraci\u00f3n del Lic. Timoteo Campechano para destinarse como museo a iniciativa de un grupo de personas de la comunidad. En 1995 se abre como espacio cultural ofreciendo a la poblaci\u00f3n una opci\u00f3n de est\u00edmulo a partir de noviembre de 1997 siendo presidenta municipal la profesora Mar\u00eda de los \u00c1ngeles Garc\u00eda Beato se da apertura a dos salas con colecciones de arqueolog\u00eda de la regi\u00f3n, cer\u00e1mica tradicionales y experiencias generales de esta cultura ancestral<\/span><span class=\"s1\"><br \/>\n<\/span><span class=\"s8\">H. Ayuntamiento de Tonal\u00e1, Jalisco<\/span> <span class=\"s8\">95-97<\/span><span class=\"s1\"><br \/>\n<\/span><\/p>\n<p class=\"p9\">\u00a0\u00a0<img loading=\"lazy\" decoding=\"async\" class=\"alignnone wp-image-8932 size-medium\" src=\"https:\/\/tonala.gob.mx\/portal\/wp-content\/uploads\/2015\/10\/Museo-Regional-Tonallan-2-300x224.jpg\" alt=\"Museo Regional Tonallan 2\" width=\"300\" height=\"224\" srcset=\"https:\/\/tonala.gob.mx\/portal\/wp-content\/uploads\/2015\/10\/Museo-Regional-Tonallan-2-300x224.jpg 300w, https:\/\/tonala.gob.mx\/portal\/wp-content\/uploads\/2015\/10\/Museo-Regional-Tonallan-2-768x574.jpg 768w, https:\/\/tonala.gob.mx\/portal\/wp-content\/uploads\/2015\/10\/Museo-Regional-Tonallan-2.jpg 960w\" sizes=\"(max-width: 300px) 100vw, 300px\" \/> <img loading=\"lazy\" decoding=\"async\" class=\"alignnone wp-image-8933 size-medium\" src=\"https:\/\/tonala.gob.mx\/portal\/wp-content\/uploads\/2015\/10\/Museo-Regional-Tonallan-1-300x225.jpg\" alt=\"Museo Regional Tonallan 1\" width=\"300\" height=\"225\" srcset=\"https:\/\/tonala.gob.mx\/portal\/wp-content\/uploads\/2015\/10\/Museo-Regional-Tonallan-1-300x225.jpg 300w, https:\/\/tonala.gob.mx\/portal\/wp-content\/uploads\/2015\/10\/Museo-Regional-Tonallan-1-768x576.jpg 768w, https:\/\/tonala.gob.mx\/portal\/wp-content\/uploads\/2015\/10\/Museo-Regional-Tonallan-1.jpg 960w\" sizes=\"(max-width: 300px) 100vw, 300px\" \/><\/p>\n<p class=\"p15\"><span class=\"s1\"><br \/>\n<\/span><span class=\"s8\">Noviembre 29 1997<\/span><\/p>\n<p><span class=\"s8\">COMITE<\/span><\/p>\n<p><span class=\"s8\">FRANCISCO GUTIERREZ PULIDO, PRESIDENTE<\/span><span class=\"s1\"><br \/>\n<\/span><span class=\"s8\">JUAN JOSE ALVAREZ NU\u00d1O, SECRETARIO<\/span><span class=\"s1\"><br \/>\n<\/span><span class=\"s8\">AURELIO NU\u00d1O GABRIEL, TESORERO<\/span><\/p>\n<p><span class=\"s8\">VOCALES<\/span><\/p>\n<p><span class=\"s8\">JUAN FRANCISCO BASULTO<\/span><span class=\"s1\"><br \/>\n<\/span><span class=\"s8\">TERESA NU\u00d1O<\/span><span class=\"s1\"><br \/>\n<\/span><span class=\"s8\">MARTHA COVARRUBIAS<\/span><span class=\"s1\"><br \/>\n<\/span><span class=\"s8\">DANIEL ARANA ROJAS<\/span><\/p>\n","protected":false},"excerpt":{"rendered":"<p>Galer\u00eda Candelario Medrano Direcci\u00f3n: Hidalgo # 21 45400 Tonal\u00e1, M\u00e9xico Tel\u00e9fono: 01 33 3586 6000 ext. 1521 Correo electr\u00f3nico: tonalamuseos@gmail.com<\/p>\n","protected":false},"author":1,"featured_media":0,"parent":0,"menu_order":0,"comment_status":"closed","ping_status":"closed","template":"","meta":{"colormag_page_container_layout":"no_sidebar_full_width","colormag_page_sidebar_layout":"right_sidebar","footnotes":""},"class_list":["post-172","page","type-page","status-publish","hentry"],"_links":{"self":[{"href":"https:\/\/tonala.gob.mx\/portal\/wp-json\/wp\/v2\/pages\/172","targetHints":{"allow":["GET"]}}],"collection":[{"href":"https:\/\/tonala.gob.mx\/portal\/wp-json\/wp\/v2\/pages"}],"about":[{"href":"https:\/\/tonala.gob.mx\/portal\/wp-json\/wp\/v2\/types\/page"}],"author":[{"embeddable":true,"href":"https:\/\/tonala.gob.mx\/portal\/wp-json\/wp\/v2\/users\/1"}],"replies":[{"embeddable":true,"href":"https:\/\/tonala.gob.mx\/portal\/wp-json\/wp\/v2\/comments?post=172"}],"version-history":[{"count":20,"href":"https:\/\/tonala.gob.mx\/portal\/wp-json\/wp\/v2\/pages\/172\/revisions"}],"predecessor-version":[{"id":8993,"href":"https:\/\/tonala.gob.mx\/portal\/wp-json\/wp\/v2\/pages\/172\/revisions\/8993"}],"wp:attachment":[{"href":"https:\/\/tonala.gob.mx\/portal\/wp-json\/wp\/v2\/media?parent=172"}],"curies":[{"name":"wp","href":"https:\/\/api.w.org\/{rel}","templated":true}]}}

Museos y Galerías

<p class="p1"><strong><span class="s1">Galería Candelario Medrano</span></strong></p>
<ul>
<li class="li2"><span class="s3"><b>Dirección</b></span><span class="s4">: </span><span class="s1">Hidalgo # 21</span></li>
<li class="li3"><span class="s1">45400 Tonalá, México</span></li>
<li class="li4"><span class="s7"><b>Teléfono</b></span><span class="s1">: </span><span class="s8">01 33 3586 6000 ext. 1521</span></li>
<li class="li5"><span class="s9"><b>Correo electrónico: </b><a href="mailto:tonalamuseos@gmail.com">tonalamuseos@gmail.com</a></span></li>
</ul>
<p class="p6"><span class="s1"><img fetchpriority="high" decoding="async" class="wp-image-8926 size-medium alignleft" src="https://tonala.gob.mx/portal/wp-content/uploads/2015/10/Galería-Candelario-Medrano-3-300x168.jpg" alt="Galería Candelario Medrano 3" width="300" height="168" srcset="https://tonala.gob.mx/portal/wp-content/uploads/2015/10/Galería-Candelario-Medrano-3-300x168.jpg 300w, https://tonala.gob.mx/portal/wp-content/uploads/2015/10/Galería-Candelario-Medrano-3-768x430.jpg 768w, https://tonala.gob.mx/portal/wp-content/uploads/2015/10/Galería-Candelario-Medrano-3-800x445.jpg 800w, https://tonala.gob.mx/portal/wp-content/uploads/2015/10/Galería-Candelario-Medrano-3.jpg 960w" sizes="(max-width: 300px) 100vw, 300px" />La Galería Candelario Medrano es el espacio para las artes contemporáneas, en ella se muestran exposiciones fotográficas, pintura y escultura, En ella se lleva a cabo el Concurso Nacional de la Cerámica Tonallan, destacan exposiciones, “Homenaje a las Familias Charras de Tonalá” y “Fé, ritos y tradiciones” del Maestro José Hernández Claire, reconocido fotógrafo, Reunión entre amigos de Alejandro Loccocó</span></p>
<p>&nbsp;</p>
<p class="p6"><img decoding="async" class="alignnone wp-image-8927 size-medium" src="https://tonala.gob.mx/portal/wp-content/uploads/2015/10/Galería-Candelario-Medrano-1-300x200.jpg" alt="Galería Candelario Medrano 1" width="300" height="200" srcset="https://tonala.gob.mx/portal/wp-content/uploads/2015/10/Galería-Candelario-Medrano-1-300x200.jpg 300w, https://tonala.gob.mx/portal/wp-content/uploads/2015/10/Galería-Candelario-Medrano-1-768x512.jpg 768w, https://tonala.gob.mx/portal/wp-content/uploads/2015/10/Galería-Candelario-Medrano-1.jpg 960w" sizes="(max-width: 300px) 100vw, 300px" /> <img decoding="async" class="alignnone wp-image-8925 size-medium" src="https://tonala.gob.mx/portal/wp-content/uploads/2015/10/Galería-Candelario-Medrano-2-300x225.jpg" alt="Galería Candelario Medrano 2" width="300" height="225" srcset="https://tonala.gob.mx/portal/wp-content/uploads/2015/10/Galería-Candelario-Medrano-2-300x225.jpg 300w, https://tonala.gob.mx/portal/wp-content/uploads/2015/10/Galería-Candelario-Medrano-2-768x576.jpg 768w, https://tonala.gob.mx/portal/wp-content/uploads/2015/10/Galería-Candelario-Medrano-2.jpg 960w" sizes="(max-width: 300px) 100vw, 300px" /></p>
<p class="p8"><strong><span class="s1">Museo Nacional de la Cerámica</span></strong></p>
<ul>
<li class="li9"><span class="s11"><b>Dirección</b></span><span class="s8">: </span><span class="s1">Constitución 104</span></li>
<li class="li9"><span class="s1">45400 Tonalá, México</span></li>
<li class="li9"><span class="s7"><b>Teléfono</b></span><span class="s1">: </span><span class="s8">01 33 3586 6000 ext. 1521</span></li>
<li class="li5"><span class="s9"><b>Correo electrónico</b></span><span class="s12">:<a href="mailto:tonalamuseos@gmail.com">tonalamuseos@gmail.com</a></span></li>
</ul>
<p class="p10"><span class="s1"><img loading="lazy" decoding="async" class="wp-image-8930 size-medium alignleft" src="https://tonala.gob.mx/portal/wp-content/uploads/2015/10/Museo-Nacional-de-la-Cerámica-2-198x300.jpg" alt="Museo Nacional de la Cerámica 2" width="198" height="300" srcset="https://tonala.gob.mx/portal/wp-content/uploads/2015/10/Museo-Nacional-de-la-Cerámica-2-198x300.jpg 198w, https://tonala.gob.mx/portal/wp-content/uploads/2015/10/Museo-Nacional-de-la-Cerámica-2.jpg 635w" sizes="(max-width: 198px) 100vw, 198px" />El Museo Nacional de la Cerámica es un espacio donde se muestra la riqueza de nuestra cerámica, fue inaugurado en el año de 1985 y remodelado en 1998 por el Ayuntamiento de Tonalá. Reabrió sus puertas el 30 de noviembre de ese año, con un concepto museográfico de la maestra Gladys Abascal, con el apoyo del Instituto Nacional Indigenista (INI) y del Museo Regional de Guadalajara. Anteriormente, el inmueble funcionó como galería y tienda artesanal. En sus nueve salas permanentes exhibe alrededor de 1300 piezas de cerámica artesanal tanto de la región como del resto del país. Así mismo, ofrece información sobre la evolución de la cerámica en México y sobre las técnicas de elaboración, las materias primas, el proceso y el acabado de una pieza. Guarda y exhibe la Colección del Premio Nacional de la Cerámica Tonallan, Cerámica prehispánica y máscaras de Tastoan.</span></p>
<p>&nbsp;</p>
<p class="p10"><img loading="lazy" decoding="async" class="alignnone wp-image-8928 size-medium" src="https://tonala.gob.mx/portal/wp-content/uploads/2015/10/Museo-Nacional-de-la-Cerámica-1-225x300.jpg" alt="Museo Nacional de la Cerámica 1" width="225" height="300" srcset="https://tonala.gob.mx/portal/wp-content/uploads/2015/10/Museo-Nacional-de-la-Cerámica-1-225x300.jpg 225w, https://tonala.gob.mx/portal/wp-content/uploads/2015/10/Museo-Nacional-de-la-Cerámica-1.jpg 720w" sizes="(max-width: 225px) 100vw, 225px" /> <img loading="lazy" decoding="async" class="alignnone wp-image-8929 size-medium" src="https://tonala.gob.mx/portal/wp-content/uploads/2015/10/Museo-Nacional-de-la-Cerámica-3-212x300.jpg" alt="Museo Nacional de la Cerámica 3" width="212" height="300" srcset="https://tonala.gob.mx/portal/wp-content/uploads/2015/10/Museo-Nacional-de-la-Cerámica-3-212x300.jpg 212w, https://tonala.gob.mx/portal/wp-content/uploads/2015/10/Museo-Nacional-de-la-Cerámica-3.jpg 677w" sizes="(max-width: 212px) 100vw, 212px" /></p>
<p class="p12"><strong><span class="s1">Museo Regional Tonallan</span></strong></p>
<ul>
<li class="li4"><span class="s11"><b>Dirección</b></span><span class="s8">: </span><span class="s1">Ramón Corona 73</span></li>
<li class="li4"><span class="s1">45400 Tonalá, México</span></li>
<li class="li4"><span class="s7"><b>Teléfono</b></span><span class="s1">: </span><span class="s8">01 33 1200 3936</span></li>
<li class="li13"><span class="s9"><b>Correo electrónico: </b><a href="mailto:tonalamuseos@gmail.com">tonalamuseos@gmail.com</a></span></li>
</ul>
<p class="p9"><span class="s8"><img loading="lazy" decoding="async" class="size-medium wp-image-8931 alignleft" src="https://tonala.gob.mx/portal/wp-content/uploads/2015/10/Museo-Regional-Tonallan-3-225x300.jpg" alt="Museo Regional Tonallan 3" width="225" height="300" srcset="https://tonala.gob.mx/portal/wp-content/uploads/2015/10/Museo-Regional-Tonallan-3-225x300.jpg 225w, https://tonala.gob.mx/portal/wp-content/uploads/2015/10/Museo-Regional-Tonallan-3.jpg 720w" sizes="(max-width: 225px) 100vw, 225px" />Toma su nombre del símbolo de la región Tonallan; lugar de luz, de energía de sol.</span><span class="s1"><br />
</span><span class="s8">La casa guarda los rasgos de construcción típica (probablemente fines del siglo VXIII o principios del XIX) muestra tres etapas de construcción apegándose a estilos de arquitectura vernácula y con materiales de la región. La habitó la familia Arana, artesanos y campesinos, de quienes se conocen datos desde 1845. Fue comprada y restaurada en 1994 en la administración del Lic. Timoteo Campechano para destinarse como museo a iniciativa de un grupo de personas de la comunidad. En 1995 se abre como espacio cultural ofreciendo a la población una opción de estímulo a partir de noviembre de 1997 siendo presidenta municipal la profesora María de los Ángeles García Beato se da apertura a dos salas con colecciones de arqueología de la región, cerámica tradicionales y experiencias generales de esta cultura ancestral</span><span class="s1"><br />
</span><span class="s8">H. Ayuntamiento de Tonalá, Jalisco</span> <span class="s8">95-97</span><span class="s1"><br />
</span></p>
<p class="p9">  <img loading="lazy" decoding="async" class="alignnone wp-image-8932 size-medium" src="https://tonala.gob.mx/portal/wp-content/uploads/2015/10/Museo-Regional-Tonallan-2-300x224.jpg" alt="Museo Regional Tonallan 2" width="300" height="224" srcset="https://tonala.gob.mx/portal/wp-content/uploads/2015/10/Museo-Regional-Tonallan-2-300x224.jpg 300w, https://tonala.gob.mx/portal/wp-content/uploads/2015/10/Museo-Regional-Tonallan-2-768x574.jpg 768w, https://tonala.gob.mx/portal/wp-content/uploads/2015/10/Museo-Regional-Tonallan-2.jpg 960w" sizes="(max-width: 300px) 100vw, 300px" /> <img loading="lazy" decoding="async" class="alignnone wp-image-8933 size-medium" src="https://tonala.gob.mx/portal/wp-content/uploads/2015/10/Museo-Regional-Tonallan-1-300x225.jpg" alt="Museo Regional Tonallan 1" width="300" height="225" srcset="https://tonala.gob.mx/portal/wp-content/uploads/2015/10/Museo-Regional-Tonallan-1-300x225.jpg 300w, https://tonala.gob.mx/portal/wp-content/uploads/2015/10/Museo-Regional-Tonallan-1-768x576.jpg 768w, https://tonala.gob.mx/portal/wp-content/uploads/2015/10/Museo-Regional-Tonallan-1.jpg 960w" sizes="(max-width: 300px) 100vw, 300px" /></p>
<p class="p15"><span class="s1"><br />
</span><span class="s8">Noviembre 29 1997</span></p>
<p><span class="s8">COMITE</span></p>
<p><span class="s8">FRANCISCO GUTIERREZ PULIDO, PRESIDENTE</span><span class="s1"><br />
</span><span class="s8">JUAN JOSE ALVAREZ NUÑO, SECRETARIO</span><span class="s1"><br />
</span><span class="s8">AURELIO NUÑO GABRIEL, TESORERO</span></p>
<p><span class="s8">VOCALES</span></p>
<p><span class="s8">JUAN FRANCISCO BASULTO</span><span class="s1"><br />
</span><span class="s8">TERESA NUÑO</span><span class="s1"><br />
</span><span class="s8">MARTHA COVARRUBIAS</span><span class="s1"><br />
</span><span class="s8">DANIEL ARANA ROJAS</span></p>

<p>Galería Candelario Medrano Dirección: Hidalgo # 21 45400 Tonalá, México Teléfono: 01 33 3586 6000 ext. 1521 Correo electrónico: tonalamuseos@gmail.com</p>
