{"id":163,"date":"2015-10-29T17:46:56","date_gmt":"2015-10-29T17:46:56","guid":{"rendered":"http:\/\/tonala.gob.mx\/portal\/?page_id=163"},"modified":"2017-01-09T12:41:00","modified_gmt":"2017-01-09T18:41:00","slug":"lugares-de-interes","status":"publish","type":"page","link":"https:\/\/tonala.gob.mx\/portal\/lugares-de-interes\/","title":{"rendered":"Lugares de Inter\u00e9s"},"content":{"rendered":"<p>&nbsp;<\/p>\n<p><img fetchpriority=\"high\" decoding=\"async\" class=\"alignleft wp-image-7806 size-medium\" src=\"https:\/\/tonala.gob.mx\/portal\/wp-content\/uploads\/2015\/10\/Cerro_Re-300x200.jpg\" alt=\"cerro_re\" width=\"300\" height=\"200\" srcset=\"https:\/\/tonala.gob.mx\/portal\/wp-content\/uploads\/2015\/10\/Cerro_Re-300x200.jpg 300w, https:\/\/tonala.gob.mx\/portal\/wp-content\/uploads\/2015\/10\/Cerro_Re.jpg 324w\" sizes=\"(max-width: 300px) 100vw, 300px\" \/><\/p>\n<p><strong>CERRO DE LA REINA.<\/strong><\/p>\n<p style=\"text-align: justify;\">Lugar de tradiciones, leyendas e historia, ideal para la meditaci\u00f3n y la observaci\u00f3n, ya que est\u00e1 considerado como un observatorio natural desde el cual se aprecia un\u00a0 hermoso panorama de los cuatro puntos cardinales.<\/p>\n<p><a href=\"https:\/\/tonala.gob.mx\/portal\/cerro-de-la-reina\/\">Leer m\u00e1s&#8230;<\/a><\/p>\n<p>&nbsp;<\/p>\n<p>&nbsp;<\/p>\n<p><b><img decoding=\"async\" class=\"alignleft wp-image-7807 size-medium\" src=\"https:\/\/tonala.gob.mx\/portal\/wp-content\/uploads\/2015\/10\/Santo_San-300x200.jpg\" alt=\"santo_san\" width=\"300\" height=\"200\" srcset=\"https:\/\/tonala.gob.mx\/portal\/wp-content\/uploads\/2015\/10\/Santo_San-300x200.jpg 300w, https:\/\/tonala.gob.mx\/portal\/wp-content\/uploads\/2015\/10\/Santo_San.jpg 324w\" sizes=\"(max-width: 300px) 100vw, 300px\" \/><\/b><\/p>\n<p><b>PARROQUIA DE SANTIAGO AP\u00d3STOL<\/b><\/p>\n<p style=\"text-align: justify;\">Localizado en la calle Pino Su\u00e1rez esquina Pedro Moreno, fue el segundo templo construido en el Valle de Atemajac, el cual data del siglo XVII. Sin duda alguna es de las construcciones sacras m\u00e1s bellas y m\u00e1s antiguas de Tonal\u00e1 y del estado de Jalisco, representando la arquitectura religiosa de la \u00e9poca colonial.<\/p>\n<p><a href=\"https:\/\/tonala.gob.mx\/portal\/parroquia-de-santiago-apostol\/\">Leer m\u00e1s&#8230;<\/a><\/p>\n<p>&nbsp;<\/p>\n<p><b><img decoding=\"async\" class=\"alignleft wp-image-7808 size-medium\" src=\"https:\/\/tonala.gob.mx\/portal\/wp-content\/uploads\/2015\/10\/Exconv_agu-300x200.jpg\" alt=\"exconv_agu\" width=\"300\" height=\"200\" srcset=\"https:\/\/tonala.gob.mx\/portal\/wp-content\/uploads\/2015\/10\/Exconv_agu-300x200.jpg 300w, https:\/\/tonala.gob.mx\/portal\/wp-content\/uploads\/2015\/10\/Exconv_agu.jpg 324w\" sizes=\"(max-width: 300px) 100vw, 300px\" \/>EXCONVENTO DE LOS AGUSTINOS<\/b><\/p>\n<p style=\"text-align: justify;\">Ubicado a un costado de la Parroquia de Santo Santiago, construido a la par del templo parroquial, el patio del claustro esta formado por arcos de medio punto dovelados, apoyados en columnas de capitel d\u00f3rico. En la parte superior se observan g\u00e1rgolas con figuras de animales y humanas.<\/p>\n<p>&nbsp;<\/p>\n<p>&nbsp;<\/p>\n<p><b><img loading=\"lazy\" decoding=\"async\" class=\"alignleft wp-image-7811 size-medium\" src=\"https:\/\/tonala.gob.mx\/portal\/wp-content\/uploads\/2015\/10\/Santuario-1-300x200.jpg\" alt=\"santuario\" width=\"300\" height=\"200\" srcset=\"https:\/\/tonala.gob.mx\/portal\/wp-content\/uploads\/2015\/10\/Santuario-1-300x200.jpg 300w, https:\/\/tonala.gob.mx\/portal\/wp-content\/uploads\/2015\/10\/Santuario-1.jpg 324w\" sizes=\"(max-width: 300px) 100vw, 300px\" \/>SANTUARIO DEL SAGRADO CORAZ\u00d3N.<\/b><\/p>\n<p style=\"text-align: justify;\">Localizado enfrente de la plaza principal, su arquitectura es renacentista en el interior y neog\u00f3tica en el exterior. Tiene al frente un amplio atrio, al cual se ingresa por un arco apuntado desde donde se aprecian sus tres tradicionales torrecillas.<\/p>\n<p><a href=\"https:\/\/tonala.gob.mx\/portal\/santuario-del-sagrado-corazon\/\">Leer m\u00e1s&#8230;<\/a><\/p>\n<p>&nbsp;<\/p>\n<p>&nbsp;<\/p>\n<p><b><img loading=\"lazy\" decoding=\"async\" class=\"alignleft wp-image-7812 size-medium\" src=\"https:\/\/tonala.gob.mx\/portal\/wp-content\/uploads\/2015\/10\/Presidencia-300x200.jpg\" alt=\"presidencia\" width=\"300\" height=\"200\" srcset=\"https:\/\/tonala.gob.mx\/portal\/wp-content\/uploads\/2015\/10\/Presidencia-300x200.jpg 300w, https:\/\/tonala.gob.mx\/portal\/wp-content\/uploads\/2015\/10\/Presidencia.jpg 324w\" sizes=\"(max-width: 300px) 100vw, 300px\" \/><\/b><b>PALACIO MUNICIPAL\u00a0<\/b><b><br \/>\n<\/b><\/p>\n<p style=\"text-align: justify;\">Palacio Municipal data del siglo XIX; a trav\u00e9s del tiempo ha tenido 4 remodelaciones, siendo la \u00faltima durante la administraci\u00f3n 1992- 1995, con la construcci\u00f3n de los portales de la entrada a Palacio.<\/p>\n<p><a href=\"https:\/\/tonala.gob.mx\/portal\/palacio-municipal\">Leer m\u00e1s&#8230;<\/a><\/p>\n<p>&nbsp;<\/p>\n<p>&nbsp;<\/p>\n<p><b><img loading=\"lazy\" decoding=\"async\" class=\"wp-image-2469 size-medium alignleft\" src=\"https:\/\/tonala.gob.mx\/portal\/wp-content\/uploads\/2015\/10\/Capilla_Cruz_Blanca-300x206.jpg\" alt=\"Capilla_Cruz_Blanca\" width=\"300\" height=\"206\" srcset=\"https:\/\/tonala.gob.mx\/portal\/wp-content\/uploads\/2015\/10\/Capilla_Cruz_Blanca-300x206.jpg 300w, https:\/\/tonala.gob.mx\/portal\/wp-content\/uploads\/2015\/10\/Capilla_Cruz_Blanca-130x90.jpg 130w, https:\/\/tonala.gob.mx\/portal\/wp-content\/uploads\/2015\/10\/Capilla_Cruz_Blanca.jpg 353w\" sizes=\"(max-width: 300px) 100vw, 300px\" \/>CAPILLA DE LA CRUZ BLANCA<\/b><\/p>\n<p style=\"text-align: justify;\">Monumento edificado para conmemorar seg\u00fan la tradici\u00f3n hist\u00f3rica, el inicio de la evangelizaci\u00f3n del Valle de Atemajac el 25 de Marzo de 1530 y la celebraci\u00f3n de la primera misa en el Occidente de M\u00e9xico, llamado la Nueva Galicia.<\/p>\n<p><a href=\"https:\/\/tonala.gob.mx\/portal\/capilla-de-la-cruz-blanca\">Leer m\u00e1s&#8230;<\/a><\/p>\n<p>&nbsp;<\/p>\n<p>&nbsp;<\/p>\n<p><b><img loading=\"lazy\" decoding=\"async\" class=\"wp-image-7813 size-medium alignleft\" src=\"https:\/\/tonala.gob.mx\/portal\/wp-content\/uploads\/2015\/10\/Plaza_Cihualpilli-1-300x200.jpg\" alt=\"plaza_cihualpilli\" width=\"300\" height=\"200\" srcset=\"https:\/\/tonala.gob.mx\/portal\/wp-content\/uploads\/2015\/10\/Plaza_Cihualpilli-1-300x200.jpg 300w, https:\/\/tonala.gob.mx\/portal\/wp-content\/uploads\/2015\/10\/Plaza_Cihualpilli-1.jpg 324w\" sizes=\"(max-width: 300px) 100vw, 300px\" \/>PLAZA CIHUALPILLI<\/b><\/p>\n<p style=\"text-align: justify;\">Su nombre se da en honor a la reina Cihualpilli en 1999; antiguamente llamada Plaza Municipal, durante la administraci\u00f3n del presidente Lic. Jorge Arana Arana, y desde entonces se instituye con este nombre. Este lugar se engalana con dos interesantes monumentos; su kiosco de cantera y la escultura de bronce de la Cihualpilli Guerrera.<br \/>\n<a href=\"https:\/\/tonala.gob.mx\/portal\/plaza-cihualpilli\">Leer m\u00e1s&#8230;<\/a><\/p>\n<p>&nbsp;<\/p>\n<p><b><img loading=\"lazy\" decoding=\"async\" class=\"alignleft wp-image-7814 size-medium\" src=\"https:\/\/tonala.gob.mx\/portal\/wp-content\/uploads\/2015\/10\/Puente_Grande-1-300x200.jpg\" alt=\"puente_grande\" width=\"300\" height=\"200\" srcset=\"https:\/\/tonala.gob.mx\/portal\/wp-content\/uploads\/2015\/10\/Puente_Grande-1-300x200.jpg 300w, https:\/\/tonala.gob.mx\/portal\/wp-content\/uploads\/2015\/10\/Puente_Grande-1.jpg 324w\" sizes=\"(max-width: 300px) 100vw, 300px\" \/>PUENTE GRANDE<\/b><\/p>\n<p style=\"text-align: justify;\">Delegaci\u00f3n localizada al sur del municipio y al norte con el R\u00edo Santiago, siendo un pueblo pintoresco lleno de construcciones antiguas y monumentos hist\u00f3ricos que hacen resaltar la imaginaci\u00f3n y adentrarnos a la historia,\u00a0 as\u00ed como la transformaci\u00f3n y evoluci\u00f3n de Tonal\u00e1.<\/p>\n<p><a href=\"https:\/\/tonala.gob.mx\/portal\/delegacion-puente-grande\">Leer m\u00e1s&#8230;<\/a><\/p>\n<p>&nbsp;<\/p>\n<p><b><img loading=\"lazy\" decoding=\"async\" class=\"wp-image-7815 size-medium alignleft\" src=\"https:\/\/tonala.gob.mx\/portal\/wp-content\/uploads\/2015\/10\/Tololotlan-1-300x200.jpg\" alt=\"tololotlan\" width=\"300\" height=\"200\" srcset=\"https:\/\/tonala.gob.mx\/portal\/wp-content\/uploads\/2015\/10\/Tololotlan-1-300x200.jpg 300w, https:\/\/tonala.gob.mx\/portal\/wp-content\/uploads\/2015\/10\/Tololotlan-1.jpg 324w\" sizes=\"(max-width: 300px) 100vw, 300px\" \/>DELEGACI\u00d3N DE TOLOLOTL\u00c1N<\/b><\/p>\n<p style=\"text-align: justify;\">Pueblo ind\u00edgena que su nombre significa \u201cLugar donde se venera al Dios Ventrudo\u201d, ubicado en las inmediaciones de la ciudad de Guadalajara en el margen del R\u00edo Santiago. Con la llegada de los franciscanos en 1531, se inici\u00f3 la ense\u00f1anza cat\u00f3lica, siendo Tololotl\u00e1n el primer pueblo en recibirlo.<\/p>\n<p><a href=\"https:\/\/tonala.gob.mx\/portal\/delegacion-tololotlan\">Leer m\u00e1s&#8230;<\/a><\/p>\n<p>&nbsp;<\/p>\n<p><b><img loading=\"lazy\" decoding=\"async\" class=\"wp-image-7816 size-medium alignleft\" src=\"https:\/\/tonala.gob.mx\/portal\/wp-content\/uploads\/2015\/10\/Rosario-1-300x200.jpg\" alt=\"rosario\" width=\"300\" height=\"200\" srcset=\"https:\/\/tonala.gob.mx\/portal\/wp-content\/uploads\/2015\/10\/Rosario-1-300x200.jpg 300w, https:\/\/tonala.gob.mx\/portal\/wp-content\/uploads\/2015\/10\/Rosario-1.jpg 324w\" sizes=\"(max-width: 300px) 100vw, 300px\" \/>DELEGACI\u00d3N DEL ROSARIO<\/b><\/p>\n<p style=\"text-align: justify;\">Pueblo lleno de tradici\u00f3n, costumbres y artesan\u00eda, en donde alberga un legado que a pasado de generaci\u00f3n en generaci\u00f3n, a trav\u00e9s de sus manos que transforman hermosas obras de arte en la t\u00e9cnica de BARRO CANELO, tambi\u00e9n conocida como loza de olor. Su nombre viene por sus colores que semejan a la canela al momento de su cocimiento. La delegaci\u00f3n del Rosario es una de las m\u00e1s antiguas de Tonal\u00e1.<br \/>\n<a href=\"https:\/\/tonala.gob.mx\/portal\/delegacion-del-rosario\">Leer m\u00e1s&#8230;<\/a><\/p>\n<p>&nbsp;<\/p>\n<p><b><img loading=\"lazy\" decoding=\"async\" class=\"alignleft wp-image-2488 size-medium\" src=\"https:\/\/tonala.gob.mx\/portal\/wp-content\/uploads\/2015\/10\/Santa_Cruz-300x201.jpg\" alt=\"Santa_Cruz\" width=\"300\" height=\"201\" srcset=\"https:\/\/tonala.gob.mx\/portal\/wp-content\/uploads\/2015\/10\/Santa_Cruz-300x201.jpg 300w, https:\/\/tonala.gob.mx\/portal\/wp-content\/uploads\/2015\/10\/Santa_Cruz.jpg 359w\" sizes=\"(max-width: 300px) 100vw, 300px\" \/>DELEGACI\u00d3N DE SANTA CRUZ DE LAS HUERTAS<\/b><\/p>\n<p style=\"text-align: justify;\">Lugar en donde las manos m\u00e1gicas de sus artesanos reflejan la esencia e imaginaci\u00f3n a trav\u00e9s de sus bellas obras con caracter\u00edsticas zoomorfas que se realizan en la t\u00e9cnica de Barro Betus. Considerado como uno de los pueblos m\u00e1s antiguos de Tonal\u00e1, anteriormente se llamaba Las Huertas.<\/p>\n<p><a href=\"https:\/\/tonala.gob.mx\/portal\/delegacion-de-santa-cruz-de-las-huertas\/\">Leer m\u00e1s&#8230;<\/a><\/p>\n<p>&nbsp;<\/p>\n<p>&nbsp;<\/p>\n","protected":false},"excerpt":{"rendered":"<p>&nbsp; CERRO DE LA REINA. Lugar de tradiciones, leyendas e historia, ideal para la meditaci\u00f3n y la observaci\u00f3n, ya que<\/p>\n","protected":false},"author":1,"featured_media":0,"parent":0,"menu_order":0,"comment_status":"closed","ping_status":"closed","template":"","meta":{"colormag_page_container_layout":"no_sidebar_full_width","colormag_page_sidebar_layout":"right_sidebar","footnotes":""},"class_list":["post-163","page","type-page","status-publish","hentry"],"_links":{"self":[{"href":"https:\/\/tonala.gob.mx\/portal\/wp-json\/wp\/v2\/pages\/163","targetHints":{"allow":["GET"]}}],"collection":[{"href":"https:\/\/tonala.gob.mx\/portal\/wp-json\/wp\/v2\/pages"}],"about":[{"href":"https:\/\/tonala.gob.mx\/portal\/wp-json\/wp\/v2\/types\/page"}],"author":[{"embeddable":true,"href":"https:\/\/tonala.gob.mx\/portal\/wp-json\/wp\/v2\/users\/1"}],"replies":[{"embeddable":true,"href":"https:\/\/tonala.gob.mx\/portal\/wp-json\/wp\/v2\/comments?post=163"}],"version-history":[{"count":23,"href":"https:\/\/tonala.gob.mx\/portal\/wp-json\/wp\/v2\/pages\/163\/revisions"}],"predecessor-version":[{"id":8372,"href":"https:\/\/tonala.gob.mx\/portal\/wp-json\/wp\/v2\/pages\/163\/revisions\/8372"}],"wp:attachment":[{"href":"https:\/\/tonala.gob.mx\/portal\/wp-json\/wp\/v2\/media?parent=163"}],"curies":[{"name":"wp","href":"https:\/\/api.w.org\/{rel}","templated":true}]}}

Lugares de Interés

<p>&nbsp;</p>
<p><img fetchpriority="high" decoding="async" class="alignleft wp-image-7806 size-medium" src="https://tonala.gob.mx/portal/wp-content/uploads/2015/10/Cerro_Re-300x200.jpg" alt="cerro_re" width="300" height="200" srcset="https://tonala.gob.mx/portal/wp-content/uploads/2015/10/Cerro_Re-300x200.jpg 300w, https://tonala.gob.mx/portal/wp-content/uploads/2015/10/Cerro_Re.jpg 324w" sizes="(max-width: 300px) 100vw, 300px" /></p>
<p><strong>CERRO DE LA REINA.</strong></p>
<p style="text-align: justify;">Lugar de tradiciones, leyendas e historia, ideal para la meditación y la observación, ya que está considerado como un observatorio natural desde el cual se aprecia un  hermoso panorama de los cuatro puntos cardinales.</p>
<p><a href="https://tonala.gob.mx/portal/cerro-de-la-reina/">Leer más&#8230;</a></p>
<p>&nbsp;</p>
<p>&nbsp;</p>
<p><b><img decoding="async" class="alignleft wp-image-7807 size-medium" src="https://tonala.gob.mx/portal/wp-content/uploads/2015/10/Santo_San-300x200.jpg" alt="santo_san" width="300" height="200" srcset="https://tonala.gob.mx/portal/wp-content/uploads/2015/10/Santo_San-300x200.jpg 300w, https://tonala.gob.mx/portal/wp-content/uploads/2015/10/Santo_San.jpg 324w" sizes="(max-width: 300px) 100vw, 300px" /></b></p>
<p><b>PARROQUIA DE SANTIAGO APÓSTOL</b></p>
<p style="text-align: justify;">Localizado en la calle Pino Suárez esquina Pedro Moreno, fue el segundo templo construido en el Valle de Atemajac, el cual data del siglo XVII. Sin duda alguna es de las construcciones sacras más bellas y más antiguas de Tonalá y del estado de Jalisco, representando la arquitectura religiosa de la época colonial.</p>
<p><a href="https://tonala.gob.mx/portal/parroquia-de-santiago-apostol/">Leer más&#8230;</a></p>
<p>&nbsp;</p>
<p><b><img decoding="async" class="alignleft wp-image-7808 size-medium" src="https://tonala.gob.mx/portal/wp-content/uploads/2015/10/Exconv_agu-300x200.jpg" alt="exconv_agu" width="300" height="200" srcset="https://tonala.gob.mx/portal/wp-content/uploads/2015/10/Exconv_agu-300x200.jpg 300w, https://tonala.gob.mx/portal/wp-content/uploads/2015/10/Exconv_agu.jpg 324w" sizes="(max-width: 300px) 100vw, 300px" />EXCONVENTO DE LOS AGUSTINOS</b></p>
<p style="text-align: justify;">Ubicado a un costado de la Parroquia de Santo Santiago, construido a la par del templo parroquial, el patio del claustro esta formado por arcos de medio punto dovelados, apoyados en columnas de capitel dórico. En la parte superior se observan gárgolas con figuras de animales y humanas.</p>
<p>&nbsp;</p>
<p>&nbsp;</p>
<p><b><img loading="lazy" decoding="async" class="alignleft wp-image-7811 size-medium" src="https://tonala.gob.mx/portal/wp-content/uploads/2015/10/Santuario-1-300x200.jpg" alt="santuario" width="300" height="200" srcset="https://tonala.gob.mx/portal/wp-content/uploads/2015/10/Santuario-1-300x200.jpg 300w, https://tonala.gob.mx/portal/wp-content/uploads/2015/10/Santuario-1.jpg 324w" sizes="(max-width: 300px) 100vw, 300px" />SANTUARIO DEL SAGRADO CORAZÓN.</b></p>
<p style="text-align: justify;">Localizado enfrente de la plaza principal, su arquitectura es renacentista en el interior y neogótica en el exterior. Tiene al frente un amplio atrio, al cual se ingresa por un arco apuntado desde donde se aprecian sus tres tradicionales torrecillas.</p>
<p><a href="https://tonala.gob.mx/portal/santuario-del-sagrado-corazon/">Leer más&#8230;</a></p>
<p>&nbsp;</p>
<p>&nbsp;</p>
<p><b><img loading="lazy" decoding="async" class="alignleft wp-image-7812 size-medium" src="https://tonala.gob.mx/portal/wp-content/uploads/2015/10/Presidencia-300x200.jpg" alt="presidencia" width="300" height="200" srcset="https://tonala.gob.mx/portal/wp-content/uploads/2015/10/Presidencia-300x200.jpg 300w, https://tonala.gob.mx/portal/wp-content/uploads/2015/10/Presidencia.jpg 324w" sizes="(max-width: 300px) 100vw, 300px" /></b><b>PALACIO MUNICIPAL </b><b><br />
</b></p>
<p style="text-align: justify;">Palacio Municipal data del siglo XIX; a través del tiempo ha tenido 4 remodelaciones, siendo la última durante la administración 1992- 1995, con la construcción de los portales de la entrada a Palacio.</p>
<p><a href="https://tonala.gob.mx/portal/palacio-municipal">Leer más&#8230;</a></p>
<p>&nbsp;</p>
<p>&nbsp;</p>
<p><b><img loading="lazy" decoding="async" class="wp-image-2469 size-medium alignleft" src="https://tonala.gob.mx/portal/wp-content/uploads/2015/10/Capilla_Cruz_Blanca-300x206.jpg" alt="Capilla_Cruz_Blanca" width="300" height="206" srcset="https://tonala.gob.mx/portal/wp-content/uploads/2015/10/Capilla_Cruz_Blanca-300x206.jpg 300w, https://tonala.gob.mx/portal/wp-content/uploads/2015/10/Capilla_Cruz_Blanca-130x90.jpg 130w, https://tonala.gob.mx/portal/wp-content/uploads/2015/10/Capilla_Cruz_Blanca.jpg 353w" sizes="(max-width: 300px) 100vw, 300px" />CAPILLA DE LA CRUZ BLANCA</b></p>
<p style="text-align: justify;">Monumento edificado para conmemorar según la tradición histórica, el inicio de la evangelización del Valle de Atemajac el 25 de Marzo de 1530 y la celebración de la primera misa en el Occidente de México, llamado la Nueva Galicia.</p>
<p><a href="https://tonala.gob.mx/portal/capilla-de-la-cruz-blanca">Leer más&#8230;</a></p>
<p>&nbsp;</p>
<p>&nbsp;</p>
<p><b><img loading="lazy" decoding="async" class="wp-image-7813 size-medium alignleft" src="https://tonala.gob.mx/portal/wp-content/uploads/2015/10/Plaza_Cihualpilli-1-300x200.jpg" alt="plaza_cihualpilli" width="300" height="200" srcset="https://tonala.gob.mx/portal/wp-content/uploads/2015/10/Plaza_Cihualpilli-1-300x200.jpg 300w, https://tonala.gob.mx/portal/wp-content/uploads/2015/10/Plaza_Cihualpilli-1.jpg 324w" sizes="(max-width: 300px) 100vw, 300px" />PLAZA CIHUALPILLI</b></p>
<p style="text-align: justify;">Su nombre se da en honor a la reina Cihualpilli en 1999; antiguamente llamada Plaza Municipal, durante la administración del presidente Lic. Jorge Arana Arana, y desde entonces se instituye con este nombre. Este lugar se engalana con dos interesantes monumentos; su kiosco de cantera y la escultura de bronce de la Cihualpilli Guerrera.<br />
<a href="https://tonala.gob.mx/portal/plaza-cihualpilli">Leer más&#8230;</a></p>
<p>&nbsp;</p>
<p><b><img loading="lazy" decoding="async" class="alignleft wp-image-7814 size-medium" src="https://tonala.gob.mx/portal/wp-content/uploads/2015/10/Puente_Grande-1-300x200.jpg" alt="puente_grande" width="300" height="200" srcset="https://tonala.gob.mx/portal/wp-content/uploads/2015/10/Puente_Grande-1-300x200.jpg 300w, https://tonala.gob.mx/portal/wp-content/uploads/2015/10/Puente_Grande-1.jpg 324w" sizes="(max-width: 300px) 100vw, 300px" />PUENTE GRANDE</b></p>
<p style="text-align: justify;">Delegación localizada al sur del municipio y al norte con el Río Santiago, siendo un pueblo pintoresco lleno de construcciones antiguas y monumentos históricos que hacen resaltar la imaginación y adentrarnos a la historia,  así como la transformación y evolución de Tonalá.</p>
<p><a href="https://tonala.gob.mx/portal/delegacion-puente-grande">Leer más&#8230;</a></p>
<p>&nbsp;</p>
<p><b><img loading="lazy" decoding="async" class="wp-image-7815 size-medium alignleft" src="https://tonala.gob.mx/portal/wp-content/uploads/2015/10/Tololotlan-1-300x200.jpg" alt="tololotlan" width="300" height="200" srcset="https://tonala.gob.mx/portal/wp-content/uploads/2015/10/Tololotlan-1-300x200.jpg 300w, https://tonala.gob.mx/portal/wp-content/uploads/2015/10/Tololotlan-1.jpg 324w" sizes="(max-width: 300px) 100vw, 300px" />DELEGACIÓN DE TOLOLOTLÁN</b></p>
<p style="text-align: justify;">Pueblo indígena que su nombre significa “Lugar donde se venera al Dios Ventrudo”, ubicado en las inmediaciones de la ciudad de Guadalajara en el margen del Río Santiago. Con la llegada de los franciscanos en 1531, se inició la enseñanza católica, siendo Tololotlán el primer pueblo en recibirlo.</p>
<p><a href="https://tonala.gob.mx/portal/delegacion-tololotlan">Leer más&#8230;</a></p>
<p>&nbsp;</p>
<p><b><img loading="lazy" decoding="async" class="wp-image-7816 size-medium alignleft" src="https://tonala.gob.mx/portal/wp-content/uploads/2015/10/Rosario-1-300x200.jpg" alt="rosario" width="300" height="200" srcset="https://tonala.gob.mx/portal/wp-content/uploads/2015/10/Rosario-1-300x200.jpg 300w, https://tonala.gob.mx/portal/wp-content/uploads/2015/10/Rosario-1.jpg 324w" sizes="(max-width: 300px) 100vw, 300px" />DELEGACIÓN DEL ROSARIO</b></p>
<p style="text-align: justify;">Pueblo lleno de tradición, costumbres y artesanía, en donde alberga un legado que a pasado de generación en generación, a través de sus manos que transforman hermosas obras de arte en la técnica de BARRO CANELO, también conocida como loza de olor. Su nombre viene por sus colores que semejan a la canela al momento de su cocimiento. La delegación del Rosario es una de las más antiguas de Tonalá.<br />
<a href="https://tonala.gob.mx/portal/delegacion-del-rosario">Leer más&#8230;</a></p>
<p>&nbsp;</p>
<p><b><img loading="lazy" decoding="async" class="alignleft wp-image-2488 size-medium" src="https://tonala.gob.mx/portal/wp-content/uploads/2015/10/Santa_Cruz-300x201.jpg" alt="Santa_Cruz" width="300" height="201" srcset="https://tonala.gob.mx/portal/wp-content/uploads/2015/10/Santa_Cruz-300x201.jpg 300w, https://tonala.gob.mx/portal/wp-content/uploads/2015/10/Santa_Cruz.jpg 359w" sizes="(max-width: 300px) 100vw, 300px" />DELEGACIÓN DE SANTA CRUZ DE LAS HUERTAS</b></p>
<p style="text-align: justify;">Lugar en donde las manos mágicas de sus artesanos reflejan la esencia e imaginación a través de sus bellas obras con características zoomorfas que se realizan en la técnica de Barro Betus. Considerado como uno de los pueblos más antiguos de Tonalá, anteriormente se llamaba Las Huertas.</p>
<p><a href="https://tonala.gob.mx/portal/delegacion-de-santa-cruz-de-las-huertas/">Leer más&#8230;</a></p>
<p>&nbsp;</p>
<p>&nbsp;</p>

<p>&nbsp; CERRO DE LA REINA. Lugar de tradiciones, leyendas e historia, ideal para la meditación y la observación, ya que</p>
