{"id":138,"date":"2015-10-29T16:39:04","date_gmt":"2015-10-29T16:39:04","guid":{"rendered":"http:\/\/tonala.gob.mx\/portal\/?page_id=138"},"modified":"2017-03-20T17:17:43","modified_gmt":"2017-03-20T23:17:43","slug":"c-gabriel-castellanos-valencia","status":"publish","type":"page","link":"https:\/\/tonala.gob.mx\/portal\/c-gabriel-castellanos-valencia\/","title":{"rendered":"C. Gabriel Castellanos Valencia"},"content":{"rendered":"<table border=\"0\" width=\"700\" align=\"center\">\n<tbody>\n<tr>\n<td valign=\"top\" width=\"40%\">\n<table border=\"0\" width=\"100%\">\n<tbody>\n<tr>\n<td><img decoding=\"async\" src=\"https:\/\/tonala.gob.mx\/portal\/wp-content\/uploads\/2015\/10\/11.jpg\" alt=\"\" width=\"250\" height=\"100%\" \/><\/td>\n<\/tr>\n<tr>\n<td style=\"text-align: center;\">35 86 6000 EXT. 1024 \/ 1025<br \/>\n<a href=\"mailto:regidor.gabriel@tonala.gob.mx\">regidor.gabriel@tonala.gob.mx<\/a><\/td>\n<\/tr>\n<tr>\n<td style=\"text-align: center;\">\u00a0<a href=\"http:\/\/www.tonala.gob.mx\/portal\/assets\/cv-tonala-gabriel--castellanos-valencia.pdf\">Curr\u00edculo<\/a><\/p>\n<p><a href=\"https:\/\/tonala.gob.mx\/portal\/wp-content\/uploads\/2016\/06\/GABRIEL-F.pdf\"><span style=\"color: #333333;\">STAFF<\/span><\/a><\/p>\n<p>[expand title=\u00bbCOMISIONES\u00bb]<\/p>\n<p><a href=\"https:\/\/tonala.gob.mx\/portal\/ecologia-saneamiento-y-accion-contra-contaminacion\/\">Ecolog\u00eda, Saneamiento y\u00a0Acci\u00f3n Contra Contaminaci\u00f3n<\/a><br \/>\n<a href=\"https:\/\/tonala.gob.mx\/portal\/fomento-agropecuario-2\/\">Fomento Agropecuario<\/a><br \/>\n<a href=\"https:\/\/tonala.gob.mx\/portal\/prensa-y-difusion\/\">Prensa y Difusi\u00f3n<\/a><\/p>\n<p>[\/expand]<\/p>\n<p><a href=\"https:\/\/tonala.gob.mx\/portal\/agenda-oficial-regidor-gabriel-castellanos\/\">AGENDA<\/a><\/p>\n<p>VIAJES<\/p>\n<p>[expand title=\u00bb3de3&#8243;]<\/p>\n<p>3de3<\/p>\n<p>Declaraci\u00f3n Patrimonial<\/p>\n<p>Declaraci\u00f3n de intereses<\/p>\n<p>Declaraci\u00f3n Fiscal<\/p>\n<p>[\/expand]<\/p>\n<p>Actualizaci\u00f3n 20\/03\/2017<\/td>\n<\/tr>\n<\/tbody>\n<\/table>\n<\/td>\n<td align=\"center\" valign=\"top\" width=\"339\">\n<table border=\"0\" width=\"100%\">\n<tbody>\n<tr>\n<td><\/td>\n<\/tr>\n<tr>\n<td>\n<h6 style=\"text-align: center;\"><span style=\"font-size: 16px; font-weight: normal; line-height: 24px;\">REGIDOR<\/span><\/h6>\n<\/td>\n<\/tr>\n<tr>\n<td><\/td>\n<\/tr>\n<tr>\n<td valign=\"top\">Comisiones en las que participa:<\/p>\n<p>Presidente<\/p>\n<ul>\n<li>Ecolog\u00eda, Saneamiento y Acci\u00f3n Contra Contaminaci\u00f3n<\/li>\n<li>Fomento Agropecuario<\/li>\n<li>Prensa y Difusi\u00f3n<\/li>\n<\/ul>\n<p>Vocal<\/p>\n<ul>\n<li>Reglamentos<\/li>\n<li>Asuntos Metropolitanos<\/li>\n<li>Infraestructura, Servicios y Desarrollo Sustentable<\/li>\n<li>Educaci\u00f3n P\u00fablica<\/li>\n<li>Mercados y Centrales De Abasto<\/li>\n<li>Transparencia, Rendici\u00f3n De Cuentas y Combate a la Corrupci\u00f3n<\/li>\n<li>Administraci\u00f3n y Desarrollo Humano<\/li>\n<li>Alumbrado P\u00fablico<\/li>\n<li>Fomento y Desarrollo Econ\u00f3mico<\/li>\n<li>Participaci\u00f3n Ciudadana<\/li>\n<li>Nomenclatura, Calles y Calzadas<\/li>\n<li>Rastro y Servicios Complementarios<\/li>\n<li>Desarrollo Social<\/li>\n<li>Parques y Jardines<\/li>\n<li>Aseo P\u00fablico<\/li>\n<li>Salubridad e Higiene<\/li>\n<li>Hacienda<\/li>\n<li>Espect\u00e1culos P\u00fablicos<\/li>\n<\/ul>\n<p>&nbsp;<\/td>\n<\/tr>\n<\/tbody>\n<\/table>\n<\/td>\n<\/tr>\n<\/tbody>\n<\/table>\n","protected":false},"excerpt":{"rendered":"<p>35 86 6000 EXT. 1024 \/ 1025 regidor.gabriel@tonala.gob.mx \u00a0Curr\u00edculo STAFF [expand title=\u00bbCOMISIONES\u00bb] Ecolog\u00eda, Saneamiento y\u00a0Acci\u00f3n Contra Contaminaci\u00f3n Fomento Agropecuario Prensa<\/p>\n","protected":false},"author":1,"featured_media":0,"parent":0,"menu_order":0,"comment_status":"closed","ping_status":"closed","template":"","meta":{"colormag_page_container_layout":"no_sidebar_full_width","colormag_page_sidebar_layout":"right_sidebar","footnotes":""},"class_list":["post-138","page","type-page","status-publish","hentry"],"_links":{"self":[{"href":"https:\/\/tonala.gob.mx\/portal\/wp-json\/wp\/v2\/pages\/138","targetHints":{"allow":["GET"]}}],"collection":[{"href":"https:\/\/tonala.gob.mx\/portal\/wp-json\/wp\/v2\/pages"}],"about":[{"href":"https:\/\/tonala.gob.mx\/portal\/wp-json\/wp\/v2\/types\/page"}],"author":[{"embeddable":true,"href":"https:\/\/tonala.gob.mx\/portal\/wp-json\/wp\/v2\/users\/1"}],"replies":[{"embeddable":true,"href":"https:\/\/tonala.gob.mx\/portal\/wp-json\/wp\/v2\/comments?post=138"}],"version-history":[{"count":17,"href":"https:\/\/tonala.gob.mx\/portal\/wp-json\/wp\/v2\/pages\/138\/revisions"}],"predecessor-version":[{"id":9860,"href":"https:\/\/tonala.gob.mx\/portal\/wp-json\/wp\/v2\/pages\/138\/revisions\/9860"}],"wp:attachment":[{"href":"https:\/\/tonala.gob.mx\/portal\/wp-json\/wp\/v2\/media?parent=138"}],"curies":[{"name":"wp","href":"https:\/\/api.w.org\/{rel}","templated":true}]}}