{"id":128,"date":"2015-10-29T16:32:35","date_gmt":"2015-10-29T16:32:35","guid":{"rendered":"http:\/\/tonala.gob.mx\/portal\/?page_id=128"},"modified":"2017-03-20T16:31:56","modified_gmt":"2017-03-20T22:31:56","slug":"c-florentino-marquez-garcia","status":"publish","type":"page","link":"https:\/\/tonala.gob.mx\/portal\/c-florentino-marquez-garcia\/","title":{"rendered":"C. Florentino M\u00e1rquez Garc\u00eda"},"content":{"rendered":"<table border=\"0\" width=\"700\" align=\"center\">\n<tbody>\n<tr>\n<td valign=\"top\" width=\"40%\">\n<table border=\"0\" width=\"100%\">\n<tbody>\n<tr>\n<td><img decoding=\"async\" src=\"https:\/\/tonala.gob.mx\/portal\/wp-content\/uploads\/2015\/10\/4.jpg\" alt=\"\" width=\"250\" height=\"100%\" \/><\/td>\n<\/tr>\n<tr>\n<td style=\"text-align: center;\">35 86 6000 EXT. 1039 \/ 1047<br \/>\n<a href=\"mailto:regidor.florentino@tonala.gob.mx\">regidor.florentino@tonala.gob.mx<\/a><\/td>\n<\/tr>\n<tr>\n<td style=\"text-align: center;\">\u00a0<a href=\"http:\/\/www.tonala.gob.mx\/portal\/assets\/cv-tonala-florentino-marquez-garcia.pdf\">Curr\u00edculo<\/a><\/p>\n<p><a href=\"https:\/\/tonala.gob.mx\/portal\/wp-content\/uploads\/2016\/06\/FLORENTINO-F.pdf\"><span style=\"color: #333333;\">STAFF<\/span><\/a><\/p>\n<p>[expand title=\u00bbCOMISIONES\u00bb]<\/p>\n<p><span style=\"color: #333333;\"><a href=\"https:\/\/tonala.gob.mx\/portal\/comision-de-salubridad-e-higiene\/\">Salubridad e Higiene<\/a><br \/>\n<a href=\"https:\/\/tonala.gob.mx\/portal\/comision-de-nomenclaturas-calles-y-calzadas\/\">Nomenclatura, Calles y Calzadas<\/a><\/span><\/p>\n<p>[\/expand]<\/p>\n<p><a href=\"https:\/\/tonala.gob.mx\/portal\/agenda-oficial-florentino-marquez-garcia\/\">AGENDA<\/a><\/p>\n<p>VIAJES<\/p>\n<p>[expand title=\u00bb3de3&#8243;]<\/p>\n<p>3de3<\/p>\n<p><a href=\"https:\/\/tonala.gob.mx\/portal\/wp-content\/uploads\/2017\/02\/Florentino_declaracion_patrimonial.pdf\">Declaraci\u00f3n Patrimonial<\/a><\/p>\n<p><a href=\"https:\/\/tonala.gob.mx\/portal\/wp-content\/uploads\/2017\/02\/Florentino_declaracion_intereses.pdf\">Declaraci\u00f3n de intereses<\/a><\/p>\n<p><a href=\"https:\/\/tonala.gob.mx\/portal\/wp-content\/uploads\/2017\/02\/Florentino_constancia_fiscal.pdf\">Declaraci\u00f3n Fiscal<\/a><\/p>\n<p>[\/expand]<\/p>\n<p>Actualizaci\u00f3n 20\/03\/2017<\/td>\n<\/tr>\n<\/tbody>\n<\/table>\n<\/td>\n<td align=\"center\" valign=\"top\" width=\"339\">\n<table border=\"0\" width=\"100%\">\n<tbody>\n<tr>\n<td><\/td>\n<\/tr>\n<tr>\n<td>\n<h6 style=\"text-align: center;\"><span style=\"font-size: 16px; font-weight: normal; line-height: 24px;\">REGIDOR<\/span><\/h6>\n<\/td>\n<\/tr>\n<tr>\n<td><\/td>\n<\/tr>\n<tr>\n<td valign=\"top\">Comisiones en las que participa:<\/p>\n<p>Presidente<\/p>\n<ul>\n<li>Salubridad e Higiene<\/li>\n<li>Nomenclatura, Calles y Calzadas<\/li>\n<\/ul>\n<p>Vocal<\/p>\n<ul>\n<li>Asuntos Metropolitanos<\/li>\n<li>Reglamentos<\/li>\n<li>Hacienda<\/li>\n<li>Festividades C\u00edvicas y Cr\u00f3nicas Municipales<\/li>\n<li>Inspecci\u00f3n y Vigilancia<\/li>\n<li>Espect\u00e1culos P\u00fablicos<\/li>\n<li>Igualdad de G\u00e9nero y Asuntos Ind\u00edgenas<\/li>\n<li>Reclusorios<\/li>\n<li>Promoci\u00f3n Cultural<\/li>\n<li>Participaci\u00f3n Ciudadana<\/li>\n<li>Asuntos de la Ni\u00f1ez<\/li>\n<li>Fomento Agropecuario<\/li>\n<li>Infraestructura, Servicios y Desarrollo Sustentable<\/li>\n<li>Protecci\u00f3n Civil<\/li>\n<li>Ecolog\u00eda, Saneamiento y Acci\u00f3n Contra Contaminaci\u00f3n<\/li>\n<\/ul>\n<p>&nbsp;<\/td>\n<\/tr>\n<\/tbody>\n<\/table>\n<\/td>\n<\/tr>\n<\/tbody>\n<\/table>\n","protected":false},"excerpt":{"rendered":"<p>35 86 6000 EXT. 1039 \/ 1047 regidor.florentino@tonala.gob.mx \u00a0Curr\u00edculo STAFF [expand title=\u00bbCOMISIONES\u00bb] Salubridad e Higiene Nomenclatura, Calles y Calzadas [\/expand]<\/p>\n","protected":false},"author":1,"featured_media":0,"parent":0,"menu_order":0,"comment_status":"closed","ping_status":"closed","template":"","meta":{"colormag_page_container_layout":"no_sidebar_full_width","colormag_page_sidebar_layout":"right_sidebar","footnotes":""},"class_list":["post-128","page","type-page","status-publish","hentry"],"_links":{"self":[{"href":"https:\/\/tonala.gob.mx\/portal\/wp-json\/wp\/v2\/pages\/128","targetHints":{"allow":["GET"]}}],"collection":[{"href":"https:\/\/tonala.gob.mx\/portal\/wp-json\/wp\/v2\/pages"}],"about":[{"href":"https:\/\/tonala.gob.mx\/portal\/wp-json\/wp\/v2\/types\/page"}],"author":[{"embeddable":true,"href":"https:\/\/tonala.gob.mx\/portal\/wp-json\/wp\/v2\/users\/1"}],"replies":[{"embeddable":true,"href":"https:\/\/tonala.gob.mx\/portal\/wp-json\/wp\/v2\/comments?post=128"}],"version-history":[{"count":18,"href":"https:\/\/tonala.gob.mx\/portal\/wp-json\/wp\/v2\/pages\/128\/revisions"}],"predecessor-version":[{"id":9848,"href":"https:\/\/tonala.gob.mx\/portal\/wp-json\/wp\/v2\/pages\/128\/revisions\/9848"}],"wp:attachment":[{"href":"https:\/\/tonala.gob.mx\/portal\/wp-json\/wp\/v2\/media?parent=128"}],"curies":[{"name":"wp","href":"https:\/\/api.w.org\/{rel}","templated":true}]}}